HEX
Server: LiteSpeed
System: Linux s1321.sgp1.mysecurecloudhost.com 4.18.0-513.11.1.lve.el8.x86_64 #1 SMP Thu Jan 18 16:21:02 UTC 2024 x86_64
User: usas (2047)
PHP: 8.2.32
Disabled: NONE
Upload Files
File: /home/usas/access-logs/lakepointschool.usas.in-ssl_log
192.250.235.43 - - [06/Aug/2026:14:05:50 +0000] "POST /wp-cron.php?doing_wp_cron=1786025150.1262550354003906250000 HTTP/1.1" 200 0 "-" "WordPress/7.0.2; https://lakepointschool.usas.in"
74.7.228.61 - - [06/Aug/2026:14:05:48 +0000] "GET /robots.txt HTTP/2" 200 103 "-" "Mozilla/5.0 (Macintosh; Intel Mac OS X 10_15_7) AppleWebKit/537.36 (KHTML, like Gecko) Chrome/131.0.0.0 Safari/537.36; compatible; OAI-SearchBot/1.4; robots.txt; +https://openai.com/searchbot"
74.7.241.14 - - [06/Aug/2026:14:05:48 +0000] "GET /wp-sitemap.xml HTTP/2" 200 197 "-" "Mozilla/5.0 AppleWebKit/537.36 (KHTML, like Gecko; compatible; GPTBot/1.4; +https://openai.com/gptbot)"
192.250.235.43 - - [06/Aug/2026:14:06:49 +0000] "GET / HTTP/1.1" 200 135141 "-" "-"
192.250.235.43 - - [06/Aug/2026:14:05:49 +0000] "POST /wp-cron.php?doing_wp_cron=1786025149.6698069572448730468750 HTTP/1.1" 200 0 "-" "WordPress/7.0.2; https://lakepointschool.usas.in"
192.250.235.43 - - [06/Aug/2026:14:05:49 +0000] "POST /wp-cron.php?doing_wp_cron=1786025149.6695160865783691406250 HTTP/1.1" 200 0 "-" "WordPress/7.0.2; https://lakepointschool.usas.in"
192.250.235.43 - - [06/Aug/2026:14:05:50 +0000] "POST /wp-cron.php?doing_wp_cron=1786025150.1260728836059570312500 HTTP/1.1" 200 0 "-" "WordPress/7.0.2; https://lakepointschool.usas.in"
192.250.235.43 - - [06/Aug/2026:14:07:50 +0000] "GET / HTTP/1.1" 200 135141 "-" "-"
45.148.235.99 - - [06/Aug/2026:15:39:29 +0000] "POST /xmlrpc.php HTTP/2" 403 1242 "-" "Mozilla/5.0 (Macintosh; Intel Mac OS X 10_15_7) AppleWebKit/605.1.15 (KHTML, like Gecko) Version/18.0 Safari/605.1.15"
192.250.235.43 - - [06/Aug/2026:15:39:47 +0000] "POST /wp-cron.php?doing_wp_cron=1786030787.4759240150451660156250 HTTP/1.1" 200 0 "-" "WordPress/7.0.2; https://lakepointschool.usas.in"
192.250.235.43 - - [06/Aug/2026:15:39:50 +0000] "POST /wp-cron.php?doing_wp_cron=1786030790.0931379795074462890625 HTTP/1.1" 200 0 "-" "WordPress/7.0.2; https://lakepointschool.usas.in"
194.104.8.22 - - [06/Aug/2026:15:39:53 +0000] "GET /wp-admin/admin-ajax.php?action=rest-nonce HTTP/2" 400 5 "-" "Mozilla/5.0 (Macintosh; Intel Mac OS X 10_15_7) AppleWebKit/605.1.15 (KHTML, like Gecko) Version/18.0 Safari/605.1.15"
83.142.52.232 - - [06/Aug/2026:15:43:19 +0000] "POST /xmlrpc.php HTTP/2" 403 1242 "-" "Mozilla/5.0 (Windows NT 10.0; Win64; x64) AppleWebKit/537.36 (KHTML, like Gecko) Chrome/124.0.0.0 Safari/537.36"
212.119.47.77 - - [06/Aug/2026:15:43:27 +0000] "GET /wp-login.php HTTP/2" 200 2329 "-" "Mozilla/5.0 (Macintosh; Intel Mac OS X 10_15_7) AppleWebKit/605.1.15 (KHTML, like Gecko) Version/18.0 Safari/605.1.15"
212.119.47.77 - - [06/Aug/2026:15:43:28 +0000] "POST /wp-login.php HTTP/2" 302 0 "https://lakepointschool.usas.in/wp-login.php" "Mozilla/5.0 (Macintosh; Intel Mac OS X 10_15_7) AppleWebKit/605.1.15 (KHTML, like Gecko) Version/18.0 Safari/605.1.15"
212.119.47.77 - - [06/Aug/2026:15:43:29 +0000] "GET /wp-admin/ HTTP/2" 200 20823 "https://lakepointschool.usas.in/wp-login.php" "Mozilla/5.0 (Macintosh; Intel Mac OS X 10_15_7) AppleWebKit/605.1.15 (KHTML, like Gecko) Version/18.0 Safari/605.1.15"
212.119.47.77 - - [06/Aug/2026:15:43:31 +0000] "GET /wp-admin/ HTTP/2" 200 20798 "-" "Mozilla/5.0 (Macintosh; Intel Mac OS X 10_15_7) AppleWebKit/605.1.15 (KHTML, like Gecko) Version/18.0 Safari/605.1.15"
212.119.47.77 - - [06/Aug/2026:15:43:34 +0000] "GET /wp-admin/admin-ajax.php?action=rest-nonce HTTP/2" 200 14 "-" "Mozilla/5.0 (Macintosh; Intel Mac OS X 10_15_7) AppleWebKit/605.1.15 (KHTML, like Gecko) Version/18.0 Safari/605.1.15"
212.119.47.77 - - [06/Aug/2026:15:43:35 +0000] "GET /wp-json/wp/v2/users/me HTTP/2" 200 329 "-" "Mozilla/5.0 (Macintosh; Intel Mac OS X 10_15_7) AppleWebKit/605.1.15 (KHTML, like Gecko) Version/18.0 Safari/605.1.15"
212.119.47.77 - - [06/Aug/2026:15:43:36 +0000] "GET /wp-admin/plugin-editor.php HTTP/2" 200 78927 "-" "Mozilla/5.0 (Macintosh; Intel Mac OS X 10_15_7) AppleWebKit/605.1.15 (KHTML, like Gecko) Version/18.0 Safari/605.1.15"
212.119.47.77 - - [06/Aug/2026:15:43:36 +0000] "GET /wp-admin/theme-install.php HTTP/2" 200 18121 "-" "Mozilla/5.0 (Macintosh; Intel Mac OS X 10_15_7) AppleWebKit/605.1.15 (KHTML, like Gecko) Version/18.0 Safari/605.1.15"
212.119.47.77 - - [06/Aug/2026:15:43:36 +0000] "GET /wp-admin/plugins.php?plugin_status=all HTTP/2" 200 17944 "-" "Mozilla/5.0 (Macintosh; Intel Mac OS X 10_15_7) AppleWebKit/605.1.15 (KHTML, like Gecko) Version/18.0 Safari/605.1.15"
212.119.47.77 - - [06/Aug/2026:15:43:36 +0000] "GET /wp-admin/plugin-install.php HTTP/2" 200 21175 "-" "Mozilla/5.0 (Macintosh; Intel Mac OS X 10_15_7) AppleWebKit/605.1.15 (KHTML, like Gecko) Version/18.0 Safari/605.1.15"
212.119.47.77 - - [06/Aug/2026:15:43:36 +0000] "GET /wp-admin/theme-editor.php HTTP/2" 200 35565 "-" "Mozilla/5.0 (Macintosh; Intel Mac OS X 10_15_7) AppleWebKit/605.1.15 (KHTML, like Gecko) Version/18.0 Safari/605.1.15"
212.119.47.77 - - [06/Aug/2026:15:43:41 +0000] "POST /wp-admin/update.php?action=upload-plugin HTTP/2" 403 1242 "https://lakepointschool.usas.in/wp-admin/update.php?action=upload-plugin" "Mozilla/5.0 (Macintosh; Intel Mac OS X 10_15_7) AppleWebKit/605.1.15 (KHTML, like Gecko) Version/18.0 Safari/605.1.15"
192.250.235.43 - - [06/Aug/2026:15:44:27 +0000] "GET / HTTP/1.1" 200 135141 "-" "-"
192.250.235.43 - - [06/Aug/2026:15:45:28 +0000] "GET / HTTP/1.1" 200 135141 "-" "-"
89.39.201.142 - - [06/Aug/2026:15:49:50 +0000] "POST /xmlrpc.php HTTP/2" 403 1242 "-" "Mozilla/5.0 (Macintosh; Intel Mac OS X 13_5) AppleWebKit/605.1.15 (KHTML, like Gecko) Version/17.5 Safari/605.1.15"
194.104.8.22 - - [06/Aug/2026:15:39:45 +0000] "GET /wp-login.php HTTP/2" 200 2329 "-" "Mozilla/5.0 (Macintosh; Intel Mac OS X 10_15_7) AppleWebKit/605.1.15 (KHTML, like Gecko) Version/18.0 Safari/605.1.15"
194.104.8.22 - - [06/Aug/2026:15:39:48 +0000] "POST /wp-login.php HTTP/2" 302 0 "https://lakepointschool.usas.in/wp-login.php" "Mozilla/5.0 (Macintosh; Intel Mac OS X 10_15_7) AppleWebKit/605.1.15 (KHTML, like Gecko) Version/18.0 Safari/605.1.15"
194.104.8.22 - - [06/Aug/2026:15:39:49 +0000] "GET /wp-admin/ HTTP/2" 200 20829 "https://lakepointschool.usas.in/wp-login.php" "Mozilla/5.0 (Macintosh; Intel Mac OS X 10_15_7) AppleWebKit/605.1.15 (KHTML, like Gecko) Version/18.0 Safari/605.1.15"
194.104.8.22 - - [06/Aug/2026:15:39:51 +0000] "GET /wp-admin/ HTTP/2" 200 20829 "-" "Mozilla/5.0 (Macintosh; Intel Mac OS X 10_15_7) AppleWebKit/605.1.15 (KHTML, like Gecko) Version/18.0 Safari/605.1.15"
194.104.8.22 - - [06/Aug/2026:15:39:55 +0000] "GET /wp-admin/admin-ajax.php?action=rest-nonce HTTP/2" 200 14 "-" "Mozilla/5.0 (Macintosh; Intel Mac OS X 10_15_7) AppleWebKit/605.1.15 (KHTML, like Gecko) Version/18.0 Safari/605.1.15"
194.104.8.22 - - [06/Aug/2026:15:39:55 +0000] "GET /wp-json/wp/v2/users/me HTTP/2" 200 329 "-" "Mozilla/5.0 (Macintosh; Intel Mac OS X 10_15_7) AppleWebKit/605.1.15 (KHTML, like Gecko) Version/18.0 Safari/605.1.15"
194.104.8.22 - - [06/Aug/2026:15:39:57 +0000] "GET /wp-admin/plugin-install.php HTTP/2" 200 21171 "-" "Mozilla/5.0 (Macintosh; Intel Mac OS X 10_15_7) AppleWebKit/605.1.15 (KHTML, like Gecko) Version/18.0 Safari/605.1.15"
194.104.8.22 - - [06/Aug/2026:15:40:00 +0000] "POST /wp-admin/update.php?action=upload-plugin HTTP/2" 403 1242 "https://lakepointschool.usas.in/wp-admin/update.php?action=upload-plugin" "Mozilla/5.0 (Macintosh; Intel Mac OS X 10_15_7) AppleWebKit/605.1.15 (KHTML, like Gecko) Version/18.0 Safari/605.1.15"
192.250.235.43 - - [06/Aug/2026:15:40:46 +0000] "GET / HTTP/1.1" 200 135141 "-" "-"
192.250.235.43 - - [06/Aug/2026:15:41:47 +0000] "GET / HTTP/1.1" 200 135141 "-" "-"
212.119.47.77 - - [06/Aug/2026:15:43:33 +0000] "GET /wp-admin/admin-ajax.php?action=rest-nonce HTTP/2" 400 5 "-" "Mozilla/5.0 (Macintosh; Intel Mac OS X 10_15_7) AppleWebKit/605.1.15 (KHTML, like Gecko) Version/18.0 Safari/605.1.15"
91.231.183.28 - - [06/Aug/2026:15:49:45 +0000] "GET /wp-login.php HTTP/2" 200 2329 "-" "Mozilla/5.0 (Windows NT 10.0; Win64; x64) AppleWebKit/537.36 (KHTML, like Gecko) Chrome/124.0.6367.207 Safari/537.36"
23.26.230.50 - - [06/Aug/2026:15:49:48 +0000] "POST /xmlrpc.php HTTP/2" 403 1242 "-" "Mozilla/5.0 (Windows NT 10.0; Win64; x64) AppleWebKit/537.36 (KHTML, like Gecko) Chrome/124.0.6367.207 Safari/537.36"
84.54.34.22 - - [06/Aug/2026:15:49:53 +0000] "POST /xmlrpc.php HTTP/2" 403 1242 "-" "Mozilla/5.0 (Macintosh; Intel Mac OS X 13_5) AppleWebKit/605.1.15 (KHTML, like Gecko) Version/17.5 Safari/605.1.15"
92.114.86.39 - - [06/Aug/2026:15:49:59 +0000] "POST /xmlrpc.php HTTP/2" 403 1242 "-" "Mozilla/5.0 (Windows NT 10.0; Win64; x64) AppleWebKit/537.36 (KHTML, like Gecko) Chrome/124.0.6367.207 Safari/537.36"
185.193.82.217 - - [06/Aug/2026:15:50:03 +0000] "POST /xmlrpc.php HTTP/2" 403 1242 "-" "Mozilla/5.0 (Macintosh; Intel Mac OS X 13_5) AppleWebKit/605.1.15 (KHTML, like Gecko) Version/17.5 Safari/605.1.15"
91.231.183.28 - - [06/Aug/2026:15:50:09 +0000] "GET /feed/ HTTP/2" 200 24901 "-" "Mozilla/5.0 (Windows NT 10.0; Win64; x64) AppleWebKit/537.36 (KHTML, like Gecko) Chrome/124.0.6367.207 Safari/537.36"
91.231.183.28 - - [06/Aug/2026:15:50:11 +0000] "GET /wp-login.php HTTP/2" 200 2329 "-" "Mozilla/5.0 (Windows NT 10.0; Win64; x64) AppleWebKit/537.36 (KHTML, like Gecko) Chrome/124.0.6367.207 Safari/537.36"
91.231.183.28 - - [06/Aug/2026:15:50:12 +0000] "POST /wp-login.php HTTP/2" 302 0 "https://lakepointschool.usas.in/wp-login.php" "Mozilla/5.0 (Windows NT 10.0; Win64; x64) AppleWebKit/537.36 (KHTML, like Gecko) Chrome/124.0.6367.207 Safari/537.36"
82.24.215.205 - - [06/Aug/2026:15:49:56 +0000] "POST /xmlrpc.php HTTP/2" 403 1242 "-" "Mozilla/5.0 (Windows NT 10.0; Win64; x64) AppleWebKit/537.36 (KHTML, like Gecko) Chrome/124.0.6367.207 Safari/537.36"
84.33.251.205 - - [06/Aug/2026:15:50:01 +0000] "POST /xmlrpc.php HTTP/2" 403 1242 "-" "Mozilla/5.0 (Macintosh; Intel Mac OS X 13_5) AppleWebKit/605.1.15 (KHTML, like Gecko) Version/17.5 Safari/605.1.15"
45.95.223.77 - - [06/Aug/2026:15:50:06 +0000] "POST /xmlrpc.php HTTP/2" 403 1242 "-" "Mozilla/5.0 (Windows NT 10.0; Win64; x64) AppleWebKit/537.36 (KHTML, like Gecko) Chrome/124.0.6367.207 Safari/537.36"
192.250.235.43 - - [06/Aug/2026:15:50:46 +0000] "GET / HTTP/1.1" 200 135141 "-" "-"
91.231.183.28 - - [06/Aug/2026:15:51:18 +0000] "GET /wp-admin/admin-ajax.php?action=rest-nonce HTTP/2" 200 14 "-" "Mozilla/5.0 (Windows NT 10.0; Win64; x64) AppleWebKit/537.36 (KHTML, like Gecko) Chrome/124.0.6367.207 Safari/537.36"
91.231.183.28 - - [06/Aug/2026:15:51:20 +0000] "GET /wp-json/wp/v2/users/me HTTP/2" 200 329 "-" "Mozilla/5.0 (Windows NT 10.0; Win64; x64) AppleWebKit/537.36 (KHTML, like Gecko) Chrome/124.0.6367.207 Safari/537.36"
91.231.183.28 - - [06/Aug/2026:15:51:21 +0000] "GET /wp-json/wp/v2/users/me HTTP/2" 200 329 "-" "Mozilla/5.0 (Windows NT 10.0; Win64; x64) AppleWebKit/537.36 (KHTML, like Gecko) Chrome/124.0.6367.207 Safari/537.36"
91.231.183.28 - - [06/Aug/2026:15:51:23 +0000] "GET /wp-json/wp/v2/users/me HTTP/2" 200 329 "-" "Mozilla/5.0 (Windows NT 10.0; Win64; x64) AppleWebKit/537.36 (KHTML, like Gecko) Chrome/124.0.6367.207 Safari/537.36"
91.231.183.28 - - [06/Aug/2026:15:51:25 +0000] "GET /wp-json/wp/v2/users/me HTTP/2" 200 329 "-" "Mozilla/5.0 (Windows NT 10.0; Win64; x64) AppleWebKit/537.36 (KHTML, like Gecko) Chrome/124.0.6367.207 Safari/537.36"
91.231.183.28 - - [06/Aug/2026:15:51:26 +0000] "GET /wp-json/wp/v2/users/me HTTP/2" 200 329 "-" "Mozilla/5.0 (Windows NT 10.0; Win64; x64) AppleWebKit/537.36 (KHTML, like Gecko) Chrome/124.0.6367.207 Safari/537.36"
91.231.183.28 - - [06/Aug/2026:15:52:54 +0000] "GET /wp-admin/theme-editor.php HTTP/2" 200 35516 "-" "Mozilla/5.0 (Windows NT 10.0; Win64; x64) AppleWebKit/537.36 (KHTML, like Gecko) Chrome/124.0.6367.207 Safari/537.36"
91.231.183.28 - - [06/Aug/2026:15:52:57 +0000] "GET /wp-admin/plugin-editor.php HTTP/2" 200 78873 "-" "Mozilla/5.0 (Windows NT 10.0; Win64; x64) AppleWebKit/537.36 (KHTML, like Gecko) Chrome/124.0.6367.207 Safari/537.36"
91.231.183.28 - - [06/Aug/2026:15:52:59 +0000] "GET /wp-admin/theme-install.php HTTP/2" 200 17979 "-" "Mozilla/5.0 (Windows NT 10.0; Win64; x64) AppleWebKit/537.36 (KHTML, like Gecko) Chrome/124.0.6367.207 Safari/537.36"
91.231.183.28 - - [06/Aug/2026:15:53:02 +0000] "GET /wp-admin/plugin-install.php HTTP/2" 200 21181 "-" "Mozilla/5.0 (Windows NT 10.0; Win64; x64) AppleWebKit/537.36 (KHTML, like Gecko) Chrome/124.0.6367.207 Safari/537.36"
91.231.183.28 - - [06/Aug/2026:15:53:07 +0000] "POST /wp-admin/update.php?action=upload-plugin HTTP/2" 403 1242 "https://lakepointschool.usas.in/wp-admin/update.php?action=upload-plugin" "Mozilla/5.0 (Windows NT 10.0; Win64; x64) AppleWebKit/537.36 (KHTML, like Gecko) Chrome/124.0.6367.207 Safari/537.36"
91.231.183.28 - - [06/Aug/2026:15:53:08 +0000] "GET /wp-admin/plugins.php?plugin_status=all HTTP/2" 200 17948 "-" "Mozilla/5.0 (Windows NT 10.0; Win64; x64) AppleWebKit/537.36 (KHTML, like Gecko) Chrome/124.0.6367.207 Safari/537.36"
192.250.235.43 - - [06/Aug/2026:15:53:55 +0000] "GET / HTTP/1.1" 200 135141 "-" "-"
91.231.183.28 - - [06/Aug/2026:15:50:13 +0000] "GET /wp-admin/ HTTP/2" 200 20814 "https://lakepointschool.usas.in/wp-login.php" "Mozilla/5.0 (Windows NT 10.0; Win64; x64) AppleWebKit/537.36 (KHTML, like Gecko) Chrome/124.0.6367.207 Safari/537.36"
192.250.235.43 - - [06/Aug/2026:15:52:19 +0000] "GET / HTTP/1.1" 200 135141 "-" "-"
192.250.235.43 - - [06/Aug/2026:17:38:20 +0000] "GET / HTTP/1.1" 200 135141 "-" "-"
192.250.235.43 - - [06/Aug/2026:17:39:21 +0000] "GET / HTTP/1.1" 200 135141 "-" "-"
66.249.69.235 - - [06/Aug/2026:17:45:42 +0000] "GET /robots.txt HTTP/1.1" 200 103 "-" "Mozilla/5.0 (compatible; Googlebot/2.1; +http://www.google.com/bot.html)"
192.250.235.43 - - [06/Aug/2026:17:37:20 +0000] "POST /wp-cron.php?doing_wp_cron=1786037840.6562089920043945312500 HTTP/1.1" 200 0 "-" "WordPress/7.0.2; https://lakepointschool.usas.in"
192.250.235.43 - - [06/Aug/2026:17:37:21 +0000] "POST /wp-cron.php?doing_wp_cron=1786037841.0219910144805908203125 HTTP/1.1" 200 0 "-" "WordPress/7.0.2; https://lakepointschool.usas.in"
205.210.31.244 - - [06/Aug/2026:17:37:19 +0000] "GET / HTTP/1.1" 301 0 "-" "Hello from Palo Alto Networks, find out more about our scans in https://docs-cortex.paloaltonetworks.com/r/1/Cortex-Xpanse/Scanning-activity"
192.250.235.43 - - [06/Aug/2026:17:48:45 +0000] "GET / HTTP/1.1" 200 135141 "-" "-"
192.250.235.43 - - [06/Aug/2026:17:46:43 +0000] "GET / HTTP/1.1" 200 135141 "-" "-"
192.250.235.43 - - [06/Aug/2026:17:47:44 +0000] "GET / HTTP/1.1" 200 135141 "-" "-"
192.250.235.43 - - [06/Aug/2026:17:49:46 +0000] "GET / HTTP/1.1" 200 135141 "-" "-"
179.60.149.104 - - [06/Aug/2026:18:01:39 +0000] "GET /wp-login.php HTTP/2" 200 2329 "-" "Mozilla/5.0 (Windows NT 10.0; Win64; x64; rv:133.0) Gecko/20100101 Firefox/133.0"
179.60.149.104 - - [06/Aug/2026:18:01:46 +0000] "GET /wp-login.php?wp_lang=en_US HTTP/2" 200 2329 "-" "Mozilla/5.0 (Windows NT 10.0; Win64; x64) AppleWebKit/537.36 (KHTML, like Gecko) Chrome/124.0.0.0 Safari/537.36"
179.60.149.104 - - [06/Aug/2026:18:01:48 +0000] "POST /wp-login.php HTTP/2" 302 0 "https://lakepointschool.usas.in/wp-login.php" "Mozilla/5.0 (Windows NT 10.0; Win64; x64) AppleWebKit/537.36 (KHTML, like Gecko) Chrome/124.0.0.0 Safari/537.36"
179.60.149.104 - - [06/Aug/2026:18:01:50 +0000] "GET /wp-admin/ HTTP/2" 200 20538 "https://lakepointschool.usas.in/wp-login.php" "Mozilla/5.0 (Windows NT 10.0; Win64; x64) AppleWebKit/537.36 (KHTML, like Gecko) Chrome/124.0.0.0 Safari/537.36"
179.60.149.104 - - [06/Aug/2026:18:01:52 +0000] "GET /wp-admin/ HTTP/2" 200 20676 "-" "Mozilla/5.0 (Windows NT 10.0; Win64; x64) AppleWebKit/537.36 (KHTML, like Gecko) Chrome/124.0.0.0 Safari/537.36"
179.60.149.104 - - [06/Aug/2026:18:01:57 +0000] "GET /wp-admin/plugins.php HTTP/2" 200 17823 "-" "Mozilla/5.0 (Windows NT 10.0; Win64; x64) AppleWebKit/537.36 (KHTML, like Gecko) Chrome/124.0.0.0 Safari/537.36"
179.60.149.104 - - [06/Aug/2026:18:01:58 +0000] "GET /wp-admin/plugins.php HTTP/2" 200 17839 "-" "Mozilla/5.0 (Windows NT 10.0; Win64; x64) AppleWebKit/537.36 (KHTML, like Gecko) Chrome/124.0.0.0 Safari/537.36"
179.60.149.104 - - [06/Aug/2026:18:02:00 +0000] "GET /wp-admin/plugin-install.php HTTP/2" 200 21075 "-" "Mozilla/5.0 (Windows NT 10.0; Win64; x64) AppleWebKit/537.36 (KHTML, like Gecko) Chrome/124.0.0.0 Safari/537.36"
179.60.149.104 - - [06/Aug/2026:18:02:03 +0000] "POST /wp-admin/update.php?action=upload-plugin HTTP/2" 200 14145 "https://lakepointschool.usas.in/wp-admin/update.php?action=upload-plugin" "Mozilla/5.0 (Windows NT 10.0; Win64; x64) AppleWebKit/537.36 (KHTML, like Gecko) Chrome/124.0.0.0 Safari/537.36"
83.142.53.50 - - [06/Aug/2026:18:02:08 +0000] "GET /wp-login.php?wp_lang=en_US HTTP/2" 200 2329 "-" "Mozilla/5.0 (Windows NT 10.0; Win64; x64) AppleWebKit/537.36 (KHTML, like Gecko) Chrome/124.0.0.0 Safari/537.36"
83.142.53.50 - - [06/Aug/2026:18:02:10 +0000] "POST /wp-login.php HTTP/2" 302 0 "https://lakepointschool.usas.in/wp-login.php" "Mozilla/5.0 (Windows NT 10.0; Win64; x64) AppleWebKit/537.36 (KHTML, like Gecko) Chrome/124.0.0.0 Safari/537.36"
179.60.149.104 - - [06/Aug/2026:18:02:10 +0000] "GET /wp-admin/plugins.php?action=activate&plugin=wordpesso/wordpesso.php&_wpnonce=595ec14882 HTTP/2" 302 0 "-" "Mozilla/5.0 (Windows NT 10.0; Win64; x64) AppleWebKit/537.36 (KHTML, like Gecko) Chrome/124.0.0.0 Safari/537.36"
179.60.149.104 - - [06/Aug/2026:18:02:12 +0000] "GET /wp-admin/plugins.php?activate=true&plugin_status=all&paged=1&s= HTTP/2" 200 18082 "-" "Mozilla/5.0 (Windows NT 10.0; Win64; x64) AppleWebKit/537.36 (KHTML, like Gecko) Chrome/124.0.0.0 Safari/537.36"
83.142.53.50 - - [06/Aug/2026:18:02:12 +0000] "GET /wp-admin/ HTTP/2" 200 20709 "https://lakepointschool.usas.in/wp-login.php" "Mozilla/5.0 (Windows NT 10.0; Win64; x64) AppleWebKit/537.36 (KHTML, like Gecko) Chrome/124.0.0.0 Safari/537.36"
83.142.53.50 - - [06/Aug/2026:18:02:14 +0000] "GET /wp-admin/ HTTP/2" 200 20549 "-" "Mozilla/5.0 (Windows NT 10.0; Win64; x64) AppleWebKit/537.36 (KHTML, like Gecko) Chrome/124.0.0.0 Safari/537.36"
83.142.53.50 - - [06/Aug/2026:18:02:18 +0000] "GET /wp-admin/plugins.php HTTP/2" 200 18056 "-" "Mozilla/5.0 (Windows NT 10.0; Win64; x64) AppleWebKit/537.36 (KHTML, like Gecko) Chrome/124.0.0.0 Safari/537.36"
83.142.53.50 - - [06/Aug/2026:18:02:20 +0000] "GET /wp-admin/plugin-install.php HTTP/2" 200 20991 "-" "Mozilla/5.0 (Windows NT 10.0; Win64; x64) AppleWebKit/537.36 (KHTML, like Gecko) Chrome/124.0.0.0 Safari/537.36"
83.142.53.50 - - [06/Aug/2026:18:02:25 +0000] "POST /wp-admin/update.php?action=upload-plugin HTTP/2" 200 14155 "https://lakepointschool.usas.in/wp-admin/update.php?action=upload-plugin" "Mozilla/5.0 (Windows NT 10.0; Win64; x64) AppleWebKit/537.36 (KHTML, like Gecko) Chrome/124.0.0.0 Safari/537.36"
170.168.96.41 - - [06/Aug/2026:18:02:32 +0000] "GET /wp-content/plugins/gallery-1786039344/_inc/rtl/page-template-1786039344.php HTTP/2" 403 1242 "-" "Mozilla/5.0 (Macintosh; Intel Mac OS X 10_15_7) AppleWebKit/605.1.15 (KHTML, like Gecko) Version/18.0 Safari/605.1.15"
5.181.170.142 - - [06/Aug/2026:18:02:33 +0000] "GET /wp-content/plugins/gallery-1786039344/_inc/rtl/page-template-1786039344.php HTTP/2" 403 1242 "-" "Mozilla/5.0 (Windows NT 10.0; Win64; x64) AppleWebKit/537.36 (KHTML, like Gecko) Chrome/124.0.0.0 Safari/537.36"
122.8.45.130 - - [06/Aug/2026:18:02:35 +0000] "GET /wp-content/plugins/gallery-1786039344/_inc/rtl/page-template-1786039344.php HTTP/2" 403 1242 "-" "Mozilla/5.0 (Windows NT 10.0; Win64; x64; rv:133.0) Gecko/20100101 Firefox/133.0"
45.66.208.229 - - [06/Aug/2026:18:02:38 +0000] "GET /wp-content/plugins/gallery-1786039344/_inc/rtl/page-template-1786039344.php HTTP/2" 403 1242 "-" "Mozilla/5.0 (Windows NT 10.0; Win64; x64) AppleWebKit/537.36 (KHTML, like Gecko) Chrome/124.0.0.0 Safari/537.36"
77.81.65.73 - - [06/Aug/2026:18:02:39 +0000] "GET /wp-content/plugins/gallery-1786039344/_inc/rtl/page-template-1786039344.php HTTP/2" 403 1242 "-" "Mozilla/5.0 (Macintosh; Intel Mac OS X 10_15_7) AppleWebKit/605.1.15 (KHTML, like Gecko) Version/18.0 Safari/605.1.15"
179.60.149.104 - - [06/Aug/2026:18:01:54 +0000] "GET /wp-admin/admin-ajax.php?action=rest-nonce HTTP/2" 400 5 "-" "Mozilla/5.0 (Windows NT 10.0; Win64; x64) AppleWebKit/537.36 (KHTML, like Gecko) Chrome/124.0.0.0 Safari/537.36"
83.142.53.50 - - [06/Aug/2026:18:02:17 +0000] "GET /wp-admin/admin-ajax.php?action=rest-nonce HTTP/2" 400 5 "-" "Mozilla/5.0 (Windows NT 10.0; Win64; x64) AppleWebKit/537.36 (KHTML, like Gecko) Chrome/124.0.0.0 Safari/537.36"
122.8.95.108 - - [06/Aug/2026:18:02:34 +0000] "GET /wp-content/plugins/gallery-1786039344/_inc/rtl/page-template-1786039344.php HTTP/2" 403 1242 "-" "Mozilla/5.0 (Windows NT 10.0; Win64; x64; rv:133.0) Gecko/20100101 Firefox/133.0"
170.168.173.42 - - [06/Aug/2026:18:02:35 +0000] "GET /wp-content/plugins/gallery-1786039344/_inc/rtl/page-template-1786039344.php HTTP/2" 403 1242 "-" "Mozilla/5.0 (Windows NT 10.0; Win64; x64; rv:133.0) Gecko/20100101 Firefox/133.0"
45.148.126.228 - - [06/Aug/2026:18:02:37 +0000] "GET /wp-content/plugins/gallery-1786039344/_inc/rtl/page-template-1786039344.php HTTP/2" 403 1242 "-" "Mozilla/5.0 (Macintosh; Intel Mac OS X 10_15_7) AppleWebKit/605.1.15 (KHTML, like Gecko) Version/18.0 Safari/605.1.15"
193.151.189.247 - - [06/Aug/2026:18:02:37 +0000] "GET /wp-content/plugins/gallery-1786039344/_inc/rtl/page-template-1786039344.php HTTP/2" 403 1242 "-" "Mozilla/5.0 (Macintosh; Intel Mac OS X 10_15_7) AppleWebKit/605.1.15 (KHTML, like Gecko) Version/18.0 Safari/605.1.15"
45.135.3.30 - - [06/Aug/2026:18:02:40 +0000] "GET /wp-content/plugins/gallery-1786039344/_inc/rtl/page-template-1786039344.php HTTP/2" 403 1242 "-" "Mozilla/5.0 (Windows NT 10.0; Win64; x64; rv:133.0) Gecko/20100101 Firefox/133.0"
170.168.30.59 - - [06/Aug/2026:18:02:41 +0000] "GET /wp-login.php?wp_lang=en_US HTTP/2" 200 2329 "-" "Mozilla/5.0 (Windows NT 10.0; Win64; x64) AppleWebKit/537.36 (KHTML, like Gecko) Chrome/124.0.0.0 Safari/537.36"
170.168.30.59 - - [06/Aug/2026:18:02:42 +0000] "POST /wp-login.php HTTP/2" 302 0 "https://lakepointschool.usas.in/wp-login.php" "Mozilla/5.0 (Windows NT 10.0; Win64; x64) AppleWebKit/537.36 (KHTML, like Gecko) Chrome/124.0.0.0 Safari/537.36"
122.8.92.125 - - [06/Aug/2026:18:02:44 +0000] "GET /wp-content/plugins/gallery-1786039344/_inc/rtl/page-template-1786039344.php HTTP/2" 403 1242 "-" "Mozilla/5.0 (Windows NT 10.0; Win64; x64) AppleWebKit/537.36 (KHTML, like Gecko) Chrome/124.0.0.0 Safari/537.36"
185.168.29.28 - - [06/Aug/2026:18:02:45 +0000] "GET /wp-content/plugins/gallery-1786039344/_inc/rtl/page-template-1786039344.php HTTP/2" 403 1242 "-" "Mozilla/5.0 (Windows NT 10.0; Win64; x64) AppleWebKit/537.36 (KHTML, like Gecko) Chrome/124.0.0.0 Safari/537.36"
192.250.235.43 - - [06/Aug/2026:18:02:44 +0000] "GET / HTTP/1.1" 200 135648 "-" "-"
91.245.236.240 - - [06/Aug/2026:18:02:46 +0000] "GET /wp-content/plugins/gallery-1786039344/_inc/rtl/page-template-1786039344.php HTTP/2" 403 1242 "-" "Mozilla/5.0 (Windows NT 10.0; Win64; x64) AppleWebKit/537.36 (KHTML, like Gecko) Chrome/124.0.0.0 Safari/537.36"
170.168.30.59 - - [06/Aug/2026:18:02:44 +0000] "GET /wp-admin/ HTTP/2" 200 20771 "https://lakepointschool.usas.in/wp-login.php" "Mozilla/5.0 (Windows NT 10.0; Win64; x64) AppleWebKit/537.36 (KHTML, like Gecko) Chrome/124.0.0.0 Safari/537.36"
194.99.27.87 - - [06/Aug/2026:18:02:48 +0000] "GET /wp-content/plugins/gallery-1786039344/_inc/rtl/page-template-1786039344.php HTTP/2" 403 1242 "-" "Mozilla/5.0 (Windows NT 10.0; Win64; x64) AppleWebKit/537.36 (KHTML, like Gecko) Chrome/124.0.0.0 Safari/537.36"
170.168.30.59 - - [06/Aug/2026:18:02:47 +0000] "GET /wp-admin/ HTTP/2" 200 20554 "-" "Mozilla/5.0 (Windows NT 10.0; Win64; x64) AppleWebKit/537.36 (KHTML, like Gecko) Chrome/124.0.0.0 Safari/537.36"
5.181.170.82 - - [06/Aug/2026:18:02:50 +0000] "GET /wp-content/plugins/gallery-1786039344/_inc/rtl/page-template-1786039344.php HTTP/2" 403 1242 "-" "Mozilla/5.0 (Windows NT 10.0; Win64; x64) AppleWebKit/537.36 (KHTML, like Gecko) Chrome/124.0.0.0 Safari/537.36"
170.168.30.59 - - [06/Aug/2026:18:02:49 +0000] "GET /wp-admin/admin-ajax.php?action=rest-nonce HTTP/2" 400 5 "-" "Mozilla/5.0 (Windows NT 10.0; Win64; x64) AppleWebKit/537.36 (KHTML, like Gecko) Chrome/124.0.0.0 Safari/537.36"
185.89.43.211 - - [06/Aug/2026:18:02:52 +0000] "GET /wp-content/plugins/gallery-1786039344/_inc/rtl/page-template-1786039344.php HTTP/2" 403 1242 "-" "Mozilla/5.0 (Macintosh; Intel Mac OS X 10_15_7) AppleWebKit/605.1.15 (KHTML, like Gecko) Version/18.0 Safari/605.1.15"
170.168.30.59 - - [06/Aug/2026:18:02:51 +0000] "GET /wp-admin/plugins.php HTTP/2" 200 18597 "-" "Mozilla/5.0 (Windows NT 10.0; Win64; x64) AppleWebKit/537.36 (KHTML, like Gecko) Chrome/124.0.0.0 Safari/537.36"
170.168.30.59 - - [06/Aug/2026:18:02:53 +0000] "GET /wp-admin/plugin-install.php HTTP/2" 200 21262 "-" "Mozilla/5.0 (Windows NT 10.0; Win64; x64) AppleWebKit/537.36 (KHTML, like Gecko) Chrome/124.0.0.0 Safari/537.36"
170.168.30.59 - - [06/Aug/2026:18:02:57 +0000] "POST /wp-admin/update.php?action=upload-plugin HTTP/2" 403 1242 "https://lakepointschool.usas.in/wp-admin/update.php?action=upload-plugin" "Mozilla/5.0 (Windows NT 10.0; Win64; x64) AppleWebKit/537.36 (KHTML, like Gecko) Chrome/124.0.0.0 Safari/537.36"
170.168.30.59 - - [06/Aug/2026:18:02:58 +0000] "GET /wp-admin/themes.php HTTP/2" 200 19081 "-" "Mozilla/5.0 (Windows NT 10.0; Win64; x64) AppleWebKit/537.36 (KHTML, like Gecko) Chrome/124.0.0.0 Safari/537.36"
193.203.8.218 - - [06/Aug/2026:18:03:01 +0000] "GET /wp-content/plugins/gallery-1786039344/_inc/rtl/page-template-1786039344.php HTTP/2" 403 1242 "-" "Mozilla/5.0 (Windows NT 10.0; Win64; x64) AppleWebKit/537.36 (KHTML, like Gecko) Chrome/124.0.0.0 Safari/537.36"
170.168.30.59 - - [06/Aug/2026:18:03:00 +0000] "GET /wp-admin/theme-install.php?browse=popular HTTP/2" 200 17981 "-" "Mozilla/5.0 (Windows NT 10.0; Win64; x64) AppleWebKit/537.36 (KHTML, like Gecko) Chrome/124.0.0.0 Safari/537.36"
170.168.30.59 - - [06/Aug/2026:18:03:02 +0000] "POST /wp-admin/update.php?action=upload-theme HTTP/2" 403 1242 "https://lakepointschool.usas.in/wp-admin/update.php?action=upload-theme" "Mozilla/5.0 (Windows NT 10.0; Win64; x64) AppleWebKit/537.36 (KHTML, like Gecko) Chrome/124.0.0.0 Safari/537.36"
170.168.30.59 - - [06/Aug/2026:18:03:03 +0000] "GET /wp-admin/admin.php?page=wp_file_manager HTTP/2" 200 16319 "-" "Mozilla/5.0 (Windows NT 10.0; Win64; x64) AppleWebKit/537.36 (KHTML, like Gecko) Chrome/124.0.0.0 Safari/537.36"
130.49.114.237 - - [06/Aug/2026:18:03:07 +0000] "GET /wp-content/plugins/gallery-1786039344/_inc/rtl/page-template-1786039344.php HTTP/2" 403 1242 "-" "Mozilla/5.0 (Macintosh; Intel Mac OS X 10_15_7) AppleWebKit/605.1.15 (KHTML, like Gecko) Version/18.0 Safari/605.1.15"
170.168.30.59 - - [06/Aug/2026:18:03:05 +0000] "GET /wp-admin/admin-ajax.php?action=mk_file_folder_manager&_wpnonce=ac4f400f97&networkhref=&cmd=tree&target=l1_Lw&reqid=64431892b34456a9d4169f42eb2b HTTP/2" 200 788 "-" "Mozilla/5.0 (Windows NT 10.0; Win64; x64) AppleWebKit/537.36 (KHTML, like Gecko) Chrome/124.0.0.0 Safari/537.36"
45.159.21.71 - - [06/Aug/2026:18:03:08 +0000] "GET /wp-content/plugins/gallery-1786039344/_inc/rtl/page-template-1786039344.php HTTP/2" 403 1242 "-" "Mozilla/5.0 (Windows NT 10.0; Win64; x64) AppleWebKit/537.36 (KHTML, like Gecko) Chrome/124.0.0.0 Safari/537.36"
170.168.30.59 - - [06/Aug/2026:18:03:07 +0000] "GET /wp-admin/admin-ajax.php?action=mk_file_folder_manager&_wpnonce=ac4f400f97&networkhref=&cmd=tree&target=l1_LndlbGwta25vd24&reqid=d6fc7975924e20ba75b127d109b8 HTTP/2" 200 198 "-" "Mozilla/5.0 (Windows NT 10.0; Win64; x64) AppleWebKit/537.36 (KHTML, like Gecko) Chrome/124.0.0.0 Safari/537.36"
89.19.35.12 - - [06/Aug/2026:18:03:10 +0000] "GET /wp-content/plugins/gallery-1786039344/_inc/rtl/page-template-1786039344.php HTTP/2" 403 1242 "-" "Mozilla/5.0 (Macintosh; Intel Mac OS X 10_15_7) AppleWebKit/605.1.15 (KHTML, like Gecko) Version/18.0 Safari/605.1.15"
170.168.30.59 - - [06/Aug/2026:18:03:09 +0000] "GET /wp-admin/admin-ajax.php?action=mk_file_folder_manager&_wpnonce=ac4f400f97&networkhref=&cmd=tree&target=l1_Y2dpLWJpbg&reqid=fc93059aef7cd26831aa15f4ed59 HTTP/2" 200 164 "-" "Mozilla/5.0 (Windows NT 10.0; Win64; x64) AppleWebKit/537.36 (KHTML, like Gecko) Chrome/124.0.0.0 Safari/537.36"
170.168.30.59 - - [06/Aug/2026:18:03:11 +0000] "GET /wp-admin/admin-ajax.php?action=mk_file_folder_manager&_wpnonce=ac4f400f97&networkhref=&cmd=tree&target=l1_d3AtYWRtaW4&reqid=69331fdc9c628033d5b5a6164899 HTTP/2" 200 274 "-" "Mozilla/5.0 (Windows NT 10.0; Win64; x64) AppleWebKit/537.36 (KHTML, like Gecko) Chrome/124.0.0.0 Safari/537.36"
170.168.30.59 - - [06/Aug/2026:18:03:13 +0000] "GET /wp-admin/admin-ajax.php?action=mk_file_folder_manager&_wpnonce=ac4f400f97&networkhref=&cmd=tree&target=l1_d3AtY29udGVudA&reqid=be093999555064bff5496001c6fe HTTP/2" 200 464 "-" "Mozilla/5.0 (Windows NT 10.0; Win64; x64) AppleWebKit/537.36 (KHTML, like Gecko) Chrome/124.0.0.0 Safari/537.36"
122.8.93.67 - - [06/Aug/2026:18:03:15 +0000] "GET /wp-content/plugins/gallery-1786039344/_inc/rtl/page-template-1786039344.php HTTP/2" 403 1242 "-" "Mozilla/5.0 (Windows NT 10.0; Win64; x64; rv:133.0) Gecko/20100101 Firefox/133.0"
170.168.30.59 - - [06/Aug/2026:18:03:14 +0000] "GET /wp-admin/admin-ajax.php?action=mk_file_folder_manager&_wpnonce=ac4f400f97&networkhref=&cmd=tree&target=l1_d3AtaW5jbHVkZXM&reqid=5d7c292f6b73395de4d5a16dd0f6 HTTP/2" 200 770 "-" "Mozilla/5.0 (Windows NT 10.0; Win64; x64) AppleWebKit/537.36 (KHTML, like Gecko) Chrome/124.0.0.0 Safari/537.36"
170.168.30.59 - - [06/Aug/2026:18:03:17 +0000] "GET /wp-admin/admin-ajax.php?action=mk_file_folder_manager&_wpnonce=ac4f400f97&networkhref=&cmd=mkfile&name=comment.section.1786039397.php&target=l1_d3AtY29udGVudC91cGxvYWRz&reqid=db5f29716ccfbc80c802b8b1c406 HTTP/2" 200 229 "-" "Mozilla/5.0 (Windows NT 10.0; Win64; x64) AppleWebKit/537.36 (KHTML, like Gecko) Chrome/124.0.0.0 Safari/537.36"
77.220.194.168 - - [06/Aug/2026:18:02:43 +0000] "GET /wp-content/plugins/gallery-1786039344/_inc/rtl/page-template-1786039344.php HTTP/2" 403 1242 "-" "Mozilla/5.0 (Windows NT 10.0; Win64; x64) AppleWebKit/537.36 (KHTML, like Gecko) Chrome/124.0.0.0 Safari/537.36"
170.168.31.210 - - [06/Aug/2026:18:02:47 +0000] "GET /wp-content/plugins/gallery-1786039344/_inc/rtl/page-template-1786039344.php HTTP/2" 403 1242 "-" "Mozilla/5.0 (Macintosh; Intel Mac OS X 10_15_7) AppleWebKit/605.1.15 (KHTML, like Gecko) Version/18.0 Safari/605.1.15"
157.22.47.254 - - [06/Aug/2026:18:02:51 +0000] "GET /wp-content/plugins/gallery-1786039344/_inc/rtl/page-template-1786039344.php HTTP/2" 403 1242 "-" "Mozilla/5.0 (Windows NT 10.0; Win64; x64) AppleWebKit/537.36 (KHTML, like Gecko) Chrome/124.0.0.0 Safari/537.36"
93.177.119.21 - - [06/Aug/2026:18:02:53 +0000] "GET /wp-content/plugins/gallery-1786039344/_inc/rtl/page-template-1786039344.php HTTP/2" 403 1242 "-" "Mozilla/5.0 (Windows NT 10.0; Win64; x64) AppleWebKit/537.36 (KHTML, like Gecko) Chrome/124.0.0.0 Safari/537.36"
185.81.144.215 - - [06/Aug/2026:18:02:57 +0000] "GET /wp-content/plugins/gallery-1786039344/_inc/rtl/page-template-1786039344.php HTTP/2" 403 1242 "-" "Mozilla/5.0 (Windows NT 10.0; Win64; x64) AppleWebKit/537.36 (KHTML, like Gecko) Chrome/124.0.0.0 Safari/537.36"
147.78.180.145 - - [06/Aug/2026:18:02:58 +0000] "GET /wp-content/plugins/gallery-1786039344/_inc/rtl/page-template-1786039344.php HTTP/2" 403 1242 "-" "Mozilla/5.0 (Windows NT 10.0; Win64; x64; rv:133.0) Gecko/20100101 Firefox/133.0"
185.102.112.110 - - [06/Aug/2026:18:02:59 +0000] "GET /wp-content/plugins/gallery-1786039344/_inc/rtl/page-template-1786039344.php HTTP/2" 403 1242 "-" "Mozilla/5.0 (Windows NT 10.0; Win64; x64) AppleWebKit/537.36 (KHTML, like Gecko) Chrome/124.0.0.0 Safari/537.36"
193.151.189.197 - - [06/Aug/2026:18:03:01 +0000] "GET /wp-content/plugins/gallery-1786039344/_inc/rtl/page-template-1786039344.php HTTP/2" 403 1242 "-" "Mozilla/5.0 (Windows NT 10.0; Win64; x64; rv:133.0) Gecko/20100101 Firefox/133.0"
185.102.113.232 - - [06/Aug/2026:18:03:02 +0000] "GET /wp-content/plugins/gallery-1786039344/_inc/rtl/page-template-1786039344.php HTTP/2" 403 1242 "-" "Mozilla/5.0 (Windows NT 10.0; Win64; x64) AppleWebKit/537.36 (KHTML, like Gecko) Chrome/124.0.0.0 Safari/537.36"
130.49.113.198 - - [06/Aug/2026:18:03:06 +0000] "GET /wp-content/plugins/gallery-1786039344/_inc/rtl/page-template-1786039344.php HTTP/2" 403 1242 "-" "Mozilla/5.0 (Windows NT 10.0; Win64; x64) AppleWebKit/537.36 (KHTML, like Gecko) Chrome/124.0.0.0 Safari/537.36"
193.202.14.43 - - [06/Aug/2026:18:03:12 +0000] "GET /wp-content/plugins/gallery-1786039344/_inc/rtl/page-template-1786039344.php HTTP/2" 403 1242 "-" "Mozilla/5.0 (Windows NT 10.0; Win64; x64) AppleWebKit/537.36 (KHTML, like Gecko) Chrome/124.0.0.0 Safari/537.36"
5.181.170.97 - - [06/Aug/2026:18:03:18 +0000] "GET /wp-content/plugins/gallery-1786039344/_inc/rtl/page-template-1786039344.php HTTP/2" 403 1242 "-" "Mozilla/5.0 (Windows NT 10.0; Win64; x64; rv:133.0) Gecko/20100101 Firefox/133.0"
45.66.210.229 - - [06/Aug/2026:18:03:19 +0000] "GET /wp-content/plugins/gallery-1786039344/_inc/rtl/page-template-1786039344.php HTTP/2" 403 1242 "-" "Mozilla/5.0 (Macintosh; Intel Mac OS X 10_15_7) AppleWebKit/605.1.15 (KHTML, like Gecko) Version/18.0 Safari/605.1.15"
155.212.38.233 - - [06/Aug/2026:18:03:20 +0000] "GET /wp-content/plugins/gallery-1786039344/_inc/rtl/page-template-1786039344.php HTTP/2" 403 1242 "-" "Mozilla/5.0 (Windows NT 10.0; Win64; x64; rv:133.0) Gecko/20100101 Firefox/133.0"
157.22.16.185 - - [06/Aug/2026:18:03:21 +0000] "GET /wp-login.php HTTP/2" 200 2329 "-" "Mozilla/5.0 (Macintosh; Intel Mac OS X 10_15_7) AppleWebKit/605.1.15 (KHTML, like Gecko) Version/18.0 Safari/605.1.15"
130.49.77.166 - - [06/Aug/2026:18:03:21 +0000] "GET /wp-login.php HTTP/2" 200 2329 "-" "Mozilla/5.0 (Macintosh; Intel Mac OS X 10_15_7) AppleWebKit/605.1.15 (KHTML, like Gecko) Version/18.0 Safari/605.1.15"
185.81.145.90 - - [06/Aug/2026:18:03:23 +0000] "GET /wp-content/plugins/gallery-1786039344/_inc/rtl/page-template-1786039344.php HTTP/2" 403 1242 "-" "Mozilla/5.0 (Windows NT 10.0; Win64; x64; rv:133.0) Gecko/20100101 Firefox/133.0"
157.22.16.185 - - [06/Aug/2026:18:03:23 +0000] "GET /wp-login.php?wp_lang=en_US HTTP/2" 200 2329 "-" "Mozilla/5.0 (Windows NT 10.0; Win64; x64) AppleWebKit/537.36 (KHTML, like Gecko) Chrome/124.0.0.0 Safari/537.36"
130.49.77.166 - - [06/Aug/2026:18:03:23 +0000] "GET /wp-login.php?wp_lang=en_US HTTP/2" 200 2329 "-" "Mozilla/5.0 (Macintosh; Intel Mac OS X 10_15_7) AppleWebKit/605.1.15 (KHTML, like Gecko) Version/18.0 Safari/605.1.15"
185.61.219.92 - - [06/Aug/2026:18:03:25 +0000] "GET /wp-content/plugins/gallery-1786039344/_inc/rtl/page-template-1786039344.php HTTP/2" 403 1242 "-" "Mozilla/5.0 (Windows NT 10.0; Win64; x64; rv:133.0) Gecko/20100101 Firefox/133.0"
157.22.16.185 - - [06/Aug/2026:18:03:25 +0000] "POST /wp-login.php HTTP/2" 302 0 "https://lakepointschool.usas.in/wp-login.php" "Mozilla/5.0 (Windows NT 10.0; Win64; x64) AppleWebKit/537.36 (KHTML, like Gecko) Chrome/124.0.0.0 Safari/537.36"
130.49.77.166 - - [06/Aug/2026:18:03:25 +0000] "POST /wp-login.php HTTP/2" 302 0 "https://lakepointschool.usas.in/wp-login.php" "Mozilla/5.0 (Macintosh; Intel Mac OS X 10_15_7) AppleWebKit/605.1.15 (KHTML, like Gecko) Version/18.0 Safari/605.1.15"
83.142.53.50 - - [06/Aug/2026:18:03:26 +0000] "GET /wp-admin/themes.php HTTP/2" 200 19092 "-" "Mozilla/5.0 (Windows NT 10.0; Win64; x64) AppleWebKit/537.36 (KHTML, like Gecko) Chrome/124.0.0.0 Safari/537.36"
157.22.16.185 - - [06/Aug/2026:18:03:27 +0000] "GET /wp-admin/ HTTP/2" 302 0 "https://lakepointschool.usas.in/wp-login.php" "Mozilla/5.0 (Windows NT 10.0; Win64; x64) AppleWebKit/537.36 (KHTML, like Gecko) Chrome/124.0.0.0 Safari/537.36"
130.49.77.166 - - [06/Aug/2026:18:03:27 +0000] "GET /wp-admin/ HTTP/2" 200 20629 "https://lakepointschool.usas.in/wp-login.php" "Mozilla/5.0 (Macintosh; Intel Mac OS X 10_15_7) AppleWebKit/605.1.15 (KHTML, like Gecko) Version/18.0 Safari/605.1.15"
157.22.16.185 - - [06/Aug/2026:18:03:28 +0000] "GET /wp-login.php?redirect_to=https%3A%2F%2Flakepointschool.usas.in%2Fwp-admin%2F&reauth=1 HTTP/2" 200 2328 "https://lakepointschool.usas.in/wp-login.php" "Mozilla/5.0 (Windows NT 10.0; Win64; x64) AppleWebKit/537.36 (KHTML, like Gecko) Chrome/124.0.0.0 Safari/537.36"
83.142.53.50 - - [06/Aug/2026:18:03:28 +0000] "GET /wp-admin/theme-install.php?browse=popular HTTP/2" 200 18072 "-" "Mozilla/5.0 (Windows NT 10.0; Win64; x64) AppleWebKit/537.36 (KHTML, like Gecko) Chrome/124.0.0.0 Safari/537.36"
130.49.77.166 - - [06/Aug/2026:18:03:30 +0000] "GET /wp-admin/ HTTP/2" 200 20655 "-" "Mozilla/5.0 (Macintosh; Intel Mac OS X 10_15_7) AppleWebKit/605.1.15 (KHTML, like Gecko) Version/18.0 Safari/605.1.15"
130.49.78.37 - - [06/Aug/2026:18:03:31 +0000] "GET /wp-login.php HTTP/2" 200 2329 "-" "Mozilla/5.0 (Macintosh; Intel Mac OS X 10_15_7) AppleWebKit/605.1.15 (KHTML, like Gecko) Version/18.0 Safari/605.1.15"
130.49.78.37 - - [06/Aug/2026:18:03:33 +0000] "POST /wp-login.php HTTP/2" 302 0 "https://lakepointschool.usas.in/wp-login.php" "Mozilla/5.0 (Macintosh; Intel Mac OS X 10_15_7) AppleWebKit/605.1.15 (KHTML, like Gecko) Version/18.0 Safari/605.1.15"
130.49.78.37 - - [06/Aug/2026:18:03:36 +0000] "GET /wp-admin/ HTTP/2" 200 20682 "https://lakepointschool.usas.in/wp-login.php" "Mozilla/5.0 (Macintosh; Intel Mac OS X 10_15_7) AppleWebKit/605.1.15 (KHTML, like Gecko) Version/18.0 Safari/605.1.15"
83.142.53.50 - - [06/Aug/2026:18:03:32 +0000] "POST /wp-admin/update.php?action=upload-theme HTTP/2" 200 14266 "https://lakepointschool.usas.in/wp-admin/update.php?action=upload-theme" "Mozilla/5.0 (Windows NT 10.0; Win64; x64) AppleWebKit/537.36 (KHTML, like Gecko) Chrome/124.0.0.0 Safari/537.36"
130.49.77.166 - - [06/Aug/2026:18:03:37 +0000] "GET /wp-admin/plugins.php HTTP/2" 200 18599 "-" "Mozilla/5.0 (Macintosh; Intel Mac OS X 10_15_7) AppleWebKit/605.1.15 (KHTML, like Gecko) Version/18.0 Safari/605.1.15"
77.220.194.122 - - [06/Aug/2026:18:03:41 +0000] "GET /wp-content/themes/custom_file_5_1786039412/template-parts/custom.file.1.1786039412.php HTTP/2" 200 20 "-" "Mozilla/5.0 (Windows NT 10.0; Win64; x64; rv:133.0) Gecko/20100101 Firefox/133.0"
130.49.78.37 - - [06/Aug/2026:18:03:39 +0000] "GET /wp-admin/ HTTP/2" 200 20585 "-" "Mozilla/5.0 (Macintosh; Intel Mac OS X 10_15_7) AppleWebKit/605.1.15 (KHTML, like Gecko) Version/18.0 Safari/605.1.15"
130.49.77.166 - - [06/Aug/2026:18:03:41 +0000] "GET /wp-admin/plugin-install.php HTTP/2" 200 21051 "-" "Mozilla/5.0 (Macintosh; Intel Mac OS X 10_15_7) AppleWebKit/605.1.15 (KHTML, like Gecko) Version/18.0 Safari/605.1.15"
130.49.77.166 - - [06/Aug/2026:18:03:46 +0000] "POST /wp-admin/update.php?action=upload-plugin HTTP/2" 403 1242 "https://lakepointschool.usas.in/wp-admin/update.php?action=upload-plugin" "Mozilla/5.0 (Macintosh; Intel Mac OS X 10_15_7) AppleWebKit/605.1.15 (KHTML, like Gecko) Version/18.0 Safari/605.1.15"
130.49.78.37 - - [06/Aug/2026:18:03:47 +0000] "GET /wp-admin/plugins.php HTTP/2" 200 18599 "-" "Mozilla/5.0 (Macintosh; Intel Mac OS X 10_15_7) AppleWebKit/605.1.15 (KHTML, like Gecko) Version/18.0 Safari/605.1.15"
130.49.77.166 - - [06/Aug/2026:18:03:47 +0000] "GET /wp-admin/themes.php HTTP/2" 200 19644 "-" "Mozilla/5.0 (Macintosh; Intel Mac OS X 10_15_7) AppleWebKit/605.1.15 (KHTML, like Gecko) Version/18.0 Safari/605.1.15"
130.49.77.166 - - [06/Aug/2026:18:03:50 +0000] "GET /wp-admin/theme-install.php?browse=popular HTTP/2" 200 18017 "-" "Mozilla/5.0 (Macintosh; Intel Mac OS X 10_15_7) AppleWebKit/605.1.15 (KHTML, like Gecko) Version/18.0 Safari/605.1.15"
130.49.78.37 - - [06/Aug/2026:18:03:50 +0000] "GET /wp-admin/plugin-install.php HTTP/2" 200 21012 "-" "Mozilla/5.0 (Macintosh; Intel Mac OS X 10_15_7) AppleWebKit/605.1.15 (KHTML, like Gecko) Version/18.0 Safari/605.1.15"
130.49.77.166 - - [06/Aug/2026:18:03:53 +0000] "POST /wp-admin/update.php?action=upload-theme HTTP/2" 403 1242 "https://lakepointschool.usas.in/wp-admin/update.php?action=upload-theme" "Mozilla/5.0 (Macintosh; Intel Mac OS X 10_15_7) AppleWebKit/605.1.15 (KHTML, like Gecko) Version/18.0 Safari/605.1.15"
130.49.78.37 - - [06/Aug/2026:18:03:53 +0000] "POST /wp-admin/update.php?action=upload-plugin HTTP/2" 403 1242 "https://lakepointschool.usas.in/wp-admin/update.php?action=upload-plugin" "Mozilla/5.0 (Macintosh; Intel Mac OS X 10_15_7) AppleWebKit/605.1.15 (KHTML, like Gecko) Version/18.0 Safari/605.1.15"
130.49.77.166 - - [06/Aug/2026:18:03:53 +0000] "GET /wp-admin/admin.php?page=wp_file_manager HTTP/2" 200 16254 "-" "Mozilla/5.0 (Macintosh; Intel Mac OS X 10_15_7) AppleWebKit/605.1.15 (KHTML, like Gecko) Version/18.0 Safari/605.1.15"
130.49.78.37 - - [06/Aug/2026:18:03:55 +0000] "GET /wp-admin/themes.php HTTP/2" 200 19618 "-" "Mozilla/5.0 (Macintosh; Intel Mac OS X 10_15_7) AppleWebKit/605.1.15 (KHTML, like Gecko) Version/18.0 Safari/605.1.15"
130.49.78.37 - - [06/Aug/2026:18:03:57 +0000] "GET /wp-admin/theme-install.php?browse=popular HTTP/2" 200 18122 "-" "Mozilla/5.0 (Macintosh; Intel Mac OS X 10_15_7) AppleWebKit/605.1.15 (KHTML, like Gecko) Version/18.0 Safari/605.1.15"
130.49.77.166 - - [06/Aug/2026:18:03:57 +0000] "GET /wp-admin/admin-ajax.php?action=mk_file_folder_manager&_wpnonce=087242e68b&networkhref=&cmd=tree&target=l1_Lw&reqid=65293e84da40987b3b1d5d75e16e HTTP/2" 200 792 "-" "Mozilla/5.0 (Macintosh; Intel Mac OS X 10_15_7) AppleWebKit/605.1.15 (KHTML, like Gecko) Version/18.0 Safari/605.1.15"
130.49.78.37 - - [06/Aug/2026:18:04:01 +0000] "POST /wp-admin/update.php?action=upload-theme HTTP/2" 403 1242 "https://lakepointschool.usas.in/wp-admin/update.php?action=upload-theme" "Mozilla/5.0 (Macintosh; Intel Mac OS X 10_15_7) AppleWebKit/605.1.15 (KHTML, like Gecko) Version/18.0 Safari/605.1.15"
130.49.77.166 - - [06/Aug/2026:18:04:01 +0000] "GET /wp-admin/admin-ajax.php?action=mk_file_folder_manager&_wpnonce=087242e68b&networkhref=&cmd=tree&target=l1_LndlbGwta25vd24&reqid=4a19ea48f0ca63abc292af1d95fe HTTP/2" 200 198 "-" "Mozilla/5.0 (Macintosh; Intel Mac OS X 10_15_7) AppleWebKit/605.1.15 (KHTML, like Gecko) Version/18.0 Safari/605.1.15"
130.49.78.37 - - [06/Aug/2026:18:04:02 +0000] "GET /wp-admin/admin.php?page=wp_file_manager HTTP/2" 200 16278 "-" "Mozilla/5.0 (Macintosh; Intel Mac OS X 10_15_7) AppleWebKit/605.1.15 (KHTML, like Gecko) Version/18.0 Safari/605.1.15"
130.49.77.166 - - [06/Aug/2026:18:04:04 +0000] "GET /wp-admin/admin-ajax.php?action=mk_file_folder_manager&_wpnonce=087242e68b&networkhref=&cmd=tree&target=l1_Y2dpLWJpbg&reqid=033f9dc9d73e11c0e7c131230662 HTTP/2" 200 164 "-" "Mozilla/5.0 (Macintosh; Intel Mac OS X 10_15_7) AppleWebKit/605.1.15 (KHTML, like Gecko) Version/18.0 Safari/605.1.15"
130.49.78.37 - - [06/Aug/2026:18:04:05 +0000] "GET /wp-admin/admin-ajax.php?action=mk_file_folder_manager&_wpnonce=ae93882784&networkhref=&cmd=tree&target=l1_Lw&reqid=a3abacce396b81e6a24b541ebc4f HTTP/2" 200 792 "-" "Mozilla/5.0 (Macintosh; Intel Mac OS X 10_15_7) AppleWebKit/605.1.15 (KHTML, like Gecko) Version/18.0 Safari/605.1.15"
130.49.77.166 - - [06/Aug/2026:18:04:07 +0000] "GET /wp-admin/admin-ajax.php?action=mk_file_folder_manager&_wpnonce=087242e68b&networkhref=&cmd=tree&target=l1_d3AtYWRtaW4&reqid=971b93d4c21bca2efc15be05f349 HTTP/2" 200 274 "-" "Mozilla/5.0 (Macintosh; Intel Mac OS X 10_15_7) AppleWebKit/605.1.15 (KHTML, like Gecko) Version/18.0 Safari/605.1.15"
130.49.78.37 - - [06/Aug/2026:18:04:08 +0000] "GET /wp-admin/admin-ajax.php?action=mk_file_folder_manager&_wpnonce=ae93882784&networkhref=&cmd=tree&target=l1_LndlbGwta25vd24&reqid=63ea15bf0b0faa017a792903bd1c HTTP/2" 200 196 "-" "Mozilla/5.0 (Macintosh; Intel Mac OS X 10_15_7) AppleWebKit/605.1.15 (KHTML, like Gecko) Version/18.0 Safari/605.1.15"
130.49.77.166 - - [06/Aug/2026:18:04:10 +0000] "GET /wp-admin/admin-ajax.php?action=mk_file_folder_manager&_wpnonce=087242e68b&networkhref=&cmd=tree&target=l1_d3AtY29udGVudA&reqid=33feaf5c6fd96b988ab7e5b3a390 HTTP/2" 200 457 "-" "Mozilla/5.0 (Macintosh; Intel Mac OS X 10_15_7) AppleWebKit/605.1.15 (KHTML, like Gecko) Version/18.0 Safari/605.1.15"
130.49.78.37 - - [06/Aug/2026:18:04:11 +0000] "GET /wp-admin/admin-ajax.php?action=mk_file_folder_manager&_wpnonce=ae93882784&networkhref=&cmd=tree&target=l1_Y2dpLWJpbg&reqid=70f564537b597e123517a700e959 HTTP/2" 200 164 "-" "Mozilla/5.0 (Macintosh; Intel Mac OS X 10_15_7) AppleWebKit/605.1.15 (KHTML, like Gecko) Version/18.0 Safari/605.1.15"
130.49.77.166 - - [06/Aug/2026:18:04:13 +0000] "GET /wp-admin/admin-ajax.php?action=mk_file_folder_manager&_wpnonce=087242e68b&networkhref=&cmd=tree&target=l1_d3AtaW5jbHVkZXM&reqid=699683ab1a4ca0bdbfb36dbfe78b HTTP/2" 200 770 "-" "Mozilla/5.0 (Macintosh; Intel Mac OS X 10_15_7) AppleWebKit/605.1.15 (KHTML, like Gecko) Version/18.0 Safari/605.1.15"
130.49.78.37 - - [06/Aug/2026:18:04:14 +0000] "GET /wp-admin/admin-ajax.php?action=mk_file_folder_manager&_wpnonce=ae93882784&networkhref=&cmd=tree&target=l1_d3AtYWRtaW4&reqid=e77d2a3f78e93e230992b834f9df HTTP/2" 200 273 "-" "Mozilla/5.0 (Macintosh; Intel Mac OS X 10_15_7) AppleWebKit/605.1.15 (KHTML, like Gecko) Version/18.0 Safari/605.1.15"
130.49.78.37 - - [06/Aug/2026:18:04:16 +0000] "GET /wp-admin/admin-ajax.php?action=mk_file_folder_manager&_wpnonce=ae93882784&networkhref=&cmd=tree&target=l1_d3AtY29udGVudA&reqid=3744bf15b731a74c95a164e70f3b HTTP/2" 200 456 "-" "Mozilla/5.0 (Macintosh; Intel Mac OS X 10_15_7) AppleWebKit/605.1.15 (KHTML, like Gecko) Version/18.0 Safari/605.1.15"
130.49.77.166 - - [06/Aug/2026:18:04:16 +0000] "GET /wp-admin/admin-ajax.php?action=mk_file_folder_manager&_wpnonce=087242e68b&networkhref=&cmd=mkfile&name=bottom.1786039456.php&target=l1_d3AtY29udGVudC9iYWNrdXBseQ&reqid=b100b8ef92330a4a98befbdcc1e5 HTTP/2" 200 222 "-" "Mozilla/5.0 (Macintosh; Intel Mac OS X 10_15_7) AppleWebKit/605.1.15 (KHTML, like Gecko) Version/18.0 Safari/605.1.15"
130.49.77.166 - - [06/Aug/2026:18:04:19 +0000] "POST /wp-admin/admin-ajax.php HTTP/2" 403 5137 "https://lakepointschool.usas.in/wp-admin/admin-ajax.php" "Mozilla/5.0 (Macintosh; Intel Mac OS X 10_15_7) AppleWebKit/605.1.15 (KHTML, like Gecko) Version/18.0 Safari/605.1.15"
130.49.77.166 - - [06/Aug/2026:18:04:19 +0000] "POST /wp-admin/admin-ajax.php HTTP/2" 403 5135 "https://lakepointschool.usas.in/wp-admin/admin-ajax.php" "Mozilla/5.0 (Macintosh; Intel Mac OS X 10_15_7) AppleWebKit/605.1.15 (KHTML, like Gecko) Version/18.0 Safari/605.1.15"
130.49.77.166 - - [06/Aug/2026:18:04:20 +0000] "POST /wp-admin/admin-ajax.php HTTP/2" 403 5135 "https://lakepointschool.usas.in/wp-admin/admin-ajax.php" "Mozilla/5.0 (Macintosh; Intel Mac OS X 10_15_7) AppleWebKit/605.1.15 (KHTML, like Gecko) Version/18.0 Safari/605.1.15"
130.49.77.166 - - [06/Aug/2026:18:04:20 +0000] "POST /wp-admin/admin-ajax.php HTTP/2" 403 5137 "https://lakepointschool.usas.in/wp-admin/admin-ajax.php" "Mozilla/5.0 (Macintosh; Intel Mac OS X 10_15_7) AppleWebKit/605.1.15 (KHTML, like Gecko) Version/18.0 Safari/605.1.15"
130.49.77.166 - - [06/Aug/2026:18:04:20 +0000] "POST /wp-admin/admin-ajax.php HTTP/2" 403 5137 "https://lakepointschool.usas.in/wp-admin/admin-ajax.php" "Mozilla/5.0 (Macintosh; Intel Mac OS X 10_15_7) AppleWebKit/605.1.15 (KHTML, like Gecko) Version/18.0 Safari/605.1.15"
130.49.78.37 - - [06/Aug/2026:18:04:18 +0000] "GET /wp-admin/admin-ajax.php?action=mk_file_folder_manager&_wpnonce=ae93882784&networkhref=&cmd=tree&target=l1_d3AtaW5jbHVkZXM&reqid=b0e995059830871fe76108e9aaf2 HTTP/2" 200 770 "-" "Mozilla/5.0 (Macintosh; Intel Mac OS X 10_15_7) AppleWebKit/605.1.15 (KHTML, like Gecko) Version/18.0 Safari/605.1.15"
130.49.78.37 - - [06/Aug/2026:18:04:21 +0000] "GET /wp-admin/admin-ajax.php?action=mk_file_folder_manager&_wpnonce=ae93882784&networkhref=&cmd=mkfile&name=custom_file_5_1786039461.php&target=l1_d3AtY29udGVudC91cGdyYWRlLXRlbXAtYmFja3Vw&reqid=8515af9e5041778621a10c19249d HTTP/2" 200 246 "-" "Mozilla/5.0 (Macintosh; Intel Mac OS X 10_15_7) AppleWebKit/605.1.15 (KHTML, like Gecko) Version/18.0 Safari/605.1.15"
130.49.78.37 - - [06/Aug/2026:18:04:24 +0000] "POST /wp-admin/admin-ajax.php HTTP/2" 403 5137 "https://lakepointschool.usas.in/wp-admin/admin-ajax.php" "Mozilla/5.0 (Macintosh; Intel Mac OS X 10_15_7) AppleWebKit/605.1.15 (KHTML, like Gecko) Version/18.0 Safari/605.1.15"
130.49.78.37 - - [06/Aug/2026:18:04:25 +0000] "POST /wp-admin/admin-ajax.php HTTP/2" 403 5137 "https://lakepointschool.usas.in/wp-admin/admin-ajax.php" "Mozilla/5.0 (Macintosh; Intel Mac OS X 10_15_7) AppleWebKit/605.1.15 (KHTML, like Gecko) Version/18.0 Safari/605.1.15"
146.19.90.21 - - [06/Aug/2026:18:04:22 +0000] "GET /wp-login.php HTTP/2" 200 2329 "-" "Mozilla/5.0 (Windows NT 10.0; Win64; x64; rv:133.0) Gecko/20100101 Firefox/133.0"
130.49.78.37 - - [06/Aug/2026:18:04:25 +0000] "POST /wp-admin/admin-ajax.php HTTP/2" 403 5137 "https://lakepointschool.usas.in/wp-admin/admin-ajax.php" "Mozilla/5.0 (Macintosh; Intel Mac OS X 10_15_7) AppleWebKit/605.1.15 (KHTML, like Gecko) Version/18.0 Safari/605.1.15"
130.49.78.37 - - [06/Aug/2026:18:04:25 +0000] "POST /wp-admin/admin-ajax.php HTTP/2" 403 5137 "https://lakepointschool.usas.in/wp-admin/admin-ajax.php" "Mozilla/5.0 (Macintosh; Intel Mac OS X 10_15_7) AppleWebKit/605.1.15 (KHTML, like Gecko) Version/18.0 Safari/605.1.15"
130.49.78.37 - - [06/Aug/2026:18:04:26 +0000] "POST /wp-admin/admin-ajax.php HTTP/2" 403 5137 "https://lakepointschool.usas.in/wp-admin/admin-ajax.php" "Mozilla/5.0 (Macintosh; Intel Mac OS X 10_15_7) AppleWebKit/605.1.15 (KHTML, like Gecko) Version/18.0 Safari/605.1.15"
