5.181.170.88 - - [06/Aug/2026:18:04:32 +0000] "GET /wp-login.php?wp_lang=en_US HTTP/2" 200 2329 "-" "Mozilla/5.0 (Macintosh; Intel Mac OS X 10_15_7) AppleWebKit/605.1.15 (KHTML, like Gecko) Version/18.0 Safari/605.1.15"
170.168.30.59 - - [06/Aug/2026:18:03:18 +0000] "POST /wp-admin/admin-ajax.php HTTP/2" 403 5137 "https://lakepointschool.usas.in/wp-admin/admin-ajax.php" "Mozilla/5.0 (Windows NT 10.0; Win64; x64) AppleWebKit/537.36 (KHTML, like Gecko) Chrome/124.0.0.0 Safari/537.36"
170.168.30.59 - - [06/Aug/2026:18:03:19 +0000] "POST /wp-admin/admin-ajax.php HTTP/2" 403 5135 "https://lakepointschool.usas.in/wp-admin/admin-ajax.php" "Mozilla/5.0 (Windows NT 10.0; Win64; x64) AppleWebKit/537.36 (KHTML, like Gecko) Chrome/124.0.0.0 Safari/537.36"
170.168.30.59 - - [06/Aug/2026:18:03:19 +0000] "POST /wp-admin/admin-ajax.php HTTP/2" 403 5137 "https://lakepointschool.usas.in/wp-admin/admin-ajax.php" "Mozilla/5.0 (Windows NT 10.0; Win64; x64) AppleWebKit/537.36 (KHTML, like Gecko) Chrome/124.0.0.0 Safari/537.36"
170.168.30.59 - - [06/Aug/2026:18:03:20 +0000] "POST /wp-admin/admin-ajax.php HTTP/2" 403 5135 "https://lakepointschool.usas.in/wp-admin/admin-ajax.php" "Mozilla/5.0 (Windows NT 10.0; Win64; x64) AppleWebKit/537.36 (KHTML, like Gecko) Chrome/124.0.0.0 Safari/537.36"
170.168.30.59 - - [06/Aug/2026:18:03:20 +0000] "POST /wp-admin/admin-ajax.php HTTP/2" 403 5137 "https://lakepointschool.usas.in/wp-admin/admin-ajax.php" "Mozilla/5.0 (Windows NT 10.0; Win64; x64) AppleWebKit/537.36 (KHTML, like Gecko) Chrome/124.0.0.0 Safari/537.36"
170.168.96.209 - - [06/Aug/2026:18:03:21 +0000] "GET /wp-content/plugins/gallery-1786039344/_inc/rtl/page-template-1786039344.php HTTP/2" 403 1242 "-" "Mozilla/5.0 (Windows NT 10.0; Win64; x64; rv:133.0) Gecko/20100101 Firefox/133.0"
170.168.29.210 - - [06/Aug/2026:18:03:22 +0000] "GET /wp-content/plugins/gallery-1786039344/_inc/rtl/page-template-1786039344.php HTTP/2" 403 1242 "-" "Mozilla/5.0 (Windows NT 10.0; Win64; x64) AppleWebKit/537.36 (KHTML, like Gecko) Chrome/124.0.0.0 Safari/537.36"
130.49.77.166 - - [06/Aug/2026:18:03:33 +0000] "GET /wp-admin/admin-ajax.php?action=rest-nonce HTTP/2" 400 5 "-" "Mozilla/5.0 (Macintosh; Intel Mac OS X 10_15_7) AppleWebKit/605.1.15 (KHTML, like Gecko) Version/18.0 Safari/605.1.15"
130.49.78.37 - - [06/Aug/2026:18:03:44 +0000] "GET /wp-admin/admin-ajax.php?action=rest-nonce HTTP/2" 400 5 "-" "Mozilla/5.0 (Macintosh; Intel Mac OS X 10_15_7) AppleWebKit/605.1.15 (KHTML, like Gecko) Version/18.0 Safari/605.1.15"
192.250.235.43 - - [06/Aug/2026:18:03:46 +0000] "GET / HTTP/1.1" 200 135648 "-" "-"
155.212.111.96 - - [06/Aug/2026:18:04:22 +0000] "GET /wp-login.php HTTP/2" 200 2329 "-" "Mozilla/5.0 (Macintosh; Intel Mac OS X 10_15_7) AppleWebKit/605.1.15 (KHTML, like Gecko) Version/18.0 Safari/605.1.15"
146.19.90.21 - - [06/Aug/2026:18:04:26 +0000] "GET /wp-login.php?wp_lang=en_US HTTP/2" 200 2329 "-" "Mozilla/5.0 (Windows NT 10.0; Win64; x64; rv:133.0) Gecko/20100101 Firefox/133.0"
155.212.111.96 - - [06/Aug/2026:18:04:27 +0000] "GET /wp-login.php?wp_lang=en_US HTTP/2" 200 2329 "-" "Mozilla/5.0 (Windows NT 10.0; Win64; x64; rv:133.0) Gecko/20100101 Firefox/133.0"
5.181.170.88 - - [06/Aug/2026:18:04:27 +0000] "GET /wp-login.php HTTP/2" 200 2329 "-" "Mozilla/5.0 (Macintosh; Intel Mac OS X 10_15_7) AppleWebKit/605.1.15 (KHTML, like Gecko) Version/18.0 Safari/605.1.15"
146.19.90.21 - - [06/Aug/2026:18:04:29 +0000] "POST /wp-login.php HTTP/2" 302 0 "https://lakepointschool.usas.in/wp-login.php" "Mozilla/5.0 (Windows NT 10.0; Win64; x64; rv:133.0) Gecko/20100101 Firefox/133.0"
155.212.111.96 - - [06/Aug/2026:18:04:31 +0000] "POST /wp-login.php HTTP/2" 302 0 "https://lakepointschool.usas.in/wp-login.php" "Mozilla/5.0 (Windows NT 10.0; Win64; x64; rv:133.0) Gecko/20100101 Firefox/133.0"
146.19.90.21 - - [06/Aug/2026:18:04:33 +0000] "GET /wp-admin/ HTTP/2" 200 20734 "https://lakepointschool.usas.in/wp-login.php" "Mozilla/5.0 (Windows NT 10.0; Win64; x64; rv:133.0) Gecko/20100101 Firefox/133.0"
155.212.111.96 - - [06/Aug/2026:18:04:35 +0000] "GET /wp-admin/ HTTP/2" 200 20673 "https://lakepointschool.usas.in/wp-login.php" "Mozilla/5.0 (Windows NT 10.0; Win64; x64; rv:133.0) Gecko/20100101 Firefox/133.0"
146.19.90.21 - - [06/Aug/2026:18:04:38 +0000] "GET /wp-admin/ HTTP/2" 200 20767 "-" "Mozilla/5.0 (Windows NT 10.0; Win64; x64; rv:133.0) Gecko/20100101 Firefox/133.0"
155.212.111.96 - - [06/Aug/2026:18:04:38 +0000] "GET /wp-admin/ HTTP/2" 200 20750 "-" "Mozilla/5.0 (Windows NT 10.0; Win64; x64; rv:133.0) Gecko/20100101 Firefox/133.0"
155.212.111.96 - - [06/Aug/2026:18:04:43 +0000] "GET /wp-admin/admin-ajax.php?action=rest-nonce HTTP/2" 400 5 "-" "Mozilla/5.0 (Windows NT 10.0; Win64; x64; rv:133.0) Gecko/20100101 Firefox/133.0"
5.181.170.88 - - [06/Aug/2026:18:04:46 +0000] "GET /wp-admin/admin-ajax.php?action=rest-nonce HTTP/2" 400 5 "-" "Mozilla/5.0 (Macintosh; Intel Mac OS X 10_15_7) AppleWebKit/605.1.15 (KHTML, like Gecko) Version/18.0 Safari/605.1.15"
155.212.111.96 - - [06/Aug/2026:18:04:46 +0000] "GET /wp-admin/plugins.php HTTP/2" 200 18487 "-" "Mozilla/5.0 (Windows NT 10.0; Win64; x64; rv:133.0) Gecko/20100101 Firefox/133.0"
146.19.90.21 - - [06/Aug/2026:18:04:47 +0000] "GET /wp-admin/plugins.php HTTP/2" 200 18489 "-" "Mozilla/5.0 (Windows NT 10.0; Win64; x64; rv:133.0) Gecko/20100101 Firefox/133.0"
155.212.111.96 - - [06/Aug/2026:18:04:51 +0000] "GET /wp-admin/plugin-install.php HTTP/2" 200 21151 "-" "Mozilla/5.0 (Windows NT 10.0; Win64; x64; rv:133.0) Gecko/20100101 Firefox/133.0"
155.212.111.96 - - [06/Aug/2026:18:04:59 +0000] "POST /wp-admin/update.php?action=upload-plugin HTTP/2" 403 1242 "https://lakepointschool.usas.in/wp-admin/update.php?action=upload-plugin" "Mozilla/5.0 (Windows NT 10.0; Win64; x64; rv:133.0) Gecko/20100101 Firefox/133.0"
146.19.90.21 - - [06/Aug/2026:18:04:54 +0000] "GET /wp-admin/plugin-install.php HTTP/2" 200 21015 "-" "Mozilla/5.0 (Windows NT 10.0; Win64; x64; rv:133.0) Gecko/20100101 Firefox/133.0"
155.212.111.96 - - [06/Aug/2026:18:05:01 +0000] "GET /wp-admin/themes.php HTTP/2" 200 19659 "-" "Mozilla/5.0 (Windows NT 10.0; Win64; x64; rv:133.0) Gecko/20100101 Firefox/133.0"
146.19.90.21 - - [06/Aug/2026:18:05:04 +0000] "POST /wp-admin/update.php?action=upload-plugin HTTP/2" 403 1242 "https://lakepointschool.usas.in/wp-admin/update.php?action=upload-plugin" "Mozilla/5.0 (Windows NT 10.0; Win64; x64; rv:133.0) Gecko/20100101 Firefox/133.0"
155.212.111.96 - - [06/Aug/2026:18:05:06 +0000] "GET /wp-admin/theme-install.php?browse=popular HTTP/2" 200 18012 "-" "Mozilla/5.0 (Windows NT 10.0; Win64; x64; rv:133.0) Gecko/20100101 Firefox/133.0"
146.19.90.21 - - [06/Aug/2026:18:05:06 +0000] "GET /wp-admin/themes.php HTTP/2" 200 19567 "-" "Mozilla/5.0 (Windows NT 10.0; Win64; x64; rv:133.0) Gecko/20100101 Firefox/133.0"
155.212.111.96 - - [06/Aug/2026:18:05:11 +0000] "POST /wp-admin/update.php?action=upload-theme HTTP/2" 403 1242 "https://lakepointschool.usas.in/wp-admin/update.php?action=upload-theme" "Mozilla/5.0 (Windows NT 10.0; Win64; x64; rv:133.0) Gecko/20100101 Firefox/133.0"
146.19.90.21 - - [06/Aug/2026:18:05:11 +0000] "GET /wp-admin/theme-install.php?browse=popular HTTP/2" 200 18076 "-" "Mozilla/5.0 (Windows NT 10.0; Win64; x64; rv:133.0) Gecko/20100101 Firefox/133.0"
155.212.111.96 - - [06/Aug/2026:18:05:12 +0000] "GET /wp-admin/admin.php?page=wp_file_manager HTTP/2" 200 16250 "-" "Mozilla/5.0 (Windows NT 10.0; Win64; x64; rv:133.0) Gecko/20100101 Firefox/133.0"
146.19.90.21 - - [06/Aug/2026:18:05:16 +0000] "POST /wp-admin/update.php?action=upload-theme HTTP/2" 403 1242 "https://lakepointschool.usas.in/wp-admin/update.php?action=upload-theme" "Mozilla/5.0 (Windows NT 10.0; Win64; x64; rv:133.0) Gecko/20100101 Firefox/133.0"
155.212.111.96 - - [06/Aug/2026:18:05:16 +0000] "GET /wp-admin/admin-ajax.php?action=mk_file_folder_manager&_wpnonce=fe10c222d2&networkhref=&cmd=tree&target=l1_Lw&reqid=7c141a256a3223141c59a7364dfe HTTP/2" 200 791 "-" "Mozilla/5.0 (Windows NT 10.0; Win64; x64; rv:133.0) Gecko/20100101 Firefox/133.0"
146.19.90.21 - - [06/Aug/2026:18:05:17 +0000] "GET /wp-admin/admin.php?page=wp_file_manager HTTP/2" 200 16301 "-" "Mozilla/5.0 (Windows NT 10.0; Win64; x64; rv:133.0) Gecko/20100101 Firefox/133.0"
5.181.170.88 - - [06/Aug/2026:18:04:35 +0000] "POST /wp-login.php HTTP/2" 302 0 "https://lakepointschool.usas.in/wp-login.php" "Mozilla/5.0 (Macintosh; Intel Mac OS X 10_15_7) AppleWebKit/605.1.15 (KHTML, like Gecko) Version/18.0 Safari/605.1.15"
5.181.170.88 - - [06/Aug/2026:18:04:38 +0000] "GET /wp-admin/ HTTP/2" 200 20647 "https://lakepointschool.usas.in/wp-login.php" "Mozilla/5.0 (Macintosh; Intel Mac OS X 10_15_7) AppleWebKit/605.1.15 (KHTML, like Gecko) Version/18.0 Safari/605.1.15"
5.181.170.88 - - [06/Aug/2026:18:04:41 +0000] "GET /wp-admin/ HTTP/2" 200 20807 "-" "Mozilla/5.0 (Macintosh; Intel Mac OS X 10_15_7) AppleWebKit/605.1.15 (KHTML, like Gecko) Version/18.0 Safari/605.1.15"
146.19.90.21 - - [06/Aug/2026:18:04:43 +0000] "GET /wp-admin/admin-ajax.php?action=rest-nonce HTTP/2" 400 5 "-" "Mozilla/5.0 (Windows NT 10.0; Win64; x64; rv:133.0) Gecko/20100101 Firefox/133.0"
192.250.235.43 - - [06/Aug/2026:18:04:47 +0000] "GET / HTTP/1.1" 200 135648 "-" "-"
5.181.170.88 - - [06/Aug/2026:18:04:50 +0000] "GET /wp-admin/plugins.php HTTP/2" 200 18410 "-" "Mozilla/5.0 (Macintosh; Intel Mac OS X 10_15_7) AppleWebKit/605.1.15 (KHTML, like Gecko) Version/18.0 Safari/605.1.15"
5.181.170.88 - - [06/Aug/2026:18:04:57 +0000] "GET /wp-admin/plugin-install.php HTTP/2" 200 21011 "-" "Mozilla/5.0 (Macintosh; Intel Mac OS X 10_15_7) AppleWebKit/605.1.15 (KHTML, like Gecko) Version/18.0 Safari/605.1.15"
5.181.170.88 - - [06/Aug/2026:18:05:04 +0000] "POST /wp-admin/update.php?action=upload-plugin HTTP/2" 403 1242 "https://lakepointschool.usas.in/wp-admin/update.php?action=upload-plugin" "Mozilla/5.0 (Macintosh; Intel Mac OS X 10_15_7) AppleWebKit/605.1.15 (KHTML, like Gecko) Version/18.0 Safari/605.1.15"
5.181.170.88 - - [06/Aug/2026:18:05:06 +0000] "GET /wp-admin/themes.php HTTP/2" 200 19597 "-" "Mozilla/5.0 (Macintosh; Intel Mac OS X 10_15_7) AppleWebKit/605.1.15 (KHTML, like Gecko) Version/18.0 Safari/605.1.15"
5.181.170.88 - - [06/Aug/2026:18:05:11 +0000] "GET /wp-admin/theme-install.php?browse=popular HTTP/2" 200 18068 "-" "Mozilla/5.0 (Macintosh; Intel Mac OS X 10_15_7) AppleWebKit/605.1.15 (KHTML, like Gecko) Version/18.0 Safari/605.1.15"
5.181.170.88 - - [06/Aug/2026:18:05:17 +0000] "POST /wp-admin/update.php?action=upload-theme HTTP/2" 403 1242 "https://lakepointschool.usas.in/wp-admin/update.php?action=upload-theme" "Mozilla/5.0 (Macintosh; Intel Mac OS X 10_15_7) AppleWebKit/605.1.15 (KHTML, like Gecko) Version/18.0 Safari/605.1.15"
5.181.170.88 - - [06/Aug/2026:18:05:18 +0000] "GET /wp-admin/admin.php?page=wp_file_manager HTTP/2" 200 16293 "-" "Mozilla/5.0 (Macintosh; Intel Mac OS X 10_15_7) AppleWebKit/605.1.15 (KHTML, like Gecko) Version/18.0 Safari/605.1.15"
5.181.170.88 - - [06/Aug/2026:18:05:21 +0000] "GET /wp-admin/admin-ajax.php?action=mk_file_folder_manager&_wpnonce=ca01f8e3cc&networkhref=&cmd=tree&target=l1_Lw&reqid=0490c1a59a024966abbec0431138 HTTP/2" 200 791 "-" "Mozilla/5.0 (Macintosh; Intel Mac OS X 10_15_7) AppleWebKit/605.1.15 (KHTML, like Gecko) Version/18.0 Safari/605.1.15"
5.181.170.88 - - [06/Aug/2026:18:05:25 +0000] "GET /wp-admin/admin-ajax.php?action=mk_file_folder_manager&_wpnonce=ca01f8e3cc&networkhref=&cmd=tree&target=l1_LndlbGwta25vd24&reqid=858a9338f53236604f95cf5266c3 HTTP/2" 200 198 "-" "Mozilla/5.0 (Macintosh; Intel Mac OS X 10_15_7) AppleWebKit/605.1.15 (KHTML, like Gecko) Version/18.0 Safari/605.1.15"
5.181.170.88 - - [06/Aug/2026:18:05:28 +0000] "GET /wp-admin/admin-ajax.php?action=mk_file_folder_manager&_wpnonce=ca01f8e3cc&networkhref=&cmd=tree&target=l1_Y2dpLWJpbg&reqid=50671c17d01ba3423e9795341b92 HTTP/2" 200 164 "-" "Mozilla/5.0 (Macintosh; Intel Mac OS X 10_15_7) AppleWebKit/605.1.15 (KHTML, like Gecko) Version/18.0 Safari/605.1.15"
5.181.170.88 - - [06/Aug/2026:18:05:31 +0000] "GET /wp-admin/admin-ajax.php?action=mk_file_folder_manager&_wpnonce=ca01f8e3cc&networkhref=&cmd=tree&target=l1_d3AtYWRtaW4&reqid=4ebe14c7fb9ffc52052313b52d97 HTTP/2" 200 274 "-" "Mozilla/5.0 (Macintosh; Intel Mac OS X 10_15_7) AppleWebKit/605.1.15 (KHTML, like Gecko) Version/18.0 Safari/605.1.15"
155.212.111.96 - - [06/Aug/2026:18:05:20 +0000] "GET /wp-admin/admin-ajax.php?action=mk_file_folder_manager&_wpnonce=fe10c222d2&networkhref=&cmd=tree&target=l1_LndlbGwta25vd24&reqid=8dd8a910ebbaef4c431a518e6e81 HTTP/2" 200 198 "-" "Mozilla/5.0 (Windows NT 10.0; Win64; x64; rv:133.0) Gecko/20100101 Firefox/133.0"
146.19.90.21 - - [06/Aug/2026:18:05:22 +0000] "GET /wp-admin/admin-ajax.php?action=mk_file_folder_manager&_wpnonce=574469819f&networkhref=&cmd=tree&target=l1_Lw&reqid=50dc345d4782845e70dacf4a3e64 HTTP/2" 200 791 "-" "Mozilla/5.0 (Windows NT 10.0; Win64; x64; rv:133.0) Gecko/20100101 Firefox/133.0"
155.212.111.96 - - [06/Aug/2026:18:05:24 +0000] "GET /wp-admin/admin-ajax.php?action=mk_file_folder_manager&_wpnonce=fe10c222d2&networkhref=&cmd=tree&target=l1_Y2dpLWJpbg&reqid=a6e5d2b59639175e5fcddaf66466 HTTP/2" 200 164 "-" "Mozilla/5.0 (Windows NT 10.0; Win64; x64; rv:133.0) Gecko/20100101 Firefox/133.0"
146.19.90.21 - - [06/Aug/2026:18:05:28 +0000] "GET /wp-admin/admin-ajax.php?action=mk_file_folder_manager&_wpnonce=574469819f&networkhref=&cmd=tree&target=l1_LndlbGwta25vd24&reqid=bab6c80e52ee5131ebcfe96bd3b4 HTTP/2" 200 198 "-" "Mozilla/5.0 (Windows NT 10.0; Win64; x64; rv:133.0) Gecko/20100101 Firefox/133.0"
155.212.111.96 - - [06/Aug/2026:18:05:28 +0000] "GET /wp-admin/admin-ajax.php?action=mk_file_folder_manager&_wpnonce=fe10c222d2&networkhref=&cmd=tree&target=l1_d3AtYWRtaW4&reqid=7882f5469d73ec8dbf20a76e4f7d HTTP/2" 200 273 "-" "Mozilla/5.0 (Windows NT 10.0; Win64; x64; rv:133.0) Gecko/20100101 Firefox/133.0"
146.19.90.21 - - [06/Aug/2026:18:05:32 +0000] "GET /wp-admin/admin-ajax.php?action=mk_file_folder_manager&_wpnonce=574469819f&networkhref=&cmd=tree&target=l1_Y2dpLWJpbg&reqid=3c67ca8cbb3ac2d76bb6ec02e574 HTTP/2" 200 164 "-" "Mozilla/5.0 (Windows NT 10.0; Win64; x64; rv:133.0) Gecko/20100101 Firefox/133.0"
155.212.111.96 - - [06/Aug/2026:18:05:32 +0000] "GET /wp-admin/admin-ajax.php?action=mk_file_folder_manager&_wpnonce=fe10c222d2&networkhref=&cmd=tree&target=l1_d3AtY29udGVudA&reqid=e1764b57e21a36892503d9e08b4a HTTP/2" 200 450 "-" "Mozilla/5.0 (Windows NT 10.0; Win64; x64; rv:133.0) Gecko/20100101 Firefox/133.0"
146.19.90.21 - - [06/Aug/2026:18:05:34 +0000] "GET /wp-admin/admin-ajax.php?action=mk_file_folder_manager&_wpnonce=574469819f&networkhref=&cmd=tree&target=l1_d3AtYWRtaW4&reqid=dc82b7c7256d20ddcd71d96ab40d HTTP/2" 200 274 "-" "Mozilla/5.0 (Windows NT 10.0; Win64; x64; rv:133.0) Gecko/20100101 Firefox/133.0"
146.19.90.21 - - [06/Aug/2026:18:05:38 +0000] "GET /wp-admin/admin-ajax.php?action=mk_file_folder_manager&_wpnonce=574469819f&networkhref=&cmd=tree&target=l1_d3AtY29udGVudA&reqid=2fab1c46b85a17dbfb33ff5bd2fd HTTP/2" 200 450 "-" "Mozilla/5.0 (Windows NT 10.0; Win64; x64; rv:133.0) Gecko/20100101 Firefox/133.0"
155.212.111.96 - - [06/Aug/2026:18:05:36 +0000] "GET /wp-admin/admin-ajax.php?action=mk_file_folder_manager&_wpnonce=fe10c222d2&networkhref=&cmd=tree&target=l1_d3AtaW5jbHVkZXM&reqid=949abcdd16ffcd60c52dde977e9d HTTP/2" 200 771 "-" "Mozilla/5.0 (Windows NT 10.0; Win64; x64; rv:133.0) Gecko/20100101 Firefox/133.0"
155.212.111.96 - - [06/Aug/2026:18:05:41 +0000] "GET /wp-admin/admin-ajax.php?action=mk_file_folder_manager&_wpnonce=fe10c222d2&networkhref=&cmd=mkfile&name=comment_section_1786039541.php&target=l1_d3AtY29udGVudC91cGdyYWRlLXRlbXAtYmFja3Vw&reqid=dd0a24c6d3c1adbd11df07a7de02 HTTP/2" 200 252 "-" "Mozilla/5.0 (Windows NT 10.0; Win64; x64; rv:133.0) Gecko/20100101 Firefox/133.0"
155.212.111.96 - - [06/Aug/2026:18:05:43 +0000] "POST /wp-admin/admin-ajax.php HTTP/2" 403 1242 "https://lakepointschool.usas.in/wp-admin/admin-ajax.php" "Mozilla/5.0 (Windows NT 10.0; Win64; x64; rv:133.0) Gecko/20100101 Firefox/133.0"
146.19.90.21 - - [06/Aug/2026:18:05:41 +0000] "GET /wp-admin/admin-ajax.php?action=mk_file_folder_manager&_wpnonce=574469819f&networkhref=&cmd=tree&target=l1_d3AtaW5jbHVkZXM&reqid=e703d422ac97d6c93d922ec1aa22 HTTP/2" 200 771 "-" "Mozilla/5.0 (Windows NT 10.0; Win64; x64; rv:133.0) Gecko/20100101 Firefox/133.0"
5.181.170.88 - - [06/Aug/2026:18:05:35 +0000] "GET /wp-admin/admin-ajax.php?action=mk_file_folder_manager&_wpnonce=ca01f8e3cc&networkhref=&cmd=tree&target=l1_d3AtY29udGVudA&reqid=5274173a7211914863d8f7ad2066 HTTP/2" 200 450 "-" "Mozilla/5.0 (Macintosh; Intel Mac OS X 10_15_7) AppleWebKit/605.1.15 (KHTML, like Gecko) Version/18.0 Safari/605.1.15"
5.181.170.88 - - [06/Aug/2026:18:05:39 +0000] "GET /wp-admin/admin-ajax.php?action=mk_file_folder_manager&_wpnonce=ca01f8e3cc&networkhref=&cmd=tree&target=l1_d3AtaW5jbHVkZXM&reqid=c8df9b77335a2d5beba0f1b8dade HTTP/2" 200 771 "-" "Mozilla/5.0 (Macintosh; Intel Mac OS X 10_15_7) AppleWebKit/605.1.15 (KHTML, like Gecko) Version/18.0 Safari/605.1.15"
5.181.170.88 - - [06/Aug/2026:18:05:43 +0000] "GET /wp-admin/admin-ajax.php?action=mk_file_folder_manager&_wpnonce=ca01f8e3cc&networkhref=&cmd=mkfile&name=post.1786039543.php&target=l1_d3AtY29udGVudC9jYWNoZQ&reqid=ce036a52e2386db19b11100b995c HTTP/2" 200 213 "-" "Mozilla/5.0 (Macintosh; Intel Mac OS X 10_15_7) AppleWebKit/605.1.15 (KHTML, like Gecko) Version/18.0 Safari/605.1.15"
5.181.170.88 - - [06/Aug/2026:18:05:46 +0000] "POST /wp-admin/admin-ajax.php HTTP/2" 403 5137 "https://lakepointschool.usas.in/wp-admin/admin-ajax.php" "Mozilla/5.0 (Macintosh; Intel Mac OS X 10_15_7) AppleWebKit/605.1.15 (KHTML, like Gecko) Version/18.0 Safari/605.1.15"
5.181.170.88 - - [06/Aug/2026:18:05:46 +0000] "POST /wp-admin/admin-ajax.php HTTP/2" 403 5137 "https://lakepointschool.usas.in/wp-admin/admin-ajax.php" "Mozilla/5.0 (Macintosh; Intel Mac OS X 10_15_7) AppleWebKit/605.1.15 (KHTML, like Gecko) Version/18.0 Safari/605.1.15"
5.181.170.88 - - [06/Aug/2026:18:05:47 +0000] "POST /wp-admin/admin-ajax.php HTTP/2" 403 5137 "https://lakepointschool.usas.in/wp-admin/admin-ajax.php" "Mozilla/5.0 (Macintosh; Intel Mac OS X 10_15_7) AppleWebKit/605.1.15 (KHTML, like Gecko) Version/18.0 Safari/605.1.15"
5.181.170.88 - - [06/Aug/2026:18:05:47 +0000] "POST /wp-admin/admin-ajax.php HTTP/2" 403 5137 "https://lakepointschool.usas.in/wp-admin/admin-ajax.php" "Mozilla/5.0 (Macintosh; Intel Mac OS X 10_15_7) AppleWebKit/605.1.15 (KHTML, like Gecko) Version/18.0 Safari/605.1.15"
5.181.170.88 - - [06/Aug/2026:18:05:48 +0000] "POST /wp-admin/admin-ajax.php HTTP/2" 403 5135 "https://lakepointschool.usas.in/wp-admin/admin-ajax.php" "Mozilla/5.0 (Macintosh; Intel Mac OS X 10_15_7) AppleWebKit/605.1.15 (KHTML, like Gecko) Version/18.0 Safari/605.1.15"
185.89.43.211 - - [06/Aug/2026:18:05:54 +0000] "GET /wp-login.php?wp_lang=en_US HTTP/2" 200 2329 "-" "Mozilla/5.0 (Macintosh; Intel Mac OS X 10_15_7) AppleWebKit/605.1.15 (KHTML, like Gecko) Version/18.0 Safari/605.1.15"
185.89.43.211 - - [06/Aug/2026:18:05:57 +0000] "POST /wp-login.php HTTP/2" 302 0 "https://lakepointschool.usas.in/wp-login.php" "Mozilla/5.0 (Macintosh; Intel Mac OS X 10_15_7) AppleWebKit/605.1.15 (KHTML, like Gecko) Version/18.0 Safari/605.1.15"
193.202.14.168 - - [06/Aug/2026:18:06:01 +0000] "GET /wp-login.php?wp_lang=en_US HTTP/2" 200 2329 "-" "Mozilla/5.0 (Windows NT 10.0; Win64; x64) AppleWebKit/537.36 (KHTML, like Gecko) Chrome/124.0.0.0 Safari/537.36"
185.89.43.211 - - [06/Aug/2026:18:06:00 +0000] "GET /wp-admin/ HTTP/2" 200 20722 "https://lakepointschool.usas.in/wp-login.php" "Mozilla/5.0 (Macintosh; Intel Mac OS X 10_15_7) AppleWebKit/605.1.15 (KHTML, like Gecko) Version/18.0 Safari/605.1.15"
185.89.43.211 - - [06/Aug/2026:18:06:06 +0000] "GET /wp-admin/ HTTP/2" 200 20705 "-" "Mozilla/5.0 (Macintosh; Intel Mac OS X 10_15_7) AppleWebKit/605.1.15 (KHTML, like Gecko) Version/18.0 Safari/605.1.15"
193.202.14.168 - - [06/Aug/2026:18:06:05 +0000] "POST /wp-login.php HTTP/2" 302 0 "https://lakepointschool.usas.in/wp-login.php" "Mozilla/5.0 (Windows NT 10.0; Win64; x64) AppleWebKit/537.36 (KHTML, like Gecko) Chrome/124.0.0.0 Safari/537.36"
185.89.43.211 - - [06/Aug/2026:18:06:10 +0000] "GET /wp-admin/admin-ajax.php?action=rest-nonce HTTP/2" 400 5 "-" "Mozilla/5.0 (Macintosh; Intel Mac OS X 10_15_7) AppleWebKit/605.1.15 (KHTML, like Gecko) Version/18.0 Safari/605.1.15"
155.212.111.96 - - [06/Aug/2026:18:05:44 +0000] "POST /wp-admin/admin-ajax.php HTTP/2" 403 1242 "https://lakepointschool.usas.in/wp-admin/admin-ajax.php" "Mozilla/5.0 (Windows NT 10.0; Win64; x64; rv:133.0) Gecko/20100101 Firefox/133.0"
155.212.111.96 - - [06/Aug/2026:18:05:45 +0000] "POST /wp-admin/admin-ajax.php HTTP/2" 403 1242 "https://lakepointschool.usas.in/wp-admin/admin-ajax.php" "Mozilla/5.0 (Windows NT 10.0; Win64; x64; rv:133.0) Gecko/20100101 Firefox/133.0"
155.212.111.96 - - [06/Aug/2026:18:05:47 +0000] "POST /wp-admin/admin-ajax.php HTTP/2" 403 1242 "https://lakepointschool.usas.in/wp-admin/admin-ajax.php" "Mozilla/5.0 (Windows NT 10.0; Win64; x64; rv:133.0) Gecko/20100101 Firefox/133.0"
155.212.111.96 - - [06/Aug/2026:18:05:48 +0000] "POST /wp-admin/admin-ajax.php HTTP/2" 403 1242 "https://lakepointschool.usas.in/wp-admin/admin-ajax.php" "Mozilla/5.0 (Windows NT 10.0; Win64; x64; rv:133.0) Gecko/20100101 Firefox/133.0"
146.19.90.21 - - [06/Aug/2026:18:05:45 +0000] "GET /wp-admin/admin-ajax.php?action=mk_file_folder_manager&_wpnonce=574469819f&networkhref=&cmd=mkfile&name=custom.file.2.1786039544.php&target=l1_d3AtY29udGVudC91cGdyYWRlLXRlbXAtYmFja3Vw&reqid=1ff1f1c22b5e0157466eb940a9ff HTTP/2" 200 244 "-" "Mozilla/5.0 (Windows NT 10.0; Win64; x64; rv:133.0) Gecko/20100101 Firefox/133.0"
146.19.90.21 - - [06/Aug/2026:18:05:50 +0000] "POST /wp-admin/admin-ajax.php HTTP/2" 403 5135 "https://lakepointschool.usas.in/wp-admin/admin-ajax.php" "Mozilla/5.0 (Windows NT 10.0; Win64; x64; rv:133.0) Gecko/20100101 Firefox/133.0"
192.250.235.43 - - [06/Aug/2026:18:05:49 +0000] "GET / HTTP/1.1" 200 135648 "-" "-"
185.89.43.211 - - [06/Aug/2026:18:05:49 +0000] "GET /wp-login.php HTTP/2" 200 2329 "-" "Mozilla/5.0 (Macintosh; Intel Mac OS X 10_15_7) AppleWebKit/605.1.15 (KHTML, like Gecko) Version/18.0 Safari/605.1.15"
146.19.90.21 - - [06/Aug/2026:18:05:51 +0000] "POST /wp-admin/admin-ajax.php HTTP/2" 403 5137 "https://lakepointschool.usas.in/wp-admin/admin-ajax.php" "Mozilla/5.0 (Windows NT 10.0; Win64; x64; rv:133.0) Gecko/20100101 Firefox/133.0"
157.22.100.81 - - [06/Aug/2026:18:05:51 +0000] "GET /wp-login.php?wp_lang=en_US HTTP/2" 200 2329 "-" "Mozilla/5.0 (Windows NT 10.0; Win64; x64; rv:133.0) Gecko/20100101 Firefox/133.0"
146.19.90.21 - - [06/Aug/2026:18:05:53 +0000] "POST /wp-admin/admin-ajax.php HTTP/2" 403 5137 "https://lakepointschool.usas.in/wp-admin/admin-ajax.php" "Mozilla/5.0 (Windows NT 10.0; Win64; x64; rv:133.0) Gecko/20100101 Firefox/133.0"
146.19.90.21 - - [06/Aug/2026:18:05:54 +0000] "POST /wp-admin/admin-ajax.php HTTP/2" 403 5137 "https://lakepointschool.usas.in/wp-admin/admin-ajax.php" "Mozilla/5.0 (Windows NT 10.0; Win64; x64; rv:133.0) Gecko/20100101 Firefox/133.0"
146.19.90.21 - - [06/Aug/2026:18:05:55 +0000] "POST /wp-admin/admin-ajax.php HTTP/2" 403 5137 "https://lakepointschool.usas.in/wp-admin/admin-ajax.php" "Mozilla/5.0 (Windows NT 10.0; Win64; x64; rv:133.0) Gecko/20100101 Firefox/133.0"
157.22.100.81 - - [06/Aug/2026:18:05:53 +0000] "POST /wp-login.php HTTP/2" 302 0 "https://lakepointschool.usas.in/wp-login.php" "Mozilla/5.0 (Windows NT 10.0; Win64; x64; rv:133.0) Gecko/20100101 Firefox/133.0"
157.22.100.81 - - [06/Aug/2026:18:05:57 +0000] "GET /wp-admin/ HTTP/2" 200 20698 "https://lakepointschool.usas.in/wp-login.php" "Mozilla/5.0 (Windows NT 10.0; Win64; x64; rv:133.0) Gecko/20100101 Firefox/133.0"
157.22.100.81 - - [06/Aug/2026:18:06:01 +0000] "GET /wp-admin/ HTTP/2" 200 20771 "-" "Mozilla/5.0 (Windows NT 10.0; Win64; x64; rv:133.0) Gecko/20100101 Firefox/133.0"
157.22.100.81 - - [06/Aug/2026:18:06:07 +0000] "GET /wp-admin/admin-ajax.php?action=rest-nonce HTTP/2" 400 5 "-" "Mozilla/5.0 (Windows NT 10.0; Win64; x64; rv:133.0) Gecko/20100101 Firefox/133.0"
157.22.100.81 - - [06/Aug/2026:18:06:09 +0000] "GET /wp-admin/plugins.php HTTP/2" 200 18574 "-" "Mozilla/5.0 (Windows NT 10.0; Win64; x64; rv:133.0) Gecko/20100101 Firefox/133.0"
193.202.14.168 - - [06/Aug/2026:18:06:09 +0000] "GET /wp-admin/ HTTP/2" 200 20775 "https://lakepointschool.usas.in/wp-login.php" "Mozilla/5.0 (Windows NT 10.0; Win64; x64) AppleWebKit/537.36 (KHTML, like Gecko) Chrome/124.0.0.0 Safari/537.36"
193.202.14.168 - - [06/Aug/2026:18:06:14 +0000] "GET /wp-admin/ HTTP/2" 200 20775 "-" "Mozilla/5.0 (Windows NT 10.0; Win64; x64) AppleWebKit/537.36 (KHTML, like Gecko) Chrome/124.0.0.0 Safari/537.36"
185.89.43.211 - - [06/Aug/2026:18:06:13 +0000] "GET /wp-admin/plugins.php HTTP/2" 200 18562 "-" "Mozilla/5.0 (Macintosh; Intel Mac OS X 10_15_7) AppleWebKit/605.1.15 (KHTML, like Gecko) Version/18.0 Safari/605.1.15"
193.202.14.168 - - [06/Aug/2026:18:06:19 +0000] "GET /wp-admin/admin-ajax.php?action=rest-nonce HTTP/2" 400 5 "-" "Mozilla/5.0 (Windows NT 10.0; Win64; x64) AppleWebKit/537.36 (KHTML, like Gecko) Chrome/124.0.0.0 Safari/537.36"
185.89.43.211 - - [06/Aug/2026:18:06:19 +0000] "GET /wp-admin/plugin-install.php HTTP/2" 200 21155 "-" "Mozilla/5.0 (Macintosh; Intel Mac OS X 10_15_7) AppleWebKit/605.1.15 (KHTML, like Gecko) Version/18.0 Safari/605.1.15"
185.89.43.211 - - [06/Aug/2026:18:06:26 +0000] "POST /wp-admin/update.php?action=upload-plugin HTTP/2" 403 1242 "https://lakepointschool.usas.in/wp-admin/update.php?action=upload-plugin" "Mozilla/5.0 (Macintosh; Intel Mac OS X 10_15_7) AppleWebKit/605.1.15 (KHTML, like Gecko) Version/18.0 Safari/605.1.15"
193.202.14.168 - - [06/Aug/2026:18:06:25 +0000] "GET /wp-admin/plugins.php HTTP/2" 200 18526 "-" "Mozilla/5.0 (Windows NT 10.0; Win64; x64) AppleWebKit/537.36 (KHTML, like Gecko) Chrome/124.0.0.0 Safari/537.36"
185.89.43.211 - - [06/Aug/2026:18:06:27 +0000] "GET /wp-admin/themes.php HTTP/2" 200 19639 "-" "Mozilla/5.0 (Macintosh; Intel Mac OS X 10_15_7) AppleWebKit/605.1.15 (KHTML, like Gecko) Version/18.0 Safari/605.1.15"
185.89.43.211 - - [06/Aug/2026:18:06:29 +0000] "GET /wp-admin/theme-install.php?browse=popular HTTP/2" 200 18074 "-" "Mozilla/5.0 (Macintosh; Intel Mac OS X 10_15_7) AppleWebKit/605.1.15 (KHTML, like Gecko) Version/18.0 Safari/605.1.15"
193.202.14.168 - - [06/Aug/2026:18:06:29 +0000] "GET /wp-admin/plugin-install.php HTTP/2" 200 21104 "-" "Mozilla/5.0 (Windows NT 10.0; Win64; x64) AppleWebKit/537.36 (KHTML, like Gecko) Chrome/124.0.0.0 Safari/537.36"
185.89.43.211 - - [06/Aug/2026:18:06:33 +0000] "POST /wp-admin/update.php?action=upload-theme HTTP/2" 403 1242 "https://lakepointschool.usas.in/wp-admin/update.php?action=upload-theme" "Mozilla/5.0 (Macintosh; Intel Mac OS X 10_15_7) AppleWebKit/605.1.15 (KHTML, like Gecko) Version/18.0 Safari/605.1.15"
193.202.14.168 - - [06/Aug/2026:18:06:34 +0000] "POST /wp-admin/update.php?action=upload-plugin HTTP/2" 403 1242 "https://lakepointschool.usas.in/wp-admin/update.php?action=upload-plugin" "Mozilla/5.0 (Windows NT 10.0; Win64; x64) AppleWebKit/537.36 (KHTML, like Gecko) Chrome/124.0.0.0 Safari/537.36"
185.89.43.211 - - [06/Aug/2026:18:06:34 +0000] "GET /wp-admin/admin.php?page=wp_file_manager HTTP/2" 200 16277 "-" "Mozilla/5.0 (Macintosh; Intel Mac OS X 10_15_7) AppleWebKit/605.1.15 (KHTML, like Gecko) Version/18.0 Safari/605.1.15"
193.202.14.168 - - [06/Aug/2026:18:06:35 +0000] "GET /wp-admin/themes.php HTTP/2" 200 19719 "-" "Mozilla/5.0 (Windows NT 10.0; Win64; x64) AppleWebKit/537.36 (KHTML, like Gecko) Chrome/124.0.0.0 Safari/537.36"
185.89.43.211 - - [06/Aug/2026:18:06:38 +0000] "GET /wp-admin/admin-ajax.php?action=mk_file_folder_manager&_wpnonce=f26c09cef2&networkhref=&cmd=tree&target=l1_Lw&reqid=5f4bef8304f46965896b002aae8a HTTP/2" 200 788 "-" "Mozilla/5.0 (Macintosh; Intel Mac OS X 10_15_7) AppleWebKit/605.1.15 (KHTML, like Gecko) Version/18.0 Safari/605.1.15"
193.202.14.168 - - [06/Aug/2026:18:06:38 +0000] "GET /wp-admin/theme-install.php?browse=popular HTTP/2" 200 17972 "-" "Mozilla/5.0 (Windows NT 10.0; Win64; x64) AppleWebKit/537.36 (KHTML, like Gecko) Chrome/124.0.0.0 Safari/537.36"
193.202.14.168 - - [06/Aug/2026:18:06:41 +0000] "POST /wp-admin/update.php?action=upload-theme HTTP/2" 403 1242 "https://lakepointschool.usas.in/wp-admin/update.php?action=upload-theme" "Mozilla/5.0 (Windows NT 10.0; Win64; x64) AppleWebKit/537.36 (KHTML, like Gecko) Chrome/124.0.0.0 Safari/537.36"
185.89.43.211 - - [06/Aug/2026:18:06:41 +0000] "GET /wp-admin/admin-ajax.php?action=mk_file_folder_manager&_wpnonce=f26c09cef2&networkhref=&cmd=tree&target=l1_LndlbGwta25vd24&reqid=88eec2ddf7b767c2cecf9e8dd9f1 HTTP/2" 200 198 "-" "Mozilla/5.0 (Macintosh; Intel Mac OS X 10_15_7) AppleWebKit/605.1.15 (KHTML, like Gecko) Version/18.0 Safari/605.1.15"
193.202.14.168 - - [06/Aug/2026:18:06:42 +0000] "GET /wp-admin/admin.php?page=wp_file_manager HTTP/2" 200 16287 "-" "Mozilla/5.0 (Windows NT 10.0; Win64; x64) AppleWebKit/537.36 (KHTML, like Gecko) Chrome/124.0.0.0 Safari/537.36"
185.89.43.211 - - [06/Aug/2026:18:06:44 +0000] "GET /wp-admin/admin-ajax.php?action=mk_file_folder_manager&_wpnonce=f26c09cef2&networkhref=&cmd=tree&target=l1_Y2dpLWJpbg&reqid=ff63eb6a46d86650adb014a35940 HTTP/2" 200 164 "-" "Mozilla/5.0 (Macintosh; Intel Mac OS X 10_15_7) AppleWebKit/605.1.15 (KHTML, like Gecko) Version/18.0 Safari/605.1.15"
193.202.14.168 - - [06/Aug/2026:18:06:45 +0000] "GET /wp-admin/admin-ajax.php?action=mk_file_folder_manager&_wpnonce=9e0cf14d8a&networkhref=&cmd=tree&target=l1_Lw&reqid=ffe8775d1918dd8c61f1e337098d HTTP/2" 200 788 "-" "Mozilla/5.0 (Windows NT 10.0; Win64; x64) AppleWebKit/537.36 (KHTML, like Gecko) Chrome/124.0.0.0 Safari/537.36"
185.89.43.211 - - [06/Aug/2026:18:06:46 +0000] "GET /wp-admin/admin-ajax.php?action=mk_file_folder_manager&_wpnonce=f26c09cef2&networkhref=&cmd=tree&target=l1_d3AtYWRtaW4&reqid=0c2975fc08d26994c3813688e913 HTTP/2" 200 274 "-" "Mozilla/5.0 (Macintosh; Intel Mac OS X 10_15_7) AppleWebKit/605.1.15 (KHTML, like Gecko) Version/18.0 Safari/605.1.15"
193.202.14.168 - - [06/Aug/2026:18:06:48 +0000] "GET /wp-admin/admin-ajax.php?action=mk_file_folder_manager&_wpnonce=9e0cf14d8a&networkhref=&cmd=tree&target=l1_LndlbGwta25vd24&reqid=b6a43406a9f11fd6626c533b4c07 HTTP/2" 200 196 "-" "Mozilla/5.0 (Windows NT 10.0; Win64; x64) AppleWebKit/537.36 (KHTML, like Gecko) Chrome/124.0.0.0 Safari/537.36"
185.89.43.211 - - [06/Aug/2026:18:06:49 +0000] "GET /wp-admin/admin-ajax.php?action=mk_file_folder_manager&_wpnonce=f26c09cef2&networkhref=&cmd=tree&target=l1_d3AtY29udGVudA&reqid=6f4e0b0d7333b7889fc2be8d8599 HTTP/2" 200 447 "-" "Mozilla/5.0 (Macintosh; Intel Mac OS X 10_15_7) AppleWebKit/605.1.15 (KHTML, like Gecko) Version/18.0 Safari/605.1.15"
193.202.14.168 - - [06/Aug/2026:18:06:50 +0000] "GET /wp-admin/admin-ajax.php?action=mk_file_folder_manager&_wpnonce=9e0cf14d8a&networkhref=&cmd=tree&target=l1_Y2dpLWJpbg&reqid=7397fed9645d64e2a700dd2df855 HTTP/2" 200 164 "-" "Mozilla/5.0 (Windows NT 10.0; Win64; x64) AppleWebKit/537.36 (KHTML, like Gecko) Chrome/124.0.0.0 Safari/537.36"
193.202.14.168 - - [06/Aug/2026:18:06:53 +0000] "GET /wp-admin/admin-ajax.php?action=mk_file_folder_manager&_wpnonce=9e0cf14d8a&networkhref=&cmd=tree&target=l1_d3AtYWRtaW4&reqid=18957bdb5f633d08a559641d6e6c HTTP/2" 200 274 "-" "Mozilla/5.0 (Windows NT 10.0; Win64; x64) AppleWebKit/537.36 (KHTML, like Gecko) Chrome/124.0.0.0 Safari/537.36"
185.89.43.211 - - [06/Aug/2026:18:06:52 +0000] "GET /wp-admin/admin-ajax.php?action=mk_file_folder_manager&_wpnonce=f26c09cef2&networkhref=&cmd=tree&target=l1_d3AtaW5jbHVkZXM&reqid=3c99b7792bf2f1c7a4ceb8989ab9 HTTP/2" 200 771 "-" "Mozilla/5.0 (Macintosh; Intel Mac OS X 10_15_7) AppleWebKit/605.1.15 (KHTML, like Gecko) Version/18.0 Safari/605.1.15"
193.202.14.168 - - [06/Aug/2026:18:06:56 +0000] "GET /wp-admin/admin-ajax.php?action=mk_file_folder_manager&_wpnonce=9e0cf14d8a&networkhref=&cmd=tree&target=l1_d3AtY29udGVudA&reqid=ea8a92f712339e5ec48562d26e94 HTTP/2" 200 447 "-" "Mozilla/5.0 (Windows NT 10.0; Win64; x64) AppleWebKit/537.36 (KHTML, like Gecko) Chrome/124.0.0.0 Safari/537.36"
157.22.100.81 - - [06/Aug/2026:18:06:14 +0000] "GET /wp-admin/plugin-install.php HTTP/2" 200 21155 "-" "Mozilla/5.0 (Windows NT 10.0; Win64; x64; rv:133.0) Gecko/20100101 Firefox/133.0"
157.22.100.81 - - [06/Aug/2026:18:06:20 +0000] "POST /wp-admin/update.php?action=upload-plugin HTTP/2" 403 1242 "https://lakepointschool.usas.in/wp-admin/update.php?action=upload-plugin" "Mozilla/5.0 (Windows NT 10.0; Win64; x64; rv:133.0) Gecko/20100101 Firefox/133.0"
157.22.100.81 - - [06/Aug/2026:18:06:21 +0000] "GET /wp-admin/themes.php HTTP/2" 200 19596 "-" "Mozilla/5.0 (Windows NT 10.0; Win64; x64; rv:133.0) Gecko/20100101 Firefox/133.0"
157.22.100.81 - - [06/Aug/2026:18:06:24 +0000] "GET /wp-admin/theme-install.php?browse=popular HTTP/2" 200 17892 "-" "Mozilla/5.0 (Windows NT 10.0; Win64; x64; rv:133.0) Gecko/20100101 Firefox/133.0"
157.22.100.81 - - [06/Aug/2026:18:06:29 +0000] "POST /wp-admin/update.php?action=upload-theme HTTP/2" 403 1242 "https://lakepointschool.usas.in/wp-admin/update.php?action=upload-theme" "Mozilla/5.0 (Windows NT 10.0; Win64; x64; rv:133.0) Gecko/20100101 Firefox/133.0"
157.22.100.81 - - [06/Aug/2026:18:06:30 +0000] "GET /wp-admin/admin.php?page=wp_file_manager HTTP/2" 200 16313 "-" "Mozilla/5.0 (Windows NT 10.0; Win64; x64; rv:133.0) Gecko/20100101 Firefox/133.0"
157.22.100.81 - - [06/Aug/2026:18:06:33 +0000] "GET /wp-admin/admin-ajax.php?action=mk_file_folder_manager&_wpnonce=c99838336c&networkhref=&cmd=tree&target=l1_Lw&reqid=3eac555121b70736c06d985824f5 HTTP/2" 200 788 "-" "Mozilla/5.0 (Windows NT 10.0; Win64; x64; rv:133.0) Gecko/20100101 Firefox/133.0"
157.22.100.81 - - [06/Aug/2026:18:06:40 +0000] "GET /wp-admin/admin-ajax.php?action=mk_file_folder_manager&_wpnonce=c99838336c&networkhref=&cmd=tree&target=l1_LndlbGwta25vd24&reqid=de0e05251a18ceab184f68a80f37 HTTP/2" 200 198 "-" "Mozilla/5.0 (Windows NT 10.0; Win64; x64; rv:133.0) Gecko/20100101 Firefox/133.0"
157.22.100.81 - - [06/Aug/2026:18:06:43 +0000] "GET /wp-admin/admin-ajax.php?action=mk_file_folder_manager&_wpnonce=c99838336c&networkhref=&cmd=tree&target=l1_Y2dpLWJpbg&reqid=b61fdecaeac7f04f39b79a3cc088 HTTP/2" 200 164 "-" "Mozilla/5.0 (Windows NT 10.0; Win64; x64; rv:133.0) Gecko/20100101 Firefox/133.0"
157.22.100.81 - - [06/Aug/2026:18:06:45 +0000] "GET /wp-admin/admin-ajax.php?action=mk_file_folder_manager&_wpnonce=c99838336c&networkhref=&cmd=tree&target=l1_d3AtYWRtaW4&reqid=4959438b0a4c33ad7672c58a46fc HTTP/2" 200 274 "-" "Mozilla/5.0 (Windows NT 10.0; Win64; x64; rv:133.0) Gecko/20100101 Firefox/133.0"
157.22.100.81 - - [06/Aug/2026:18:06:49 +0000] "GET /wp-admin/admin-ajax.php?action=mk_file_folder_manager&_wpnonce=c99838336c&networkhref=&cmd=tree&target=l1_d3AtY29udGVudA&reqid=dbf939622dead188bfef5fcd1f93 HTTP/2" 200 447 "-" "Mozilla/5.0 (Windows NT 10.0; Win64; x64; rv:133.0) Gecko/20100101 Firefox/133.0"
192.250.235.43 - - [06/Aug/2026:18:06:51 +0000] "GET / HTTP/1.1" 200 135648 "-" "-"
157.22.100.81 - - [06/Aug/2026:18:06:53 +0000] "GET /wp-admin/admin-ajax.php?action=mk_file_folder_manager&_wpnonce=c99838336c&networkhref=&cmd=tree&target=l1_d3AtaW5jbHVkZXM&reqid=755da0898312cdf4c0fce74125d0 HTTP/2" 200 771 "-" "Mozilla/5.0 (Windows NT 10.0; Win64; x64; rv:133.0) Gecko/20100101 Firefox/133.0"
157.22.100.81 - - [06/Aug/2026:18:06:57 +0000] "GET /wp-admin/admin-ajax.php?action=mk_file_folder_manager&_wpnonce=c99838336c&networkhref=&cmd=mkfile&name=error_404_1786039617.php&target=l1_d3AtY29udGVudC91cGdyYWRl&reqid=e872418d984bba0c76ecb7f73d0f HTTP/2" 200 230 "-" "Mozilla/5.0 (Windows NT 10.0; Win64; x64; rv:133.0) Gecko/20100101 Firefox/133.0"
157.22.100.81 - - [06/Aug/2026:18:07:01 +0000] "POST /wp-admin/admin-ajax.php HTTP/2" 403 5137 "https://lakepointschool.usas.in/wp-admin/admin-ajax.php" "Mozilla/5.0 (Windows NT 10.0; Win64; x64; rv:133.0) Gecko/20100101 Firefox/133.0"
157.22.100.81 - - [06/Aug/2026:18:07:01 +0000] "POST /wp-admin/admin-ajax.php HTTP/2" 403 5137 "https://lakepointschool.usas.in/wp-admin/admin-ajax.php" "Mozilla/5.0 (Windows NT 10.0; Win64; x64; rv:133.0) Gecko/20100101 Firefox/133.0"
185.89.43.211 - - [06/Aug/2026:18:06:57 +0000] "GET /wp-admin/admin-ajax.php?action=mk_file_folder_manager&_wpnonce=f26c09cef2&networkhref=&cmd=mkfile&name=category-template-1786039617.php&target=l1_d3AtY29udGVudA&reqid=4a2a58efa95a4a2f43382e701151 HTTP/2" 200 242 "-" "Mozilla/5.0 (Macintosh; Intel Mac OS X 10_15_7) AppleWebKit/605.1.15 (KHTML, like Gecko) Version/18.0 Safari/605.1.15"
185.89.43.211 - - [06/Aug/2026:18:07:01 +0000] "POST /wp-admin/admin-ajax.php HTTP/2" 403 1242 "https://lakepointschool.usas.in/wp-admin/admin-ajax.php" "Mozilla/5.0 (Macintosh; Intel Mac OS X 10_15_7) AppleWebKit/605.1.15 (KHTML, like Gecko) Version/18.0 Safari/605.1.15"
185.89.43.211 - - [06/Aug/2026:18:07:02 +0000] "POST /wp-admin/admin-ajax.php HTTP/2" 403 1242 "https://lakepointschool.usas.in/wp-admin/admin-ajax.php" "Mozilla/5.0 (Macintosh; Intel Mac OS X 10_15_7) AppleWebKit/605.1.15 (KHTML, like Gecko) Version/18.0 Safari/605.1.15"
185.89.43.211 - - [06/Aug/2026:18:07:02 +0000] "POST /wp-admin/admin-ajax.php HTTP/2" 403 1242 "https://lakepointschool.usas.in/wp-admin/admin-ajax.php" "Mozilla/5.0 (Macintosh; Intel Mac OS X 10_15_7) AppleWebKit/605.1.15 (KHTML, like Gecko) Version/18.0 Safari/605.1.15"
185.89.43.211 - - [06/Aug/2026:18:07:03 +0000] "POST /wp-admin/admin-ajax.php HTTP/2" 403 1242 "https://lakepointschool.usas.in/wp-admin/admin-ajax.php" "Mozilla/5.0 (Macintosh; Intel Mac OS X 10_15_7) AppleWebKit/605.1.15 (KHTML, like Gecko) Version/18.0 Safari/605.1.15"
185.89.43.211 - - [06/Aug/2026:18:07:04 +0000] "POST /wp-admin/admin-ajax.php HTTP/2" 403 1242 "https://lakepointschool.usas.in/wp-admin/admin-ajax.php" "Mozilla/5.0 (Macintosh; Intel Mac OS X 10_15_7) AppleWebKit/605.1.15 (KHTML, like Gecko) Version/18.0 Safari/605.1.15"
193.202.14.168 - - [06/Aug/2026:18:07:00 +0000] "GET /wp-admin/admin-ajax.php?action=mk_file_folder_manager&_wpnonce=9e0cf14d8a&networkhref=&cmd=tree&target=l1_d3AtaW5jbHVkZXM&reqid=04c9b7f8539a8dfd45cff07832f5 HTTP/2" 200 771 "-" "Mozilla/5.0 (Windows NT 10.0; Win64; x64) AppleWebKit/537.36 (KHTML, like Gecko) Chrome/124.0.0.0 Safari/537.36"
193.202.14.168 - - [06/Aug/2026:18:07:06 +0000] "GET /wp-admin/admin-ajax.php?action=mk_file_folder_manager&_wpnonce=9e0cf14d8a&networkhref=&cmd=mkfile&name=page-template-1786039626.php&target=l1_d3AtY29udGVudC9haTF3bS1iYWNrdXBz&reqid=7d73fd2c99a982a9e21d4f7bb1ec HTTP/2" 200 249 "-" "Mozilla/5.0 (Windows NT 10.0; Win64; x64) AppleWebKit/537.36 (KHTML, like Gecko) Chrome/124.0.0.0 Safari/537.36"
193.202.14.168 - - [06/Aug/2026:18:07:10 +0000] "POST /wp-admin/admin-ajax.php HTTP/2" 403 5137 "https://lakepointschool.usas.in/wp-admin/admin-ajax.php" "Mozilla/5.0 (Windows NT 10.0; Win64; x64) AppleWebKit/537.36 (KHTML, like Gecko) Chrome/124.0.0.0 Safari/537.36"
193.202.14.168 - - [06/Aug/2026:18:07:10 +0000] "POST /wp-admin/admin-ajax.php HTTP/2" 403 5137 "https://lakepointschool.usas.in/wp-admin/admin-ajax.php" "Mozilla/5.0 (Windows NT 10.0; Win64; x64) AppleWebKit/537.36 (KHTML, like Gecko) Chrome/124.0.0.0 Safari/537.36"
193.202.14.168 - - [06/Aug/2026:18:07:11 +0000] "POST /wp-admin/admin-ajax.php HTTP/2" 403 5135 "https://lakepointschool.usas.in/wp-admin/admin-ajax.php" "Mozilla/5.0 (Windows NT 10.0; Win64; x64) AppleWebKit/537.36 (KHTML, like Gecko) Chrome/124.0.0.0 Safari/537.36"
185.61.221.160 - - [06/Aug/2026:18:07:08 +0000] "GET /wp-login.php?wp_lang=en_US HTTP/2" 200 2329 "-" "Mozilla/5.0 (Macintosh; Intel Mac OS X 10_15_7) AppleWebKit/605.1.15 (KHTML, like Gecko) Version/18.0 Safari/605.1.15"
178.20.213.15 - - [06/Aug/2026:18:07:08 +0000] "GET /wp-login.php?wp_lang=en_US HTTP/2" 200 2329 "-" "Mozilla/5.0 (Macintosh; Intel Mac OS X 10_15_7) AppleWebKit/605.1.15 (KHTML, like Gecko) Version/18.0 Safari/605.1.15"
193.202.14.168 - - [06/Aug/2026:18:07:11 +0000] "POST /wp-admin/admin-ajax.php HTTP/2" 403 5137 "https://lakepointschool.usas.in/wp-admin/admin-ajax.php" "Mozilla/5.0 (Windows NT 10.0; Win64; x64) AppleWebKit/537.36 (KHTML, like Gecko) Chrome/124.0.0.0 Safari/537.36"
193.202.14.168 - - [06/Aug/2026:18:07:12 +0000] "POST /wp-admin/admin-ajax.php HTTP/2" 403 5137 "https://lakepointschool.usas.in/wp-admin/admin-ajax.php" "Mozilla/5.0 (Windows NT 10.0; Win64; x64) AppleWebKit/537.36 (KHTML, like Gecko) Chrome/124.0.0.0 Safari/537.36"
130.49.114.237 - - [06/Aug/2026:18:07:13 +0000] "GET /wp-login.php HTTP/2" 200 2329 "-" "Mozilla/5.0 (Macintosh; Intel Mac OS X 10_15_7) AppleWebKit/605.1.15 (KHTML, like Gecko) Version/18.0 Safari/605.1.15"
178.20.213.15 - - [06/Aug/2026:18:07:11 +0000] "POST /wp-login.php HTTP/2" 302 0 "https://lakepointschool.usas.in/wp-login.php" "Mozilla/5.0 (Macintosh; Intel Mac OS X 10_15_7) AppleWebKit/605.1.15 (KHTML, like Gecko) Version/18.0 Safari/605.1.15"
185.61.221.160 - - [06/Aug/2026:18:07:11 +0000] "POST /wp-login.php HTTP/2" 302 0 "https://lakepointschool.usas.in/wp-login.php" "Mozilla/5.0 (Macintosh; Intel Mac OS X 10_15_7) AppleWebKit/605.1.15 (KHTML, like Gecko) Version/18.0 Safari/605.1.15"
130.49.114.237 - - [06/Aug/2026:18:07:16 +0000] "GET /wp-login.php?wp_lang=en_US HTTP/2" 200 2329 "-" "Mozilla/5.0 (Windows NT 10.0; Win64; x64; rv:133.0) Gecko/20100101 Firefox/133.0"
178.20.213.15 - - [06/Aug/2026:18:07:16 +0000] "GET /wp-admin/ HTTP/2" 302 0 "https://lakepointschool.usas.in/wp-login.php" "Mozilla/5.0 (Macintosh; Intel Mac OS X 10_15_7) AppleWebKit/605.1.15 (KHTML, like Gecko) Version/18.0 Safari/605.1.15"
185.61.221.160 - - [06/Aug/2026:18:07:17 +0000] "GET /wp-admin/ HTTP/2" 200 20786 "https://lakepointschool.usas.in/wp-login.php" "Mozilla/5.0 (Macintosh; Intel Mac OS X 10_15_7) AppleWebKit/605.1.15 (KHTML, like Gecko) Version/18.0 Safari/605.1.15"
130.49.114.237 - - [06/Aug/2026:18:07:21 +0000] "POST /wp-login.php HTTP/2" 302 0 "https://lakepointschool.usas.in/wp-login.php" "Mozilla/5.0 (Windows NT 10.0; Win64; x64; rv:133.0) Gecko/20100101 Firefox/133.0"
178.20.213.15 - - [06/Aug/2026:18:07:21 +0000] "GET /wp-login.php?redirect_to=https%3A%2F%2Flakepointschool.usas.in%2Fwp-admin%2F&reauth=1 HTTP/2" 200 2328 "https://lakepointschool.usas.in/wp-login.php" "Mozilla/5.0 (Macintosh; Intel Mac OS X 10_15_7) AppleWebKit/605.1.15 (KHTML, like Gecko) Version/18.0 Safari/605.1.15"
185.61.221.160 - - [06/Aug/2026:18:07:22 +0000] "GET /wp-admin/ HTTP/2" 200 20726 "-" "Mozilla/5.0 (Macintosh; Intel Mac OS X 10_15_7) AppleWebKit/605.1.15 (KHTML, like Gecko) Version/18.0 Safari/605.1.15"
185.61.221.160 - - [06/Aug/2026:18:07:28 +0000] "GET /wp-admin/admin-ajax.php?action=rest-nonce HTTP/2" 400 5 "-" "Mozilla/5.0 (Macintosh; Intel Mac OS X 10_15_7) AppleWebKit/605.1.15 (KHTML, like Gecko) Version/18.0 Safari/605.1.15"
130.49.114.237 - - [06/Aug/2026:18:07:25 +0000] "GET /wp-admin/ HTTP/2" 200 20696 "https://lakepointschool.usas.in/wp-login.php" "Mozilla/5.0 (Windows NT 10.0; Win64; x64; rv:133.0) Gecko/20100101 Firefox/133.0"
170.168.242.136 - - [06/Aug/2026:18:07:26 +0000] "GET /wp-login.php HTTP/2" 200 2329 "-" "Mozilla/5.0 (Macintosh; Intel Mac OS X 10_15_7) AppleWebKit/605.1.15 (KHTML, like Gecko) Version/18.0 Safari/605.1.15"
185.61.221.160 - - [06/Aug/2026:18:07:31 +0000] "GET /wp-admin/plugins.php HTTP/2" 200 18620 "-" "Mozilla/5.0 (Macintosh; Intel Mac OS X 10_15_7) AppleWebKit/605.1.15 (KHTML, like Gecko) Version/18.0 Safari/605.1.15"
170.168.242.136 - - [06/Aug/2026:18:07:31 +0000] "POST /wp-login.php HTTP/2" 302 0 "https://lakepointschool.usas.in/wp-login.php" "Mozilla/5.0 (Macintosh; Intel Mac OS X 10_15_7) AppleWebKit/605.1.15 (KHTML, like Gecko) Version/18.0 Safari/605.1.15"
130.49.114.237 - - [06/Aug/2026:18:07:31 +0000] "GET /wp-admin/ HTTP/2" 200 20710 "-" "Mozilla/5.0 (Windows NT 10.0; Win64; x64; rv:133.0) Gecko/20100101 Firefox/133.0"
170.168.242.136 - - [06/Aug/2026:18:07:33 +0000] "GET /wp-admin/ HTTP/2" 200 20701 "https://lakepointschool.usas.in/wp-login.php" "Mozilla/5.0 (Macintosh; Intel Mac OS X 10_15_7) AppleWebKit/605.1.15 (KHTML, like Gecko) Version/18.0 Safari/605.1.15"
185.61.221.160 - - [06/Aug/2026:18:07:33 +0000] "GET /wp-admin/plugin-install.php HTTP/2" 200 21102 "-" "Mozilla/5.0 (Macintosh; Intel Mac OS X 10_15_7) AppleWebKit/605.1.15 (KHTML, like Gecko) Version/18.0 Safari/605.1.15"
170.168.242.136 - - [06/Aug/2026:18:07:35 +0000] "GET /wp-admin/ HTTP/2" 200 20674 "-" "Mozilla/5.0 (Macintosh; Intel Mac OS X 10_15_7) AppleWebKit/605.1.15 (KHTML, like Gecko) Version/18.0 Safari/605.1.15"
130.49.114.237 - - [06/Aug/2026:18:07:34 +0000] "GET /wp-admin/admin-ajax.php?action=rest-nonce HTTP/2" 400 5 "-" "Mozilla/5.0 (Windows NT 10.0; Win64; x64; rv:133.0) Gecko/20100101 Firefox/133.0"
185.61.221.160 - - [06/Aug/2026:18:07:38 +0000] "POST /wp-admin/update.php?action=upload-plugin HTTP/2" 403 1242 "https://lakepointschool.usas.in/wp-admin/update.php?action=upload-plugin" "Mozilla/5.0 (Macintosh; Intel Mac OS X 10_15_7) AppleWebKit/605.1.15 (KHTML, like Gecko) Version/18.0 Safari/605.1.15"
130.49.114.237 - - [06/Aug/2026:18:07:40 +0000] "GET /wp-admin/plugins.php HTTP/2" 200 18427 "-" "Mozilla/5.0 (Windows NT 10.0; Win64; x64; rv:133.0) Gecko/20100101 Firefox/133.0"
185.61.221.160 - - [06/Aug/2026:18:07:39 +0000] "GET /wp-admin/themes.php HTTP/2" 200 19649 "-" "Mozilla/5.0 (Macintosh; Intel Mac OS X 10_15_7) AppleWebKit/605.1.15 (KHTML, like Gecko) Version/18.0 Safari/605.1.15"
170.168.242.136 - - [06/Aug/2026:18:07:44 +0000] "GET /wp-admin/plugins.php HTTP/2" 200 18584 "-" "Mozilla/5.0 (Macintosh; Intel Mac OS X 10_15_7) AppleWebKit/605.1.15 (KHTML, like Gecko) Version/18.0 Safari/605.1.15"
130.49.114.237 - - [06/Aug/2026:18:07:43 +0000] "GET /wp-admin/plugin-install.php HTTP/2" 200 21144 "-" "Mozilla/5.0 (Windows NT 10.0; Win64; x64; rv:133.0) Gecko/20100101 Firefox/133.0"
185.61.221.160 - - [06/Aug/2026:18:07:44 +0000] "GET /wp-admin/theme-install.php?browse=popular HTTP/2" 200 18098 "-" "Mozilla/5.0 (Macintosh; Intel Mac OS X 10_15_7) AppleWebKit/605.1.15 (KHTML, like Gecko) Version/18.0 Safari/605.1.15"
185.61.221.160 - - [06/Aug/2026:18:07:48 +0000] "POST /wp-admin/update.php?action=upload-theme HTTP/2" 403 1242 "https://lakepointschool.usas.in/wp-admin/update.php?action=upload-theme" "Mozilla/5.0 (Macintosh; Intel Mac OS X 10_15_7) AppleWebKit/605.1.15 (KHTML, like Gecko) Version/18.0 Safari/605.1.15"
130.49.114.237 - - [06/Aug/2026:18:07:48 +0000] "POST /wp-admin/update.php?action=upload-plugin HTTP/2" 403 1242 "https://lakepointschool.usas.in/wp-admin/update.php?action=upload-plugin" "Mozilla/5.0 (Windows NT 10.0; Win64; x64; rv:133.0) Gecko/20100101 Firefox/133.0"
185.61.221.160 - - [06/Aug/2026:18:07:49 +0000] "GET /wp-admin/admin.php?page=wp_file_manager HTTP/2" 200 16286 "-" "Mozilla/5.0 (Macintosh; Intel Mac OS X 10_15_7) AppleWebKit/605.1.15 (KHTML, like Gecko) Version/18.0 Safari/605.1.15"
170.168.242.136 - - [06/Aug/2026:18:07:47 +0000] "GET /wp-admin/plugin-install.php HTTP/2" 200 21049 "-" "Mozilla/5.0 (Macintosh; Intel Mac OS X 10_15_7) AppleWebKit/605.1.15 (KHTML, like Gecko) Version/18.0 Safari/605.1.15"
192.250.235.43 - - [06/Aug/2026:18:07:52 +0000] "POST /wp-cron.php?doing_wp_cron=1786039672.0809860229492187500000 HTTP/1.1" 200 0 "-" "WordPress/7.0.2; https://lakepointschool.usas.in"
130.49.114.237 - - [06/Aug/2026:18:07:49 +0000] "GET /wp-admin/themes.php HTTP/2" 200 19638 "-" "Mozilla/5.0 (Windows NT 10.0; Win64; x64; rv:133.0) Gecko/20100101 Firefox/133.0"
170.168.242.136 - - [06/Aug/2026:18:07:52 +0000] "POST /wp-admin/update.php?action=upload-plugin HTTP/2" 403 1242 "https://lakepointschool.usas.in/wp-admin/update.php?action=upload-plugin" "Mozilla/5.0 (Macintosh; Intel Mac OS X 10_15_7) AppleWebKit/605.1.15 (KHTML, like Gecko) Version/18.0 Safari/605.1.15"
130.49.114.237 - - [06/Aug/2026:18:07:52 +0000] "GET /wp-admin/theme-install.php?browse=popular HTTP/2" 200 18071 "-" "Mozilla/5.0 (Windows NT 10.0; Win64; x64; rv:133.0) Gecko/20100101 Firefox/133.0"
185.61.221.160 - - [06/Aug/2026:18:07:51 +0000] "GET /wp-admin/admin-ajax.php?action=mk_file_folder_manager&_wpnonce=1f92b9f3de&networkhref=&cmd=tree&target=l1_Lw&reqid=bdd575d74ce0439a08a7dee6b7b7 HTTP/2" 200 789 "-" "Mozilla/5.0 (Macintosh; Intel Mac OS X 10_15_7) AppleWebKit/605.1.15 (KHTML, like Gecko) Version/18.0 Safari/605.1.15"
130.49.114.237 - - [06/Aug/2026:18:07:55 +0000] "POST /wp-admin/update.php?action=upload-theme HTTP/2" 403 1242 "https://lakepointschool.usas.in/wp-admin/update.php?action=upload-theme" "Mozilla/5.0 (Windows NT 10.0; Win64; x64; rv:133.0) Gecko/20100101 Firefox/133.0"
170.168.242.136 - - [06/Aug/2026:18:07:54 +0000] "GET /wp-admin/themes.php HTTP/2" 200 19683 "-" "Mozilla/5.0 (Macintosh; Intel Mac OS X 10_15_7) AppleWebKit/605.1.15 (KHTML, like Gecko) Version/18.0 Safari/605.1.15"
185.61.221.160 - - [06/Aug/2026:18:07:55 +0000] "GET /wp-admin/admin-ajax.php?action=mk_file_folder_manager&_wpnonce=1f92b9f3de&networkhref=&cmd=tree&target=l1_LndlbGwta25vd24&reqid=2766c16ba7b052955fd9762e2077 HTTP/2" 200 196 "-" "Mozilla/5.0 (Macintosh; Intel Mac OS X 10_15_7) AppleWebKit/605.1.15 (KHTML, like Gecko) Version/18.0 Safari/605.1.15"
130.49.114.237 - - [06/Aug/2026:18:07:56 +0000] "GET /wp-admin/admin.php?page=wp_file_manager HTTP/2" 200 16315 "-" "Mozilla/5.0 (Windows NT 10.0; Win64; x64; rv:133.0) Gecko/20100101 Firefox/133.0"
170.168.242.136 - - [06/Aug/2026:18:07:57 +0000] "GET /wp-admin/theme-install.php?browse=popular HTTP/2" 200 18045 "-" "Mozilla/5.0 (Macintosh; Intel Mac OS X 10_15_7) AppleWebKit/605.1.15 (KHTML, like Gecko) Version/18.0 Safari/605.1.15"
