185.61.221.160 - - [06/Aug/2026:18:07:58 +0000] "GET /wp-admin/admin-ajax.php?action=mk_file_folder_manager&_wpnonce=1f92b9f3de&networkhref=&cmd=tree&target=l1_Y2dpLWJpbg&reqid=ebc69ee6b157b8494ec5c4bed382 HTTP/2" 200 164 "-" "Mozilla/5.0 (Macintosh; Intel Mac OS X 10_15_7) AppleWebKit/605.1.15 (KHTML, like Gecko) Version/18.0 Safari/605.1.15"
130.49.114.237 - - [06/Aug/2026:18:07:58 +0000] "GET /wp-admin/admin-ajax.php?action=mk_file_folder_manager&_wpnonce=b6583d7d52&networkhref=&cmd=tree&target=l1_Lw&reqid=80adc2c8e1fd498c666ccff7a137 HTTP/2" 200 789 "-" "Mozilla/5.0 (Windows NT 10.0; Win64; x64; rv:133.0) Gecko/20100101 Firefox/133.0"
170.168.242.136 - - [06/Aug/2026:18:08:00 +0000] "POST /wp-admin/update.php?action=upload-theme HTTP/2" 403 1242 "https://lakepointschool.usas.in/wp-admin/update.php?action=upload-theme" "Mozilla/5.0 (Macintosh; Intel Mac OS X 10_15_7) AppleWebKit/605.1.15 (KHTML, like Gecko) Version/18.0 Safari/605.1.15"
185.61.221.160 - - [06/Aug/2026:18:08:01 +0000] "GET /wp-admin/admin-ajax.php?action=mk_file_folder_manager&_wpnonce=1f92b9f3de&networkhref=&cmd=tree&target=l1_d3AtYWRtaW4&reqid=8716af37e37d65addcb89e9924a9 HTTP/2" 200 274 "-" "Mozilla/5.0 (Macintosh; Intel Mac OS X 10_15_7) AppleWebKit/605.1.15 (KHTML, like Gecko) Version/18.0 Safari/605.1.15"
130.49.114.237 - - [06/Aug/2026:18:08:01 +0000] "GET /wp-admin/admin-ajax.php?action=mk_file_folder_manager&_wpnonce=b6583d7d52&networkhref=&cmd=tree&target=l1_LndlbGwta25vd24&reqid=d3e30cb5c4acf7a49d7c12f8fd93 HTTP/2" 200 198 "-" "Mozilla/5.0 (Windows NT 10.0; Win64; x64; rv:133.0) Gecko/20100101 Firefox/133.0"
170.168.242.136 - - [06/Aug/2026:18:08:02 +0000] "GET /wp-admin/admin.php?page=wp_file_manager HTTP/2" 200 16242 "-" "Mozilla/5.0 (Macintosh; Intel Mac OS X 10_15_7) AppleWebKit/605.1.15 (KHTML, like Gecko) Version/18.0 Safari/605.1.15"
185.61.221.160 - - [06/Aug/2026:18:08:03 +0000] "GET /wp-admin/admin-ajax.php?action=mk_file_folder_manager&_wpnonce=1f92b9f3de&networkhref=&cmd=tree&target=l1_d3AtY29udGVudA&reqid=1c6784a8ae2ae3675c53bd8afc21 HTTP/2" 200 448 "-" "Mozilla/5.0 (Macintosh; Intel Mac OS X 10_15_7) AppleWebKit/605.1.15 (KHTML, like Gecko) Version/18.0 Safari/605.1.15"
130.49.114.237 - - [06/Aug/2026:18:08:04 +0000] "GET /wp-admin/admin-ajax.php?action=mk_file_folder_manager&_wpnonce=b6583d7d52&networkhref=&cmd=tree&target=l1_Y2dpLWJpbg&reqid=57fab99837ab903ab146914697c0 HTTP/2" 200 164 "-" "Mozilla/5.0 (Windows NT 10.0; Win64; x64; rv:133.0) Gecko/20100101 Firefox/133.0"
170.168.242.136 - - [06/Aug/2026:18:08:05 +0000] "GET /wp-admin/admin-ajax.php?action=mk_file_folder_manager&_wpnonce=2fdb1dad9f&networkhref=&cmd=tree&target=l1_Lw&reqid=c3978ffa6e9d0f9744e4b9d812a3 HTTP/2" 200 789 "-" "Mozilla/5.0 (Macintosh; Intel Mac OS X 10_15_7) AppleWebKit/605.1.15 (KHTML, like Gecko) Version/18.0 Safari/605.1.15"
185.61.221.160 - - [06/Aug/2026:18:08:08 +0000] "GET /wp-admin/admin-ajax.php?action=mk_file_folder_manager&_wpnonce=1f92b9f3de&networkhref=&cmd=tree&target=l1_d3AtaW5jbHVkZXM&reqid=464f593c0285aed38ff001c9b5e2 HTTP/2" 200 770 "-" "Mozilla/5.0 (Macintosh; Intel Mac OS X 10_15_7) AppleWebKit/605.1.15 (KHTML, like Gecko) Version/18.0 Safari/605.1.15"
130.49.114.237 - - [06/Aug/2026:18:08:08 +0000] "GET /wp-admin/admin-ajax.php?action=mk_file_folder_manager&_wpnonce=b6583d7d52&networkhref=&cmd=tree&target=l1_d3AtYWRtaW4&reqid=43527326e3adc92525d66186f7b6 HTTP/2" 200 273 "-" "Mozilla/5.0 (Windows NT 10.0; Win64; x64; rv:133.0) Gecko/20100101 Firefox/133.0"
170.168.242.136 - - [06/Aug/2026:18:08:09 +0000] "GET /wp-admin/admin-ajax.php?action=mk_file_folder_manager&_wpnonce=2fdb1dad9f&networkhref=&cmd=tree&target=l1_LndlbGwta25vd24&reqid=fcc3baeefbcca329a3e6bf0f3878 HTTP/2" 200 198 "-" "Mozilla/5.0 (Macintosh; Intel Mac OS X 10_15_7) AppleWebKit/605.1.15 (KHTML, like Gecko) Version/18.0 Safari/605.1.15"
185.61.221.160 - - [06/Aug/2026:18:08:10 +0000] "GET /wp-admin/admin-ajax.php?action=mk_file_folder_manager&_wpnonce=1f92b9f3de&networkhref=&cmd=mkfile&name=custom_file_2_1786039690.php&target=l1_d3AtY29udGVudC9haTF3bS1iYWNrdXBz&reqid=c6b6526e38efd96f40b880f82678 HTTP/2" 200 245 "-" "Mozilla/5.0 (Macintosh; Intel Mac OS X 10_15_7) AppleWebKit/605.1.15 (KHTML, like Gecko) Version/18.0 Safari/605.1.15"
185.61.221.160 - - [06/Aug/2026:18:08:13 +0000] "POST /wp-admin/admin-ajax.php HTTP/2" 403 5137 "https://lakepointschool.usas.in/wp-admin/admin-ajax.php" "Mozilla/5.0 (Macintosh; Intel Mac OS X 10_15_7) AppleWebKit/605.1.15 (KHTML, like Gecko) Version/18.0 Safari/605.1.15"
130.49.114.237 - - [06/Aug/2026:18:08:10 +0000] "GET /wp-admin/admin-ajax.php?action=mk_file_folder_manager&_wpnonce=b6583d7d52&networkhref=&cmd=tree&target=l1_d3AtY29udGVudA&reqid=e2c5d1186cf0b2609903c1f0484b HTTP/2" 200 446 "-" "Mozilla/5.0 (Windows NT 10.0; Win64; x64; rv:133.0) Gecko/20100101 Firefox/133.0"
185.61.221.160 - - [06/Aug/2026:18:08:14 +0000] "POST /wp-admin/admin-ajax.php HTTP/2" 403 5137 "https://lakepointschool.usas.in/wp-admin/admin-ajax.php" "Mozilla/5.0 (Macintosh; Intel Mac OS X 10_15_7) AppleWebKit/605.1.15 (KHTML, like Gecko) Version/18.0 Safari/605.1.15"
170.168.242.136 - - [06/Aug/2026:18:08:12 +0000] "GET /wp-admin/admin-ajax.php?action=mk_file_folder_manager&_wpnonce=2fdb1dad9f&networkhref=&cmd=tree&target=l1_Y2dpLWJpbg&reqid=8a744d08310d31b927dae24a4adc HTTP/2" 200 164 "-" "Mozilla/5.0 (Macintosh; Intel Mac OS X 10_15_7) AppleWebKit/605.1.15 (KHTML, like Gecko) Version/18.0 Safari/605.1.15"
185.61.221.160 - - [06/Aug/2026:18:08:14 +0000] "POST /wp-admin/admin-ajax.php HTTP/2" 403 5135 "https://lakepointschool.usas.in/wp-admin/admin-ajax.php" "Mozilla/5.0 (Macintosh; Intel Mac OS X 10_15_7) AppleWebKit/605.1.15 (KHTML, like Gecko) Version/18.0 Safari/605.1.15"
185.61.221.160 - - [06/Aug/2026:18:08:15 +0000] "POST /wp-admin/admin-ajax.php HTTP/2" 403 5137 "https://lakepointschool.usas.in/wp-admin/admin-ajax.php" "Mozilla/5.0 (Macintosh; Intel Mac OS X 10_15_7) AppleWebKit/605.1.15 (KHTML, like Gecko) Version/18.0 Safari/605.1.15"
185.61.221.160 - - [06/Aug/2026:18:08:16 +0000] "POST /wp-admin/admin-ajax.php HTTP/2" 403 5137 "https://lakepointschool.usas.in/wp-admin/admin-ajax.php" "Mozilla/5.0 (Macintosh; Intel Mac OS X 10_15_7) AppleWebKit/605.1.15 (KHTML, like Gecko) Version/18.0 Safari/605.1.15"
170.168.242.136 - - [06/Aug/2026:18:08:15 +0000] "GET /wp-admin/admin-ajax.php?action=mk_file_folder_manager&_wpnonce=2fdb1dad9f&networkhref=&cmd=tree&target=l1_d3AtYWRtaW4&reqid=2a0f2e700433b737dacf35aebed7 HTTP/2" 200 274 "-" "Mozilla/5.0 (Macintosh; Intel Mac OS X 10_15_7) AppleWebKit/605.1.15 (KHTML, like Gecko) Version/18.0 Safari/605.1.15"
130.49.114.237 - - [06/Aug/2026:18:08:14 +0000] "GET /wp-admin/admin-ajax.php?action=mk_file_folder_manager&_wpnonce=b6583d7d52&networkhref=&cmd=tree&target=l1_d3AtaW5jbHVkZXM&reqid=092069e40c8a38beb9dd78484d74 HTTP/2" 200 771 "-" "Mozilla/5.0 (Windows NT 10.0; Win64; x64; rv:133.0) Gecko/20100101 Firefox/133.0"
170.168.242.136 - - [06/Aug/2026:18:08:19 +0000] "GET /wp-admin/admin-ajax.php?action=mk_file_folder_manager&_wpnonce=2fdb1dad9f&networkhref=&cmd=tree&target=l1_d3AtY29udGVudA&reqid=a5b7911e4ac45de79c406041ff66 HTTP/2" 200 447 "-" "Mozilla/5.0 (Macintosh; Intel Mac OS X 10_15_7) AppleWebKit/605.1.15 (KHTML, like Gecko) Version/18.0 Safari/605.1.15"
130.49.114.237 - - [06/Aug/2026:18:08:20 +0000] "GET /wp-admin/admin-ajax.php?action=mk_file_folder_manager&_wpnonce=b6583d7d52&networkhref=&cmd=mkfile&name=category_template_1786039700.php&target=l1_d3AtY29udGVudC91cGxvYWRz&reqid=8dad8f8a177a92f4f768249f45cb HTTP/2" 200 252 "-" "Mozilla/5.0 (Windows NT 10.0; Win64; x64; rv:133.0) Gecko/20100101 Firefox/133.0"
130.49.114.237 - - [06/Aug/2026:18:08:27 +0000] "POST /wp-admin/admin-ajax.php HTTP/2" 403 5137 "https://lakepointschool.usas.in/wp-admin/admin-ajax.php" "Mozilla/5.0 (Windows NT 10.0; Win64; x64; rv:133.0) Gecko/20100101 Firefox/133.0"
170.168.242.136 - - [06/Aug/2026:18:08:22 +0000] "GET /wp-admin/admin-ajax.php?action=mk_file_folder_manager&_wpnonce=2fdb1dad9f&networkhref=&cmd=tree&target=l1_d3AtaW5jbHVkZXM&reqid=a87c09410d16e8fafb1035a52b0c HTTP/2" 200 771 "-" "Mozilla/5.0 (Macintosh; Intel Mac OS X 10_15_7) AppleWebKit/605.1.15 (KHTML, like Gecko) Version/18.0 Safari/605.1.15"
130.49.114.237 - - [06/Aug/2026:18:08:31 +0000] "POST /wp-admin/admin-ajax.php HTTP/2" 403 5137 "https://lakepointschool.usas.in/wp-admin/admin-ajax.php" "Mozilla/5.0 (Windows NT 10.0; Win64; x64; rv:133.0) Gecko/20100101 Firefox/133.0"
130.49.114.237 - - [06/Aug/2026:18:08:33 +0000] "POST /wp-admin/admin-ajax.php HTTP/2" 403 5135 "https://lakepointschool.usas.in/wp-admin/admin-ajax.php" "Mozilla/5.0 (Windows NT 10.0; Win64; x64; rv:133.0) Gecko/20100101 Firefox/133.0"
130.49.114.237 - - [06/Aug/2026:18:08:33 +0000] "POST /wp-admin/admin-ajax.php HTTP/2" 403 5137 "https://lakepointschool.usas.in/wp-admin/admin-ajax.php" "Mozilla/5.0 (Windows NT 10.0; Win64; x64; rv:133.0) Gecko/20100101 Firefox/133.0"
130.49.114.237 - - [06/Aug/2026:18:08:34 +0000] "POST /wp-admin/admin-ajax.php HTTP/2" 403 5137 "https://lakepointschool.usas.in/wp-admin/admin-ajax.php" "Mozilla/5.0 (Windows NT 10.0; Win64; x64; rv:133.0) Gecko/20100101 Firefox/133.0"
170.168.242.136 - - [06/Aug/2026:18:08:32 +0000] "GET /wp-admin/admin-ajax.php?action=mk_file_folder_manager&_wpnonce=2fdb1dad9f&networkhref=&cmd=mkfile&name=custom.file.5.1786039712.php&target=l1_d3AtY29udGVudC9jYWNoZQ&reqid=98d5771134353be18e7a54e1fa06 HTTP/2" 200 227 "-" "Mozilla/5.0 (Macintosh; Intel Mac OS X 10_15_7) AppleWebKit/605.1.15 (KHTML, like Gecko) Version/18.0 Safari/605.1.15"
170.168.242.136 - - [06/Aug/2026:18:08:36 +0000] "POST /wp-admin/admin-ajax.php HTTP/2" 403 1242 "https://lakepointschool.usas.in/wp-admin/admin-ajax.php" "Mozilla/5.0 (Macintosh; Intel Mac OS X 10_15_7) AppleWebKit/605.1.15 (KHTML, like Gecko) Version/18.0 Safari/605.1.15"
170.168.242.136 - - [06/Aug/2026:18:08:37 +0000] "POST /wp-admin/admin-ajax.php HTTP/2" 403 1242 "https://lakepointschool.usas.in/wp-admin/admin-ajax.php" "Mozilla/5.0 (Macintosh; Intel Mac OS X 10_15_7) AppleWebKit/605.1.15 (KHTML, like Gecko) Version/18.0 Safari/605.1.15"
157.22.100.81 - - [06/Aug/2026:18:07:02 +0000] "POST /wp-admin/admin-ajax.php HTTP/2" 403 5137 "https://lakepointschool.usas.in/wp-admin/admin-ajax.php" "Mozilla/5.0 (Windows NT 10.0; Win64; x64; rv:133.0) Gecko/20100101 Firefox/133.0"
157.22.100.81 - - [06/Aug/2026:18:07:03 +0000] "POST /wp-admin/admin-ajax.php HTTP/2" 403 5135 "https://lakepointschool.usas.in/wp-admin/admin-ajax.php" "Mozilla/5.0 (Windows NT 10.0; Win64; x64; rv:133.0) Gecko/20100101 Firefox/133.0"
157.22.100.81 - - [06/Aug/2026:18:07:03 +0000] "POST /wp-admin/admin-ajax.php HTTP/2" 403 5137 "https://lakepointschool.usas.in/wp-admin/admin-ajax.php" "Mozilla/5.0 (Windows NT 10.0; Win64; x64; rv:133.0) Gecko/20100101 Firefox/133.0"
185.61.221.160 - - [06/Aug/2026:18:07:04 +0000] "GET /wp-login.php HTTP/2" 200 2329 "-" "Mozilla/5.0 (Macintosh; Intel Mac OS X 10_15_7) AppleWebKit/605.1.15 (KHTML, like Gecko) Version/18.0 Safari/605.1.15"
178.20.213.15 - - [06/Aug/2026:18:07:05 +0000] "GET /wp-login.php HTTP/2" 200 2329 "-" "Mozilla/5.0 (Windows NT 10.0; Win64; x64; rv:133.0) Gecko/20100101 Firefox/133.0"
170.168.242.136 - - [06/Aug/2026:18:07:40 +0000] "GET /wp-admin/admin-ajax.php?action=rest-nonce HTTP/2" 400 5 "-" "Mozilla/5.0 (Macintosh; Intel Mac OS X 10_15_7) AppleWebKit/605.1.15 (KHTML, like Gecko) Version/18.0 Safari/605.1.15"
192.250.235.43 - - [06/Aug/2026:18:07:53 +0000] "GET / HTTP/1.1" 200 135648 "-" "-"
185.168.29.13 - - [06/Aug/2026:18:08:20 +0000] "GET /wp-login.php?wp_lang=en_US HTTP/2" 200 2329 "-" "Mozilla/5.0 (Macintosh; Intel Mac OS X 10_15_7) AppleWebKit/605.1.15 (KHTML, like Gecko) Version/18.0 Safari/605.1.15"
185.168.29.13 - - [06/Aug/2026:18:08:22 +0000] "POST /wp-login.php HTTP/2" 302 0 "https://lakepointschool.usas.in/wp-login.php" "Mozilla/5.0 (Macintosh; Intel Mac OS X 10_15_7) AppleWebKit/605.1.15 (KHTML, like Gecko) Version/18.0 Safari/605.1.15"
185.168.29.13 - - [06/Aug/2026:18:08:26 +0000] "GET /wp-admin/ HTTP/2" 200 20795 "https://lakepointschool.usas.in/wp-login.php" "Mozilla/5.0 (Macintosh; Intel Mac OS X 10_15_7) AppleWebKit/605.1.15 (KHTML, like Gecko) Version/18.0 Safari/605.1.15"
185.168.29.13 - - [06/Aug/2026:18:08:30 +0000] "GET /wp-admin/ HTTP/2" 200 20737 "-" "Mozilla/5.0 (Macintosh; Intel Mac OS X 10_15_7) AppleWebKit/605.1.15 (KHTML, like Gecko) Version/18.0 Safari/605.1.15"
185.168.29.13 - - [06/Aug/2026:18:08:34 +0000] "GET /wp-admin/admin-ajax.php?action=rest-nonce HTTP/2" 400 5 "-" "Mozilla/5.0 (Macintosh; Intel Mac OS X 10_15_7) AppleWebKit/605.1.15 (KHTML, like Gecko) Version/18.0 Safari/605.1.15"
185.168.29.13 - - [06/Aug/2026:18:08:38 +0000] "GET /wp-admin/plugins.php HTTP/2" 200 18532 "-" "Mozilla/5.0 (Macintosh; Intel Mac OS X 10_15_7) AppleWebKit/605.1.15 (KHTML, like Gecko) Version/18.0 Safari/605.1.15"
185.168.30.36 - - [06/Aug/2026:18:08:40 +0000] "GET /wp-login.php HTTP/2" 200 2329 "-" "Mozilla/5.0 (Windows NT 10.0; Win64; x64; rv:133.0) Gecko/20100101 Firefox/133.0"
185.168.29.13 - - [06/Aug/2026:18:08:41 +0000] "GET /wp-admin/plugin-install.php HTTP/2" 200 21056 "-" "Mozilla/5.0 (Macintosh; Intel Mac OS X 10_15_7) AppleWebKit/605.1.15 (KHTML, like Gecko) Version/18.0 Safari/605.1.15"
185.168.30.36 - - [06/Aug/2026:18:08:43 +0000] "GET /wp-login.php?wp_lang=en_US HTTP/2" 200 2329 "-" "Mozilla/5.0 (Macintosh; Intel Mac OS X 10_15_7) AppleWebKit/605.1.15 (KHTML, like Gecko) Version/18.0 Safari/605.1.15"
185.168.29.13 - - [06/Aug/2026:18:08:45 +0000] "POST /wp-admin/update.php?action=upload-plugin HTTP/2" 403 1242 "https://lakepointschool.usas.in/wp-admin/update.php?action=upload-plugin" "Mozilla/5.0 (Macintosh; Intel Mac OS X 10_15_7) AppleWebKit/605.1.15 (KHTML, like Gecko) Version/18.0 Safari/605.1.15"
185.168.30.36 - - [06/Aug/2026:18:08:46 +0000] "POST /wp-login.php HTTP/2" 302 0 "https://lakepointschool.usas.in/wp-login.php" "Mozilla/5.0 (Macintosh; Intel Mac OS X 10_15_7) AppleWebKit/605.1.15 (KHTML, like Gecko) Version/18.0 Safari/605.1.15"
185.168.29.13 - - [06/Aug/2026:18:08:46 +0000] "GET /wp-admin/themes.php HTTP/2" 200 19606 "-" "Mozilla/5.0 (Macintosh; Intel Mac OS X 10_15_7) AppleWebKit/605.1.15 (KHTML, like Gecko) Version/18.0 Safari/605.1.15"
185.168.30.36 - - [06/Aug/2026:18:08:48 +0000] "GET /wp-admin/ HTTP/2" 200 20598 "https://lakepointschool.usas.in/wp-login.php" "Mozilla/5.0 (Macintosh; Intel Mac OS X 10_15_7) AppleWebKit/605.1.15 (KHTML, like Gecko) Version/18.0 Safari/605.1.15"
185.168.29.13 - - [06/Aug/2026:18:08:50 +0000] "GET /wp-admin/theme-install.php?browse=popular HTTP/2" 200 18015 "-" "Mozilla/5.0 (Macintosh; Intel Mac OS X 10_15_7) AppleWebKit/605.1.15 (KHTML, like Gecko) Version/18.0 Safari/605.1.15"
185.168.30.36 - - [06/Aug/2026:18:08:51 +0000] "GET /wp-admin/ HTTP/2" 200 20650 "-" "Mozilla/5.0 (Macintosh; Intel Mac OS X 10_15_7) AppleWebKit/605.1.15 (KHTML, like Gecko) Version/18.0 Safari/605.1.15"
185.168.29.13 - - [06/Aug/2026:18:08:53 +0000] "POST /wp-admin/update.php?action=upload-theme HTTP/2" 403 1242 "https://lakepointschool.usas.in/wp-admin/update.php?action=upload-theme" "Mozilla/5.0 (Macintosh; Intel Mac OS X 10_15_7) AppleWebKit/605.1.15 (KHTML, like Gecko) Version/18.0 Safari/605.1.15"
192.250.235.43 - - [06/Aug/2026:18:08:54 +0000] "GET / HTTP/1.1" 200 135648 "-" "-"
185.168.30.36 - - [06/Aug/2026:18:08:55 +0000] "GET /wp-admin/admin-ajax.php?action=rest-nonce HTTP/2" 400 5 "-" "Mozilla/5.0 (Macintosh; Intel Mac OS X 10_15_7) AppleWebKit/605.1.15 (KHTML, like Gecko) Version/18.0 Safari/605.1.15"
185.168.29.13 - - [06/Aug/2026:18:08:54 +0000] "GET /wp-admin/admin.php?page=wp_file_manager HTTP/2" 200 16284 "-" "Mozilla/5.0 (Macintosh; Intel Mac OS X 10_15_7) AppleWebKit/605.1.15 (KHTML, like Gecko) Version/18.0 Safari/605.1.15"
185.168.29.13 - - [06/Aug/2026:18:08:57 +0000] "GET /wp-admin/admin-ajax.php?action=mk_file_folder_manager&_wpnonce=f33e3886f1&networkhref=&cmd=tree&target=l1_Lw&reqid=63ff069dce6b669b2e43fd36e410 HTTP/2" 200 789 "-" "Mozilla/5.0 (Macintosh; Intel Mac OS X 10_15_7) AppleWebKit/605.1.15 (KHTML, like Gecko) Version/18.0 Safari/605.1.15"
185.168.30.36 - - [06/Aug/2026:18:08:58 +0000] "GET /wp-admin/plugins.php HTTP/2" 200 18508 "-" "Mozilla/5.0 (Macintosh; Intel Mac OS X 10_15_7) AppleWebKit/605.1.15 (KHTML, like Gecko) Version/18.0 Safari/605.1.15"
185.168.29.13 - - [06/Aug/2026:18:09:01 +0000] "GET /wp-admin/admin-ajax.php?action=mk_file_folder_manager&_wpnonce=f33e3886f1&networkhref=&cmd=tree&target=l1_LndlbGwta25vd24&reqid=3af7beb425e0112720787e388680 HTTP/2" 200 198 "-" "Mozilla/5.0 (Macintosh; Intel Mac OS X 10_15_7) AppleWebKit/605.1.15 (KHTML, like Gecko) Version/18.0 Safari/605.1.15"
185.168.29.13 - - [06/Aug/2026:18:09:03 +0000] "GET /wp-admin/admin-ajax.php?action=mk_file_folder_manager&_wpnonce=f33e3886f1&networkhref=&cmd=tree&target=l1_Y2dpLWJpbg&reqid=2d817cf1070a340b3e2a3a75ed5d HTTP/2" 200 164 "-" "Mozilla/5.0 (Macintosh; Intel Mac OS X 10_15_7) AppleWebKit/605.1.15 (KHTML, like Gecko) Version/18.0 Safari/605.1.15"
185.168.30.36 - - [06/Aug/2026:18:09:01 +0000] "GET /wp-admin/plugin-install.php HTTP/2" 200 21150 "-" "Mozilla/5.0 (Macintosh; Intel Mac OS X 10_15_7) AppleWebKit/605.1.15 (KHTML, like Gecko) Version/18.0 Safari/605.1.15"
185.168.30.36 - - [06/Aug/2026:18:09:07 +0000] "POST /wp-admin/update.php?action=upload-plugin HTTP/2" 403 1242 "https://lakepointschool.usas.in/wp-admin/update.php?action=upload-plugin" "Mozilla/5.0 (Macintosh; Intel Mac OS X 10_15_7) AppleWebKit/605.1.15 (KHTML, like Gecko) Version/18.0 Safari/605.1.15"
185.168.29.13 - - [06/Aug/2026:18:09:05 +0000] "GET /wp-admin/admin-ajax.php?action=mk_file_folder_manager&_wpnonce=f33e3886f1&networkhref=&cmd=tree&target=l1_d3AtYWRtaW4&reqid=812d2232cbd8959ac1e830f4aaa2 HTTP/2" 200 273 "-" "Mozilla/5.0 (Macintosh; Intel Mac OS X 10_15_7) AppleWebKit/605.1.15 (KHTML, like Gecko) Version/18.0 Safari/605.1.15"
170.168.242.136 - - [06/Aug/2026:18:08:37 +0000] "POST /wp-admin/admin-ajax.php HTTP/2" 403 1242 "https://lakepointschool.usas.in/wp-admin/admin-ajax.php" "Mozilla/5.0 (Macintosh; Intel Mac OS X 10_15_7) AppleWebKit/605.1.15 (KHTML, like Gecko) Version/18.0 Safari/605.1.15"
170.168.242.136 - - [06/Aug/2026:18:08:38 +0000] "POST /wp-admin/admin-ajax.php HTTP/2" 403 1242 "https://lakepointschool.usas.in/wp-admin/admin-ajax.php" "Mozilla/5.0 (Macintosh; Intel Mac OS X 10_15_7) AppleWebKit/605.1.15 (KHTML, like Gecko) Version/18.0 Safari/605.1.15"
91.218.123.136 - - [06/Aug/2026:18:08:36 +0000] "GET /wp-login.php HTTP/2" 200 2329 "-" "Mozilla/5.0 (Windows NT 10.0; Win64; x64) AppleWebKit/537.36 (KHTML, like Gecko) Chrome/124.0.0.0 Safari/537.36"
170.168.242.136 - - [06/Aug/2026:18:08:39 +0000] "POST /wp-admin/admin-ajax.php HTTP/2" 403 1242 "https://lakepointschool.usas.in/wp-admin/admin-ajax.php" "Mozilla/5.0 (Macintosh; Intel Mac OS X 10_15_7) AppleWebKit/605.1.15 (KHTML, like Gecko) Version/18.0 Safari/605.1.15"
91.218.123.136 - - [06/Aug/2026:18:08:39 +0000] "GET /wp-login.php?wp_lang=en_US HTTP/2" 200 2329 "-" "Mozilla/5.0 (Macintosh; Intel Mac OS X 10_15_7) AppleWebKit/605.1.15 (KHTML, like Gecko) Version/18.0 Safari/605.1.15"
91.218.123.136 - - [06/Aug/2026:18:08:42 +0000] "POST /wp-login.php HTTP/2" 302 0 "https://lakepointschool.usas.in/wp-login.php" "Mozilla/5.0 (Macintosh; Intel Mac OS X 10_15_7) AppleWebKit/605.1.15 (KHTML, like Gecko) Version/18.0 Safari/605.1.15"
91.218.123.136 - - [06/Aug/2026:18:08:44 +0000] "GET /wp-admin/ HTTP/2" 200 20755 "https://lakepointschool.usas.in/wp-login.php" "Mozilla/5.0 (Macintosh; Intel Mac OS X 10_15_7) AppleWebKit/605.1.15 (KHTML, like Gecko) Version/18.0 Safari/605.1.15"
91.218.123.136 - - [06/Aug/2026:18:08:47 +0000] "GET /wp-admin/ HTTP/2" 200 20755 "-" "Mozilla/5.0 (Macintosh; Intel Mac OS X 10_15_7) AppleWebKit/605.1.15 (KHTML, like Gecko) Version/18.0 Safari/605.1.15"
91.218.123.136 - - [06/Aug/2026:18:08:51 +0000] "GET /wp-admin/admin-ajax.php?action=rest-nonce HTTP/2" 400 5 "-" "Mozilla/5.0 (Macintosh; Intel Mac OS X 10_15_7) AppleWebKit/605.1.15 (KHTML, like Gecko) Version/18.0 Safari/605.1.15"
91.218.123.136 - - [06/Aug/2026:18:08:53 +0000] "GET /wp-admin/plugins.php HTTP/2" 200 18520 "-" "Mozilla/5.0 (Macintosh; Intel Mac OS X 10_15_7) AppleWebKit/605.1.15 (KHTML, like Gecko) Version/18.0 Safari/605.1.15"
91.218.123.136 - - [06/Aug/2026:18:08:57 +0000] "GET /wp-admin/plugin-install.php HTTP/2" 200 21094 "-" "Mozilla/5.0 (Macintosh; Intel Mac OS X 10_15_7) AppleWebKit/605.1.15 (KHTML, like Gecko) Version/18.0 Safari/605.1.15"
91.218.123.136 - - [06/Aug/2026:18:09:00 +0000] "POST /wp-admin/update.php?action=upload-plugin HTTP/2" 403 1242 "https://lakepointschool.usas.in/wp-admin/update.php?action=upload-plugin" "Mozilla/5.0 (Macintosh; Intel Mac OS X 10_15_7) AppleWebKit/605.1.15 (KHTML, like Gecko) Version/18.0 Safari/605.1.15"
91.218.123.136 - - [06/Aug/2026:18:09:01 +0000] "GET /wp-admin/themes.php HTTP/2" 200 19711 "-" "Mozilla/5.0 (Macintosh; Intel Mac OS X 10_15_7) AppleWebKit/605.1.15 (KHTML, like Gecko) Version/18.0 Safari/605.1.15"
91.218.123.136 - - [06/Aug/2026:18:09:03 +0000] "GET /wp-admin/theme-install.php?browse=popular HTTP/2" 200 18085 "-" "Mozilla/5.0 (Macintosh; Intel Mac OS X 10_15_7) AppleWebKit/605.1.15 (KHTML, like Gecko) Version/18.0 Safari/605.1.15"
91.218.123.136 - - [06/Aug/2026:18:09:06 +0000] "POST /wp-admin/update.php?action=upload-theme HTTP/2" 403 1242 "https://lakepointschool.usas.in/wp-admin/update.php?action=upload-theme" "Mozilla/5.0 (Macintosh; Intel Mac OS X 10_15_7) AppleWebKit/605.1.15 (KHTML, like Gecko) Version/18.0 Safari/605.1.15"
91.218.123.136 - - [06/Aug/2026:18:09:07 +0000] "GET /wp-admin/admin.php?page=wp_file_manager HTTP/2" 200 16287 "-" "Mozilla/5.0 (Macintosh; Intel Mac OS X 10_15_7) AppleWebKit/605.1.15 (KHTML, like Gecko) Version/18.0 Safari/605.1.15"
185.168.30.36 - - [06/Aug/2026:18:09:08 +0000] "GET /wp-admin/themes.php HTTP/2" 200 19654 "-" "Mozilla/5.0 (Macintosh; Intel Mac OS X 10_15_7) AppleWebKit/605.1.15 (KHTML, like Gecko) Version/18.0 Safari/605.1.15"
185.168.29.13 - - [06/Aug/2026:18:09:09 +0000] "GET /wp-admin/admin-ajax.php?action=mk_file_folder_manager&_wpnonce=f33e3886f1&networkhref=&cmd=tree&target=l1_d3AtY29udGVudA&reqid=1e330f294cf2bf00bd394c7bc02e HTTP/2" 200 450 "-" "Mozilla/5.0 (Macintosh; Intel Mac OS X 10_15_7) AppleWebKit/605.1.15 (KHTML, like Gecko) Version/18.0 Safari/605.1.15"
185.168.30.36 - - [06/Aug/2026:18:09:11 +0000] "GET /wp-admin/theme-install.php?browse=popular HTTP/2" 200 17975 "-" "Mozilla/5.0 (Macintosh; Intel Mac OS X 10_15_7) AppleWebKit/605.1.15 (KHTML, like Gecko) Version/18.0 Safari/605.1.15"
185.168.29.13 - - [06/Aug/2026:18:09:12 +0000] "GET /wp-admin/admin-ajax.php?action=mk_file_folder_manager&_wpnonce=f33e3886f1&networkhref=&cmd=tree&target=l1_d3AtaW5jbHVkZXM&reqid=48e339507d25c8fc5544087221d4 HTTP/2" 200 772 "-" "Mozilla/5.0 (Macintosh; Intel Mac OS X 10_15_7) AppleWebKit/605.1.15 (KHTML, like Gecko) Version/18.0 Safari/605.1.15"
185.168.29.13 - - [06/Aug/2026:18:09:16 +0000] "GET /wp-admin/admin-ajax.php?action=mk_file_folder_manager&_wpnonce=f33e3886f1&networkhref=&cmd=mkfile&name=author.template.1786039756.php&target=l1_d3AtY29udGVudC9jYWNoZQ&reqid=7cdad319e1f6f181d23b8d419a68 HTTP/2" 200 235 "-" "Mozilla/5.0 (Macintosh; Intel Mac OS X 10_15_7) AppleWebKit/605.1.15 (KHTML, like Gecko) Version/18.0 Safari/605.1.15"
185.168.30.36 - - [06/Aug/2026:18:09:18 +0000] "POST /wp-admin/update.php?action=upload-theme HTTP/2" 403 1242 "https://lakepointschool.usas.in/wp-admin/update.php?action=upload-theme" "Mozilla/5.0 (Macintosh; Intel Mac OS X 10_15_7) AppleWebKit/605.1.15 (KHTML, like Gecko) Version/18.0 Safari/605.1.15"
185.168.29.13 - - [06/Aug/2026:18:09:19 +0000] "POST /wp-admin/admin-ajax.php HTTP/2" 403 5137 "https://lakepointschool.usas.in/wp-admin/admin-ajax.php" "Mozilla/5.0 (Macintosh; Intel Mac OS X 10_15_7) AppleWebKit/605.1.15 (KHTML, like Gecko) Version/18.0 Safari/605.1.15"
185.168.29.13 - - [06/Aug/2026:18:09:19 +0000] "POST /wp-admin/admin-ajax.php HTTP/2" 403 5137 "https://lakepointschool.usas.in/wp-admin/admin-ajax.php" "Mozilla/5.0 (Macintosh; Intel Mac OS X 10_15_7) AppleWebKit/605.1.15 (KHTML, like Gecko) Version/18.0 Safari/605.1.15"
185.168.29.13 - - [06/Aug/2026:18:09:20 +0000] "POST /wp-admin/admin-ajax.php HTTP/2" 403 5137 "https://lakepointschool.usas.in/wp-admin/admin-ajax.php" "Mozilla/5.0 (Macintosh; Intel Mac OS X 10_15_7) AppleWebKit/605.1.15 (KHTML, like Gecko) Version/18.0 Safari/605.1.15"
185.168.29.13 - - [06/Aug/2026:18:09:20 +0000] "POST /wp-admin/admin-ajax.php HTTP/2" 403 5137 "https://lakepointschool.usas.in/wp-admin/admin-ajax.php" "Mozilla/5.0 (Macintosh; Intel Mac OS X 10_15_7) AppleWebKit/605.1.15 (KHTML, like Gecko) Version/18.0 Safari/605.1.15"
185.168.29.13 - - [06/Aug/2026:18:09:21 +0000] "POST /wp-admin/admin-ajax.php HTTP/2" 403 5137 "https://lakepointschool.usas.in/wp-admin/admin-ajax.php" "Mozilla/5.0 (Macintosh; Intel Mac OS X 10_15_7) AppleWebKit/605.1.15 (KHTML, like Gecko) Version/18.0 Safari/605.1.15"
185.168.30.36 - - [06/Aug/2026:18:09:19 +0000] "GET /wp-admin/admin.php?page=wp_file_manager HTTP/2" 200 16266 "-" "Mozilla/5.0 (Macintosh; Intel Mac OS X 10_15_7) AppleWebKit/605.1.15 (KHTML, like Gecko) Version/18.0 Safari/605.1.15"
83.142.52.232 - - [06/Aug/2026:18:09:22 +0000] "GET /wp-login.php HTTP/2" 200 2329 "-" "Mozilla/5.0 (Windows NT 10.0; Win64; x64) AppleWebKit/537.36 (KHTML, like Gecko) Chrome/124.0.0.0 Safari/537.36"
185.168.30.36 - - [06/Aug/2026:18:09:22 +0000] "GET /wp-admin/admin-ajax.php?action=mk_file_folder_manager&_wpnonce=997c8183bf&networkhref=&cmd=tree&target=l1_Lw&reqid=77b67235144bc64504852cb6627e HTTP/2" 200 788 "-" "Mozilla/5.0 (Macintosh; Intel Mac OS X 10_15_7) AppleWebKit/605.1.15 (KHTML, like Gecko) Version/18.0 Safari/605.1.15"
91.218.123.136 - - [06/Aug/2026:18:09:12 +0000] "GET /wp-admin/admin-ajax.php?action=mk_file_folder_manager&_wpnonce=a87a662c19&networkhref=&cmd=tree&target=l1_Lw&reqid=3d134945eea1e7af0c8c49b5a5e4 HTTP/2" 200 788 "-" "Mozilla/5.0 (Macintosh; Intel Mac OS X 10_15_7) AppleWebKit/605.1.15 (KHTML, like Gecko) Version/18.0 Safari/605.1.15"
91.218.123.136 - - [06/Aug/2026:18:09:15 +0000] "GET /wp-admin/admin-ajax.php?action=mk_file_folder_manager&_wpnonce=a87a662c19&networkhref=&cmd=tree&target=l1_LndlbGwta25vd24&reqid=2a2b2572bf6299d3c479d9b348f0 HTTP/2" 200 198 "-" "Mozilla/5.0 (Macintosh; Intel Mac OS X 10_15_7) AppleWebKit/605.1.15 (KHTML, like Gecko) Version/18.0 Safari/605.1.15"
91.218.123.136 - - [06/Aug/2026:18:09:17 +0000] "GET /wp-admin/admin-ajax.php?action=mk_file_folder_manager&_wpnonce=a87a662c19&networkhref=&cmd=tree&target=l1_Y2dpLWJpbg&reqid=241955262f0f9aac4fcc4b2c722f HTTP/2" 200 164 "-" "Mozilla/5.0 (Macintosh; Intel Mac OS X 10_15_7) AppleWebKit/605.1.15 (KHTML, like Gecko) Version/18.0 Safari/605.1.15"
91.218.123.136 - - [06/Aug/2026:18:09:19 +0000] "GET /wp-admin/admin-ajax.php?action=mk_file_folder_manager&_wpnonce=a87a662c19&networkhref=&cmd=tree&target=l1_d3AtYWRtaW4&reqid=086aa2bbc5ffa75e92bde09d5538 HTTP/2" 200 273 "-" "Mozilla/5.0 (Macintosh; Intel Mac OS X 10_15_7) AppleWebKit/605.1.15 (KHTML, like Gecko) Version/18.0 Safari/605.1.15"
91.218.123.136 - - [06/Aug/2026:18:09:23 +0000] "GET /wp-admin/admin-ajax.php?action=mk_file_folder_manager&_wpnonce=a87a662c19&networkhref=&cmd=tree&target=l1_d3AtY29udGVudA&reqid=2d8be5edc946879261a831013106 HTTP/2" 200 448 "-" "Mozilla/5.0 (Macintosh; Intel Mac OS X 10_15_7) AppleWebKit/605.1.15 (KHTML, like Gecko) Version/18.0 Safari/605.1.15"
83.142.52.232 - - [06/Aug/2026:18:09:26 +0000] "GET /wp-login.php?wp_lang=en_US HTTP/2" 200 2329 "-" "Mozilla/5.0 (Windows NT 10.0; Win64; x64) AppleWebKit/537.36 (KHTML, like Gecko) Chrome/124.0.0.0 Safari/537.36"
91.218.123.136 - - [06/Aug/2026:18:09:26 +0000] "GET /wp-admin/admin-ajax.php?action=mk_file_folder_manager&_wpnonce=a87a662c19&networkhref=&cmd=tree&target=l1_d3AtaW5jbHVkZXM&reqid=7edad29a055b01ab30d401e46e4e HTTP/2" 200 772 "-" "Mozilla/5.0 (Macintosh; Intel Mac OS X 10_15_7) AppleWebKit/605.1.15 (KHTML, like Gecko) Version/18.0 Safari/605.1.15"
83.142.52.232 - - [06/Aug/2026:18:09:28 +0000] "POST /wp-login.php HTTP/2" 302 0 "https://lakepointschool.usas.in/wp-login.php" "Mozilla/5.0 (Windows NT 10.0; Win64; x64) AppleWebKit/537.36 (KHTML, like Gecko) Chrome/124.0.0.0 Safari/537.36"
91.218.123.136 - - [06/Aug/2026:18:09:31 +0000] "GET /wp-admin/admin-ajax.php?action=mk_file_folder_manager&_wpnonce=a87a662c19&networkhref=&cmd=mkfile&name=author.template.1786039771.php&target=l1_d3AtY29udGVudC91cGdyYWRlLXRlbXAtYmFja3Vw&reqid=ee183a011d5d72f7ffb074559c1e HTTP/2" 200 252 "-" "Mozilla/5.0 (Macintosh; Intel Mac OS X 10_15_7) AppleWebKit/605.1.15 (KHTML, like Gecko) Version/18.0 Safari/605.1.15"
83.142.52.232 - - [06/Aug/2026:18:09:32 +0000] "GET /wp-admin/ HTTP/2" 200 20733 "https://lakepointschool.usas.in/wp-login.php" "Mozilla/5.0 (Windows NT 10.0; Win64; x64) AppleWebKit/537.36 (KHTML, like Gecko) Chrome/124.0.0.0 Safari/537.36"
91.218.123.136 - - [06/Aug/2026:18:09:35 +0000] "POST /wp-admin/admin-ajax.php HTTP/2" 403 5137 "https://lakepointschool.usas.in/wp-admin/admin-ajax.php" "Mozilla/5.0 (Macintosh; Intel Mac OS X 10_15_7) AppleWebKit/605.1.15 (KHTML, like Gecko) Version/18.0 Safari/605.1.15"
91.218.123.136 - - [06/Aug/2026:18:09:35 +0000] "POST /wp-admin/admin-ajax.php HTTP/2" 403 5137 "https://lakepointschool.usas.in/wp-admin/admin-ajax.php" "Mozilla/5.0 (Macintosh; Intel Mac OS X 10_15_7) AppleWebKit/605.1.15 (KHTML, like Gecko) Version/18.0 Safari/605.1.15"
91.218.123.136 - - [06/Aug/2026:18:09:36 +0000] "POST /wp-admin/admin-ajax.php HTTP/2" 403 5137 "https://lakepointschool.usas.in/wp-admin/admin-ajax.php" "Mozilla/5.0 (Macintosh; Intel Mac OS X 10_15_7) AppleWebKit/605.1.15 (KHTML, like Gecko) Version/18.0 Safari/605.1.15"
91.218.123.136 - - [06/Aug/2026:18:09:36 +0000] "POST /wp-admin/admin-ajax.php HTTP/2" 403 5137 "https://lakepointschool.usas.in/wp-admin/admin-ajax.php" "Mozilla/5.0 (Macintosh; Intel Mac OS X 10_15_7) AppleWebKit/605.1.15 (KHTML, like Gecko) Version/18.0 Safari/605.1.15"
91.218.123.136 - - [06/Aug/2026:18:09:37 +0000] "POST /wp-admin/admin-ajax.php HTTP/2" 403 5137 "https://lakepointschool.usas.in/wp-admin/admin-ajax.php" "Mozilla/5.0 (Macintosh; Intel Mac OS X 10_15_7) AppleWebKit/605.1.15 (KHTML, like Gecko) Version/18.0 Safari/605.1.15"
83.142.52.232 - - [06/Aug/2026:18:09:35 +0000] "GET /wp-admin/ HTTP/2" 200 20770 "-" "Mozilla/5.0 (Windows NT 10.0; Win64; x64) AppleWebKit/537.36 (KHTML, like Gecko) Chrome/124.0.0.0 Safari/537.36"
178.20.30.80 - - [06/Aug/2026:18:09:44 +0000] "GET /wp-login.php?wp_lang=en_US HTTP/2" 200 2329 "-" "Mozilla/5.0 (Macintosh; Intel Mac OS X 10_15_7) AppleWebKit/605.1.15 (KHTML, like Gecko) Version/18.0 Safari/605.1.15"
178.20.30.80 - - [06/Aug/2026:18:09:48 +0000] "POST /wp-login.php HTTP/2" 302 0 "https://lakepointschool.usas.in/wp-login.php" "Mozilla/5.0 (Macintosh; Intel Mac OS X 10_15_7) AppleWebKit/605.1.15 (KHTML, like Gecko) Version/18.0 Safari/605.1.15"
83.142.52.232 - - [06/Aug/2026:18:09:48 +0000] "GET /wp-admin/plugins.php HTTP/2" 200 18394 "-" "Mozilla/5.0 (Windows NT 10.0; Win64; x64) AppleWebKit/537.36 (KHTML, like Gecko) Chrome/124.0.0.0 Safari/537.36"
178.20.30.80 - - [06/Aug/2026:18:09:52 +0000] "GET /wp-admin/ HTTP/2" 200 20734 "https://lakepointschool.usas.in/wp-login.php" "Mozilla/5.0 (Macintosh; Intel Mac OS X 10_15_7) AppleWebKit/605.1.15 (KHTML, like Gecko) Version/18.0 Safari/605.1.15"
178.20.30.80 - - [06/Aug/2026:18:09:55 +0000] "GET /wp-admin/ HTTP/2" 200 20754 "-" "Mozilla/5.0 (Macintosh; Intel Mac OS X 10_15_7) AppleWebKit/605.1.15 (KHTML, like Gecko) Version/18.0 Safari/605.1.15"
192.250.235.43 - - [06/Aug/2026:18:09:56 +0000] "GET / HTTP/1.1" 200 135648 "-" "-"
83.142.52.232 - - [06/Aug/2026:18:09:54 +0000] "GET /wp-admin/plugin-install.php HTTP/2" 200 21160 "-" "Mozilla/5.0 (Windows NT 10.0; Win64; x64) AppleWebKit/537.36 (KHTML, like Gecko) Chrome/124.0.0.0 Safari/537.36"
178.20.30.80 - - [06/Aug/2026:18:09:58 +0000] "GET /wp-admin/admin-ajax.php?action=rest-nonce HTTP/2" 400 5 "-" "Mozilla/5.0 (Macintosh; Intel Mac OS X 10_15_7) AppleWebKit/605.1.15 (KHTML, like Gecko) Version/18.0 Safari/605.1.15"
83.142.52.232 - - [06/Aug/2026:18:09:59 +0000] "POST /wp-admin/update.php?action=upload-plugin HTTP/2" 403 1242 "https://lakepointschool.usas.in/wp-admin/update.php?action=upload-plugin" "Mozilla/5.0 (Windows NT 10.0; Win64; x64) AppleWebKit/537.36 (KHTML, like Gecko) Chrome/124.0.0.0 Safari/537.36"
178.20.30.80 - - [06/Aug/2026:18:10:00 +0000] "GET /wp-admin/plugins.php HTTP/2" 200 18566 "-" "Mozilla/5.0 (Macintosh; Intel Mac OS X 10_15_7) AppleWebKit/605.1.15 (KHTML, like Gecko) Version/18.0 Safari/605.1.15"
83.142.52.232 - - [06/Aug/2026:18:10:01 +0000] "GET /wp-admin/themes.php HTTP/2" 200 19637 "-" "Mozilla/5.0 (Windows NT 10.0; Win64; x64) AppleWebKit/537.36 (KHTML, like Gecko) Chrome/124.0.0.0 Safari/537.36"
178.20.30.80 - - [06/Aug/2026:18:10:02 +0000] "GET /wp-admin/plugin-install.php HTTP/2" 200 21054 "-" "Mozilla/5.0 (Macintosh; Intel Mac OS X 10_15_7) AppleWebKit/605.1.15 (KHTML, like Gecko) Version/18.0 Safari/605.1.15"
193.203.8.226 - - [06/Aug/2026:18:10:03 +0000] "GET /wp-login.php HTTP/2" 200 2329 "-" "Mozilla/5.0 (Windows NT 10.0; Win64; x64; rv:133.0) Gecko/20100101 Firefox/133.0"
83.142.52.232 - - [06/Aug/2026:18:10:04 +0000] "GET /wp-admin/theme-install.php?browse=popular HTTP/2" 200 18015 "-" "Mozilla/5.0 (Windows NT 10.0; Win64; x64) AppleWebKit/537.36 (KHTML, like Gecko) Chrome/124.0.0.0 Safari/537.36"
178.20.30.80 - - [06/Aug/2026:18:10:06 +0000] "POST /wp-admin/update.php?action=upload-plugin HTTP/2" 403 1242 "https://lakepointschool.usas.in/wp-admin/update.php?action=upload-plugin" "Mozilla/5.0 (Macintosh; Intel Mac OS X 10_15_7) AppleWebKit/605.1.15 (KHTML, like Gecko) Version/18.0 Safari/605.1.15"
83.142.52.232 - - [06/Aug/2026:18:10:06 +0000] "POST /wp-admin/update.php?action=upload-theme HTTP/2" 403 1242 "https://lakepointschool.usas.in/wp-admin/update.php?action=upload-theme" "Mozilla/5.0 (Windows NT 10.0; Win64; x64) AppleWebKit/537.36 (KHTML, like Gecko) Chrome/124.0.0.0 Safari/537.36"
178.20.30.80 - - [06/Aug/2026:18:10:07 +0000] "GET /wp-admin/themes.php HTTP/2" 200 19509 "-" "Mozilla/5.0 (Macintosh; Intel Mac OS X 10_15_7) AppleWebKit/605.1.15 (KHTML, like Gecko) Version/18.0 Safari/605.1.15"
83.142.52.232 - - [06/Aug/2026:18:10:07 +0000] "GET /wp-admin/admin.php?page=wp_file_manager HTTP/2" 200 16290 "-" "Mozilla/5.0 (Windows NT 10.0; Win64; x64) AppleWebKit/537.36 (KHTML, like Gecko) Chrome/124.0.0.0 Safari/537.36"
178.20.30.80 - - [06/Aug/2026:18:10:10 +0000] "GET /wp-admin/theme-install.php?browse=popular HTTP/2" 200 18071 "-" "Mozilla/5.0 (Macintosh; Intel Mac OS X 10_15_7) AppleWebKit/605.1.15 (KHTML, like Gecko) Version/18.0 Safari/605.1.15"
83.142.52.232 - - [06/Aug/2026:18:10:10 +0000] "GET /wp-admin/admin-ajax.php?action=mk_file_folder_manager&_wpnonce=e3daabebdc&networkhref=&cmd=tree&target=l1_Lw&reqid=03b25877ab443a394d2691dead57 HTTP/2" 200 789 "-" "Mozilla/5.0 (Windows NT 10.0; Win64; x64) AppleWebKit/537.36 (KHTML, like Gecko) Chrome/124.0.0.0 Safari/537.36"
178.20.30.80 - - [06/Aug/2026:18:10:13 +0000] "POST /wp-admin/update.php?action=upload-theme HTTP/2" 403 1242 "https://lakepointschool.usas.in/wp-admin/update.php?action=upload-theme" "Mozilla/5.0 (Macintosh; Intel Mac OS X 10_15_7) AppleWebKit/605.1.15 (KHTML, like Gecko) Version/18.0 Safari/605.1.15"
83.142.52.232 - - [06/Aug/2026:18:10:13 +0000] "GET /wp-admin/admin-ajax.php?action=mk_file_folder_manager&_wpnonce=e3daabebdc&networkhref=&cmd=tree&target=l1_LndlbGwta25vd24&reqid=98efbddf177c317aee41e95ff8b2 HTTP/2" 200 198 "-" "Mozilla/5.0 (Windows NT 10.0; Win64; x64) AppleWebKit/537.36 (KHTML, like Gecko) Chrome/124.0.0.0 Safari/537.36"
178.20.30.80 - - [06/Aug/2026:18:10:14 +0000] "GET /wp-admin/admin.php?page=wp_file_manager HTTP/2" 200 16276 "-" "Mozilla/5.0 (Macintosh; Intel Mac OS X 10_15_7) AppleWebKit/605.1.15 (KHTML, like Gecko) Version/18.0 Safari/605.1.15"
83.142.52.232 - - [06/Aug/2026:18:10:16 +0000] "GET /wp-admin/admin-ajax.php?action=mk_file_folder_manager&_wpnonce=e3daabebdc&networkhref=&cmd=tree&target=l1_Y2dpLWJpbg&reqid=b47b79f217e0fff1f7136d58864f HTTP/2" 200 164 "-" "Mozilla/5.0 (Windows NT 10.0; Win64; x64) AppleWebKit/537.36 (KHTML, like Gecko) Chrome/124.0.0.0 Safari/537.36"
178.20.30.80 - - [06/Aug/2026:18:10:16 +0000] "GET /wp-admin/admin-ajax.php?action=mk_file_folder_manager&_wpnonce=8975cff1d2&networkhref=&cmd=tree&target=l1_Lw&reqid=997966713f07925a5ce691acb06f HTTP/2" 200 789 "-" "Mozilla/5.0 (Macintosh; Intel Mac OS X 10_15_7) AppleWebKit/605.1.15 (KHTML, like Gecko) Version/18.0 Safari/605.1.15"
193.203.8.226 - - [06/Aug/2026:18:10:18 +0000] "GET /wp-admin/admin-ajax.php?action=rest-nonce HTTP/2" 400 5 "-" "Mozilla/5.0 (Windows NT 10.0; Win64; x64; rv:133.0) Gecko/20100101 Firefox/133.0"
83.142.52.232 - - [06/Aug/2026:18:10:19 +0000] "GET /wp-admin/admin-ajax.php?action=mk_file_folder_manager&_wpnonce=e3daabebdc&networkhref=&cmd=tree&target=l1_d3AtYWRtaW4&reqid=a4eb13a5b5b45a9cbbc8a8f247cf HTTP/2" 200 274 "-" "Mozilla/5.0 (Windows NT 10.0; Win64; x64) AppleWebKit/537.36 (KHTML, like Gecko) Chrome/124.0.0.0 Safari/537.36"
178.20.30.80 - - [06/Aug/2026:18:10:20 +0000] "GET /wp-admin/admin-ajax.php?action=mk_file_folder_manager&_wpnonce=8975cff1d2&networkhref=&cmd=tree&target=l1_LndlbGwta25vd24&reqid=18cccfc6243f08c796c1cfe032a8 HTTP/2" 200 196 "-" "Mozilla/5.0 (Macintosh; Intel Mac OS X 10_15_7) AppleWebKit/605.1.15 (KHTML, like Gecko) Version/18.0 Safari/605.1.15"
178.20.30.80 - - [06/Aug/2026:18:10:23 +0000] "GET /wp-admin/admin-ajax.php?action=mk_file_folder_manager&_wpnonce=8975cff1d2&networkhref=&cmd=tree&target=l1_Y2dpLWJpbg&reqid=70bc91289b005a1ff002650206bc HTTP/2" 200 164 "-" "Mozilla/5.0 (Macintosh; Intel Mac OS X 10_15_7) AppleWebKit/605.1.15 (KHTML, like Gecko) Version/18.0 Safari/605.1.15"
83.142.52.232 - - [06/Aug/2026:18:10:22 +0000] "GET /wp-admin/admin-ajax.php?action=mk_file_folder_manager&_wpnonce=e3daabebdc&networkhref=&cmd=tree&target=l1_d3AtY29udGVudA&reqid=e668dbe393b05eeef18d242e04cb HTTP/2" 200 450 "-" "Mozilla/5.0 (Windows NT 10.0; Win64; x64) AppleWebKit/537.36 (KHTML, like Gecko) Chrome/124.0.0.0 Safari/537.36"
178.20.30.80 - - [06/Aug/2026:18:10:24 +0000] "GET /wp-admin/admin-ajax.php?action=mk_file_folder_manager&_wpnonce=8975cff1d2&networkhref=&cmd=tree&target=l1_d3AtYWRtaW4&reqid=2575989d51d3169ef63afc9b2539 HTTP/2" 200 274 "-" "Mozilla/5.0 (Macintosh; Intel Mac OS X 10_15_7) AppleWebKit/605.1.15 (KHTML, like Gecko) Version/18.0 Safari/605.1.15"
83.142.52.232 - - [06/Aug/2026:18:10:25 +0000] "GET /wp-admin/admin-ajax.php?action=mk_file_folder_manager&_wpnonce=e3daabebdc&networkhref=&cmd=tree&target=l1_d3AtaW5jbHVkZXM&reqid=a5ea83e42f0f36f55a64260a8860 HTTP/2" 200 770 "-" "Mozilla/5.0 (Windows NT 10.0; Win64; x64) AppleWebKit/537.36 (KHTML, like Gecko) Chrome/124.0.0.0 Safari/537.36"
178.20.30.80 - - [06/Aug/2026:18:10:28 +0000] "GET /wp-admin/admin-ajax.php?action=mk_file_folder_manager&_wpnonce=8975cff1d2&networkhref=&cmd=tree&target=l1_d3AtY29udGVudA&reqid=54949a5c71c5616a6ffd4adb942e HTTP/2" 200 448 "-" "Mozilla/5.0 (Macintosh; Intel Mac OS X 10_15_7) AppleWebKit/605.1.15 (KHTML, like Gecko) Version/18.0 Safari/605.1.15"
83.142.52.232 - - [06/Aug/2026:18:10:30 +0000] "GET /wp-admin/admin-ajax.php?action=mk_file_folder_manager&_wpnonce=e3daabebdc&networkhref=&cmd=mkfile&name=custom.file.4.1786039829.php&target=l1_d3AtY29udGVudC91cGdyYWRl&reqid=d3734f66f9e0e0e15a6764f75e83 HTTP/2" 200 238 "-" "Mozilla/5.0 (Windows NT 10.0; Win64; x64) AppleWebKit/537.36 (KHTML, like Gecko) Chrome/124.0.0.0 Safari/537.36"
83.142.52.232 - - [06/Aug/2026:18:10:34 +0000] "POST /wp-admin/admin-ajax.php HTTP/2" 403 5137 "https://lakepointschool.usas.in/wp-admin/admin-ajax.php" "Mozilla/5.0 (Windows NT 10.0; Win64; x64) AppleWebKit/537.36 (KHTML, like Gecko) Chrome/124.0.0.0 Safari/537.36"
83.142.52.232 - - [06/Aug/2026:18:10:35 +0000] "POST /wp-admin/admin-ajax.php HTTP/2" 403 5137 "https://lakepointschool.usas.in/wp-admin/admin-ajax.php" "Mozilla/5.0 (Windows NT 10.0; Win64; x64) AppleWebKit/537.36 (KHTML, like Gecko) Chrome/124.0.0.0 Safari/537.36"
83.142.52.232 - - [06/Aug/2026:18:10:35 +0000] "POST /wp-admin/admin-ajax.php HTTP/2" 403 5137 "https://lakepointschool.usas.in/wp-admin/admin-ajax.php" "Mozilla/5.0 (Windows NT 10.0; Win64; x64) AppleWebKit/537.36 (KHTML, like Gecko) Chrome/124.0.0.0 Safari/537.36"
83.142.52.232 - - [06/Aug/2026:18:10:36 +0000] "POST /wp-admin/admin-ajax.php HTTP/2" 403 5137 "https://lakepointschool.usas.in/wp-admin/admin-ajax.php" "Mozilla/5.0 (Windows NT 10.0; Win64; x64) AppleWebKit/537.36 (KHTML, like Gecko) Chrome/124.0.0.0 Safari/537.36"
83.142.52.232 - - [06/Aug/2026:18:10:36 +0000] "POST /wp-admin/admin-ajax.php HTTP/2" 403 5137 "https://lakepointschool.usas.in/wp-admin/admin-ajax.php" "Mozilla/5.0 (Windows NT 10.0; Win64; x64) AppleWebKit/537.36 (KHTML, like Gecko) Chrome/124.0.0.0 Safari/537.36"
178.20.30.80 - - [06/Aug/2026:18:10:31 +0000] "GET /wp-admin/admin-ajax.php?action=mk_file_folder_manager&_wpnonce=8975cff1d2&networkhref=&cmd=tree&target=l1_d3AtaW5jbHVkZXM&reqid=261130bbca7d54a881a1e8e26210 HTTP/2" 200 770 "-" "Mozilla/5.0 (Macintosh; Intel Mac OS X 10_15_7) AppleWebKit/605.1.15 (KHTML, like Gecko) Version/18.0 Safari/605.1.15"
178.20.30.80 - - [06/Aug/2026:18:10:37 +0000] "GET /wp-admin/admin-ajax.php?action=mk_file_folder_manager&_wpnonce=8975cff1d2&networkhref=&cmd=mkfile&name=config_1786039837.php&target=l1_d3AtY29udGVudC9jYWNoZQ&reqid=8679b3ddedcc2fd95665a683774e HTTP/2" 200 225 "-" "Mozilla/5.0 (Macintosh; Intel Mac OS X 10_15_7) AppleWebKit/605.1.15 (KHTML, like Gecko) Version/18.0 Safari/605.1.15"
45.140.207.35 - - [06/Aug/2026:18:10:38 +0000] "GET /wp-login.php HTTP/2" 200 2329 "-" "Mozilla/5.0 (Windows NT 10.0; Win64; x64) AppleWebKit/537.36 (KHTML, like Gecko) Chrome/124.0.0.0 Safari/537.36"
185.168.30.36 - - [06/Aug/2026:18:09:26 +0000] "GET /wp-admin/admin-ajax.php?action=mk_file_folder_manager&_wpnonce=997c8183bf&networkhref=&cmd=tree&target=l1_LndlbGwta25vd24&reqid=92e30b3763c9fa3c52ea419dd2d6 HTTP/2" 200 198 "-" "Mozilla/5.0 (Macintosh; Intel Mac OS X 10_15_7) AppleWebKit/605.1.15 (KHTML, like Gecko) Version/18.0 Safari/605.1.15"
185.168.30.36 - - [06/Aug/2026:18:09:30 +0000] "GET /wp-admin/admin-ajax.php?action=mk_file_folder_manager&_wpnonce=997c8183bf&networkhref=&cmd=tree&target=l1_Y2dpLWJpbg&reqid=1217f411b94173a85dbd0bde3a27 HTTP/2" 200 164 "-" "Mozilla/5.0 (Macintosh; Intel Mac OS X 10_15_7) AppleWebKit/605.1.15 (KHTML, like Gecko) Version/18.0 Safari/605.1.15"
185.168.30.36 - - [06/Aug/2026:18:09:36 +0000] "GET /wp-admin/admin-ajax.php?action=mk_file_folder_manager&_wpnonce=997c8183bf&networkhref=&cmd=tree&target=l1_d3AtYWRtaW4&reqid=ff84157ede89759d7fac975ffd34 HTTP/2" 200 274 "-" "Mozilla/5.0 (Macintosh; Intel Mac OS X 10_15_7) AppleWebKit/605.1.15 (KHTML, like Gecko) Version/18.0 Safari/605.1.15"
178.20.30.80 - - [06/Aug/2026:18:09:38 +0000] "GET /wp-login.php HTTP/2" 200 2329 "-" "Mozilla/5.0 (Windows NT 10.0; Win64; x64) AppleWebKit/537.36 (KHTML, like Gecko) Chrome/124.0.0.0 Safari/537.36"
83.142.52.232 - - [06/Aug/2026:18:09:41 +0000] "GET /wp-admin/admin-ajax.php?action=rest-nonce HTTP/2" 400 5 "-" "Mozilla/5.0 (Windows NT 10.0; Win64; x64) AppleWebKit/537.36 (KHTML, like Gecko) Chrome/124.0.0.0 Safari/537.36"
185.168.30.36 - - [06/Aug/2026:18:09:52 +0000] "GET /wp-admin/admin-ajax.php?action=mk_file_folder_manager&_wpnonce=997c8183bf&networkhref=&cmd=tree&target=l1_d3AtY29udGVudA&reqid=7eeb7b3a9ebb76902711d2adeb0a HTTP/2" 200 450 "-" "Mozilla/5.0 (Macintosh; Intel Mac OS X 10_15_7) AppleWebKit/605.1.15 (KHTML, like Gecko) Version/18.0 Safari/605.1.15"
193.203.8.226 - - [06/Aug/2026:18:10:07 +0000] "GET /wp-login.php?wp_lang=en_US HTTP/2" 200 2329 "-" "Mozilla/5.0 (Windows NT 10.0; Win64; x64; rv:133.0) Gecko/20100101 Firefox/133.0"
193.203.8.226 - - [06/Aug/2026:18:10:08 +0000] "POST /wp-login.php HTTP/2" 302 0 "https://lakepointschool.usas.in/wp-login.php" "Mozilla/5.0 (Windows NT 10.0; Win64; x64; rv:133.0) Gecko/20100101 Firefox/133.0"
193.203.8.226 - - [06/Aug/2026:18:10:10 +0000] "GET /wp-admin/ HTTP/2" 200 20701 "https://lakepointschool.usas.in/wp-login.php" "Mozilla/5.0 (Windows NT 10.0; Win64; x64; rv:133.0) Gecko/20100101 Firefox/133.0"
193.203.8.226 - - [06/Aug/2026:18:10:13 +0000] "GET /wp-admin/ HTTP/2" 200 20738 "-" "Mozilla/5.0 (Windows NT 10.0; Win64; x64; rv:133.0) Gecko/20100101 Firefox/133.0"
193.203.8.226 - - [06/Aug/2026:18:10:20 +0000] "GET /wp-admin/plugins.php HTTP/2" 200 18511 "-" "Mozilla/5.0 (Windows NT 10.0; Win64; x64; rv:133.0) Gecko/20100101 Firefox/133.0"
193.203.8.226 - - [06/Aug/2026:18:10:24 +0000] "GET /wp-admin/plugin-install.php HTTP/2" 200 21141 "-" "Mozilla/5.0 (Windows NT 10.0; Win64; x64; rv:133.0) Gecko/20100101 Firefox/133.0"
193.203.8.226 - - [06/Aug/2026:18:10:28 +0000] "POST /wp-admin/update.php?action=upload-plugin HTTP/2" 403 1242 "https://lakepointschool.usas.in/wp-admin/update.php?action=upload-plugin" "Mozilla/5.0 (Windows NT 10.0; Win64; x64; rv:133.0) Gecko/20100101 Firefox/133.0"
193.203.8.226 - - [06/Aug/2026:18:10:30 +0000] "GET /wp-admin/themes.php HTTP/2" 200 19664 "-" "Mozilla/5.0 (Windows NT 10.0; Win64; x64; rv:133.0) Gecko/20100101 Firefox/133.0"
193.203.8.226 - - [06/Aug/2026:18:10:35 +0000] "GET /wp-admin/theme-install.php?browse=popular HTTP/2" 200 17896 "-" "Mozilla/5.0 (Windows NT 10.0; Win64; x64; rv:133.0) Gecko/20100101 Firefox/133.0"
193.203.8.226 - - [06/Aug/2026:18:10:39 +0000] "POST /wp-admin/update.php?action=upload-theme HTTP/2" 403 1242 "https://lakepointschool.usas.in/wp-admin/update.php?action=upload-theme" "Mozilla/5.0 (Windows NT 10.0; Win64; x64; rv:133.0) Gecko/20100101 Firefox/133.0"
193.203.8.226 - - [06/Aug/2026:18:10:41 +0000] "GET /wp-admin/admin.php?page=wp_file_manager HTTP/2" 200 16293 "-" "Mozilla/5.0 (Windows NT 10.0; Win64; x64; rv:133.0) Gecko/20100101 Firefox/133.0"
185.61.219.95 - - [06/Aug/2026:18:10:43 +0000] "GET /wp-login.php HTTP/2" 200 2329 "-" "Mozilla/5.0 (Windows NT 10.0; Win64; x64; rv:133.0) Gecko/20100101 Firefox/133.0"
185.61.219.95 - - [06/Aug/2026:18:10:47 +0000] "GET /wp-login.php?wp_lang=en_US HTTP/2" 200 2329 "-" "Mozilla/5.0 (Windows NT 10.0; Win64; x64) AppleWebKit/537.36 (KHTML, like Gecko) Chrome/124.0.0.0 Safari/537.36"
193.203.8.226 - - [06/Aug/2026:18:10:46 +0000] "GET /wp-admin/admin-ajax.php?action=mk_file_folder_manager&_wpnonce=7c627836a8&networkhref=&cmd=tree&target=l1_Lw&reqid=54b81cc44b7079aba5d2f1b19deb HTTP/2" 200 791 "-" "Mozilla/5.0 (Windows NT 10.0; Win64; x64; rv:133.0) Gecko/20100101 Firefox/133.0"
185.61.219.95 - - [06/Aug/2026:18:10:50 +0000] "POST /wp-login.php HTTP/2" 302 0 "https://lakepointschool.usas.in/wp-login.php" "Mozilla/5.0 (Windows NT 10.0; Win64; x64) AppleWebKit/537.36 (KHTML, like Gecko) Chrome/124.0.0.0 Safari/537.36"
193.203.8.226 - - [06/Aug/2026:18:10:51 +0000] "GET /wp-admin/admin-ajax.php?action=mk_file_folder_manager&_wpnonce=7c627836a8&networkhref=&cmd=tree&target=l1_LndlbGwta25vd24&reqid=87c7611ee94e9890419570ad273d HTTP/2" 200 196 "-" "Mozilla/5.0 (Windows NT 10.0; Win64; x64; rv:133.0) Gecko/20100101 Firefox/133.0"
185.61.219.95 - - [06/Aug/2026:18:10:54 +0000] "GET /wp-admin/ HTTP/2" 200 20691 "https://lakepointschool.usas.in/wp-login.php" "Mozilla/5.0 (Windows NT 10.0; Win64; x64) AppleWebKit/537.36 (KHTML, like Gecko) Chrome/124.0.0.0 Safari/537.36"
193.203.8.226 - - [06/Aug/2026:18:10:58 +0000] "GET /wp-admin/admin-ajax.php?action=mk_file_folder_manager&_wpnonce=7c627836a8&networkhref=&cmd=tree&target=l1_Y2dpLWJpbg&reqid=ab31a7e105cc562abce76d15a2a0 HTTP/2" 200 164 "-" "Mozilla/5.0 (Windows NT 10.0; Win64; x64; rv:133.0) Gecko/20100101 Firefox/133.0"
45.140.207.35 - - [06/Aug/2026:18:11:02 +0000] "GET /wp-admin/admin-ajax.php?action=rest-nonce HTTP/2" 400 5 "-" "Mozilla/5.0 (Windows NT 10.0; Win64; x64; rv:133.0) Gecko/20100101 Firefox/133.0"
185.61.219.95 - - [06/Aug/2026:18:11:01 +0000] "GET /wp-admin/ HTTP/2" 200 20676 "-" "Mozilla/5.0 (Windows NT 10.0; Win64; x64) AppleWebKit/537.36 (KHTML, like Gecko) Chrome/124.0.0.0 Safari/537.36"
193.203.8.226 - - [06/Aug/2026:18:11:01 +0000] "GET /wp-admin/admin-ajax.php?action=mk_file_folder_manager&_wpnonce=7c627836a8&networkhref=&cmd=tree&target=l1_d3AtYWRtaW4&reqid=ed400b285140e51dbdb5ebca4199 HTTP/2" 200 274 "-" "Mozilla/5.0 (Windows NT 10.0; Win64; x64; rv:133.0) Gecko/20100101 Firefox/133.0"
185.61.219.95 - - [06/Aug/2026:18:11:06 +0000] "GET /wp-admin/admin-ajax.php?action=rest-nonce HTTP/2" 400 5 "-" "Mozilla/5.0 (Windows NT 10.0; Win64; x64) AppleWebKit/537.36 (KHTML, like Gecko) Chrome/124.0.0.0 Safari/537.36"
193.203.8.226 - - [06/Aug/2026:18:11:05 +0000] "GET /wp-admin/admin-ajax.php?action=mk_file_folder_manager&_wpnonce=7c627836a8&networkhref=&cmd=tree&target=l1_d3AtY29udGVudA&reqid=fee6c3ef660494bfe07e1f713d64 HTTP/2" 200 443 "-" "Mozilla/5.0 (Windows NT 10.0; Win64; x64; rv:133.0) Gecko/20100101 Firefox/133.0"
185.61.219.95 - - [06/Aug/2026:18:11:09 +0000] "GET /wp-admin/plugins.php HTTP/2" 200 18523 "-" "Mozilla/5.0 (Windows NT 10.0; Win64; x64) AppleWebKit/537.36 (KHTML, like Gecko) Chrome/124.0.0.0 Safari/537.36"
193.203.8.226 - - [06/Aug/2026:18:11:09 +0000] "GET /wp-admin/admin-ajax.php?action=mk_file_folder_manager&_wpnonce=7c627836a8&networkhref=&cmd=tree&target=l1_d3AtaW5jbHVkZXM&reqid=032b2af5af3f7c0aac7dc6107add HTTP/2" 200 771 "-" "Mozilla/5.0 (Windows NT 10.0; Win64; x64; rv:133.0) Gecko/20100101 Firefox/133.0"
