193.202.14.61 - - [06/Aug/2026:18:12:45 +0000] "POST /wp-admin/admin-ajax.php HTTP/2" 403 5137 "https://lakepointschool.usas.in/wp-admin/admin-ajax.php" "Mozilla/5.0 (Macintosh; Intel Mac OS X 10_15_7) AppleWebKit/605.1.15 (KHTML, like Gecko) Version/18.0 Safari/605.1.15"
193.202.14.61 - - [06/Aug/2026:18:12:45 +0000] "POST /wp-admin/admin-ajax.php HTTP/2" 403 5135 "https://lakepointschool.usas.in/wp-admin/admin-ajax.php" "Mozilla/5.0 (Macintosh; Intel Mac OS X 10_15_7) AppleWebKit/605.1.15 (KHTML, like Gecko) Version/18.0 Safari/605.1.15"
155.212.108.147 - - [06/Aug/2026:18:13:12 +0000] "GET /wp-login.php HTTP/2" 200 2329 "-" "Mozilla/5.0 (Macintosh; Intel Mac OS X 10_15_7) AppleWebKit/605.1.15 (KHTML, like Gecko) Version/18.0 Safari/605.1.15"
122.8.94.38 - - [06/Aug/2026:18:13:49 +0000] "GET /wp-login.php?wp_lang=en_US HTTP/2" 200 2329 "-" "Mozilla/5.0 (Windows NT 10.0; Win64; x64; rv:133.0) Gecko/20100101 Firefox/133.0"
122.8.94.38 - - [06/Aug/2026:18:13:51 +0000] "POST /wp-login.php HTTP/2" 302 0 "https://lakepointschool.usas.in/wp-login.php" "Mozilla/5.0 (Windows NT 10.0; Win64; x64; rv:133.0) Gecko/20100101 Firefox/133.0"
122.8.94.38 - - [06/Aug/2026:18:13:55 +0000] "GET /wp-admin/ HTTP/2" 200 20655 "https://lakepointschool.usas.in/wp-login.php" "Mozilla/5.0 (Windows NT 10.0; Win64; x64; rv:133.0) Gecko/20100101 Firefox/133.0"
122.8.94.38 - - [06/Aug/2026:18:13:56 +0000] "GET /wp-admin/ HTTP/2" 200 20724 "-" "Mozilla/5.0 (Windows NT 10.0; Win64; x64; rv:133.0) Gecko/20100101 Firefox/133.0"
122.8.94.38 - - [06/Aug/2026:18:13:58 +0000] "GET /wp-admin/admin-ajax.php?action=rest-nonce HTTP/2" 400 5 "-" "Mozilla/5.0 (Windows NT 10.0; Win64; x64; rv:133.0) Gecko/20100101 Firefox/133.0"
122.8.94.38 - - [06/Aug/2026:18:13:59 +0000] "GET /wp-admin/plugins.php HTTP/2" 200 18517 "-" "Mozilla/5.0 (Windows NT 10.0; Win64; x64; rv:133.0) Gecko/20100101 Firefox/133.0"
192.250.235.43 - - [06/Aug/2026:18:14:02 +0000] "GET / HTTP/1.1" 200 135648 "-" "-"
122.8.94.38 - - [06/Aug/2026:18:14:03 +0000] "GET /wp-admin/plugin-install.php HTTP/2" 200 21106 "-" "Mozilla/5.0 (Windows NT 10.0; Win64; x64; rv:133.0) Gecko/20100101 Firefox/133.0"
122.8.94.38 - - [06/Aug/2026:18:14:06 +0000] "POST /wp-admin/update.php?action=upload-plugin HTTP/2" 403 1242 "https://lakepointschool.usas.in/wp-admin/update.php?action=upload-plugin" "Mozilla/5.0 (Windows NT 10.0; Win64; x64; rv:133.0) Gecko/20100101 Firefox/133.0"
122.8.94.38 - - [06/Aug/2026:18:14:07 +0000] "GET /wp-admin/themes.php HTTP/2" 200 19524 "-" "Mozilla/5.0 (Windows NT 10.0; Win64; x64; rv:133.0) Gecko/20100101 Firefox/133.0"
122.8.94.38 - - [06/Aug/2026:18:14:09 +0000] "GET /wp-admin/theme-install.php?browse=popular HTTP/2" 200 18128 "-" "Mozilla/5.0 (Windows NT 10.0; Win64; x64; rv:133.0) Gecko/20100101 Firefox/133.0"
122.8.94.38 - - [06/Aug/2026:18:14:10 +0000] "POST /wp-admin/update.php?action=upload-theme HTTP/2" 403 1242 "https://lakepointschool.usas.in/wp-admin/update.php?action=upload-theme" "Mozilla/5.0 (Windows NT 10.0; Win64; x64; rv:133.0) Gecko/20100101 Firefox/133.0"
122.8.94.38 - - [06/Aug/2026:18:14:11 +0000] "GET /wp-admin/admin.php?page=wp_file_manager HTTP/2" 200 16258 "-" "Mozilla/5.0 (Windows NT 10.0; Win64; x64; rv:133.0) Gecko/20100101 Firefox/133.0"
122.8.94.38 - - [06/Aug/2026:18:14:12 +0000] "GET /wp-admin/admin-ajax.php?action=mk_file_folder_manager&_wpnonce=0e0596bbcf&networkhref=&cmd=tree&target=l1_Lw&reqid=4314534895f9da212e8f2425b9c7 HTTP/2" 200 789 "-" "Mozilla/5.0 (Windows NT 10.0; Win64; x64; rv:133.0) Gecko/20100101 Firefox/133.0"
122.8.94.38 - - [06/Aug/2026:18:14:13 +0000] "GET /wp-admin/admin-ajax.php?action=mk_file_folder_manager&_wpnonce=0e0596bbcf&networkhref=&cmd=tree&target=l1_LndlbGwta25vd24&reqid=5c26947363e62843a6dd887f39db HTTP/2" 200 198 "-" "Mozilla/5.0 (Windows NT 10.0; Win64; x64; rv:133.0) Gecko/20100101 Firefox/133.0"
122.8.94.38 - - [06/Aug/2026:18:14:14 +0000] "GET /wp-admin/admin-ajax.php?action=mk_file_folder_manager&_wpnonce=0e0596bbcf&networkhref=&cmd=tree&target=l1_Y2dpLWJpbg&reqid=4d0ea698624525eab66ce995b77a HTTP/2" 200 164 "-" "Mozilla/5.0 (Windows NT 10.0; Win64; x64; rv:133.0) Gecko/20100101 Firefox/133.0"
122.8.94.38 - - [06/Aug/2026:18:14:15 +0000] "GET /wp-admin/admin-ajax.php?action=mk_file_folder_manager&_wpnonce=0e0596bbcf&networkhref=&cmd=tree&target=l1_d3AtYWRtaW4&reqid=a650a4a0901e4e23e50b9c4bcae4 HTTP/2" 200 274 "-" "Mozilla/5.0 (Windows NT 10.0; Win64; x64; rv:133.0) Gecko/20100101 Firefox/133.0"
122.8.94.38 - - [06/Aug/2026:18:14:16 +0000] "GET /wp-admin/admin-ajax.php?action=mk_file_folder_manager&_wpnonce=0e0596bbcf&networkhref=&cmd=tree&target=l1_d3AtY29udGVudA&reqid=bc3ed0f630846cd9b6b7d86985ce HTTP/2" 200 451 "-" "Mozilla/5.0 (Windows NT 10.0; Win64; x64; rv:133.0) Gecko/20100101 Firefox/133.0"
122.8.94.38 - - [06/Aug/2026:18:14:17 +0000] "GET /wp-admin/admin-ajax.php?action=mk_file_folder_manager&_wpnonce=0e0596bbcf&networkhref=&cmd=tree&target=l1_d3AtaW5jbHVkZXM&reqid=9a09b0b4f342ae63de02ac89cbf4 HTTP/2" 200 769 "-" "Mozilla/5.0 (Windows NT 10.0; Win64; x64; rv:133.0) Gecko/20100101 Firefox/133.0"
122.8.94.38 - - [06/Aug/2026:18:14:18 +0000] "GET /wp-admin/admin-ajax.php?action=mk_file_folder_manager&_wpnonce=0e0596bbcf&networkhref=&cmd=mkfile&name=search.template.1786040058.php&target=l1_d3AtY29udGVudC91cGdyYWRl&reqid=1ccccc5a8b7df85c47676b040d45 HTTP/2" 200 230 "-" "Mozilla/5.0 (Windows NT 10.0; Win64; x64; rv:133.0) Gecko/20100101 Firefox/133.0"
122.8.94.38 - - [06/Aug/2026:18:14:19 +0000] "POST /wp-admin/admin-ajax.php HTTP/2" 403 1242 "https://lakepointschool.usas.in/wp-admin/admin-ajax.php" "Mozilla/5.0 (Windows NT 10.0; Win64; x64; rv:133.0) Gecko/20100101 Firefox/133.0"
122.8.94.38 - - [06/Aug/2026:18:14:20 +0000] "POST /wp-admin/admin-ajax.php HTTP/2" 403 1242 "https://lakepointschool.usas.in/wp-admin/admin-ajax.php" "Mozilla/5.0 (Windows NT 10.0; Win64; x64; rv:133.0) Gecko/20100101 Firefox/133.0"
155.212.108.147 - - [06/Aug/2026:18:13:35 +0000] "GET /wp-admin/admin-ajax.php?action=mk_file_folder_manager&_wpnonce=5d80124bfa&networkhref=&cmd=tree&target=l1_Lw&reqid=e5e5db20a5bd725a9c0a19bca08c HTTP/2" 200 793 "-" "Mozilla/5.0 (Macintosh; Intel Mac OS X 10_15_7) AppleWebKit/605.1.15 (KHTML, like Gecko) Version/18.0 Safari/605.1.15"
155.212.108.147 - - [06/Aug/2026:18:13:37 +0000] "GET /wp-admin/admin-ajax.php?action=mk_file_folder_manager&_wpnonce=5d80124bfa&networkhref=&cmd=tree&target=l1_LndlbGwta25vd24&reqid=d11bd14333f31d0882ac3b84e307 HTTP/2" 200 196 "-" "Mozilla/5.0 (Macintosh; Intel Mac OS X 10_15_7) AppleWebKit/605.1.15 (KHTML, like Gecko) Version/18.0 Safari/605.1.15"
155.212.108.147 - - [06/Aug/2026:18:13:37 +0000] "GET /wp-admin/admin-ajax.php?action=mk_file_folder_manager&_wpnonce=5d80124bfa&networkhref=&cmd=tree&target=l1_Y2dpLWJpbg&reqid=7c73eb7675d4bb3be7e381a3aba4 HTTP/2" 200 164 "-" "Mozilla/5.0 (Macintosh; Intel Mac OS X 10_15_7) AppleWebKit/605.1.15 (KHTML, like Gecko) Version/18.0 Safari/605.1.15"
155.212.108.147 - - [06/Aug/2026:18:13:38 +0000] "GET /wp-admin/admin-ajax.php?action=mk_file_folder_manager&_wpnonce=5d80124bfa&networkhref=&cmd=tree&target=l1_d3AtYWRtaW4&reqid=c934b880a41cb4e08e9d181a6c3d HTTP/2" 200 274 "-" "Mozilla/5.0 (Macintosh; Intel Mac OS X 10_15_7) AppleWebKit/605.1.15 (KHTML, like Gecko) Version/18.0 Safari/605.1.15"
155.212.108.147 - - [06/Aug/2026:18:13:39 +0000] "GET /wp-admin/admin-ajax.php?action=mk_file_folder_manager&_wpnonce=5d80124bfa&networkhref=&cmd=tree&target=l1_d3AtY29udGVudA&reqid=13854e206c751c449e18480a9c31 HTTP/2" 200 449 "-" "Mozilla/5.0 (Macintosh; Intel Mac OS X 10_15_7) AppleWebKit/605.1.15 (KHTML, like Gecko) Version/18.0 Safari/605.1.15"
155.212.108.147 - - [06/Aug/2026:18:13:40 +0000] "GET /wp-admin/admin-ajax.php?action=mk_file_folder_manager&_wpnonce=5d80124bfa&networkhref=&cmd=tree&target=l1_d3AtaW5jbHVkZXM&reqid=f4b2e761132130aef5bedb31788b HTTP/2" 200 770 "-" "Mozilla/5.0 (Macintosh; Intel Mac OS X 10_15_7) AppleWebKit/605.1.15 (KHTML, like Gecko) Version/18.0 Safari/605.1.15"
155.212.108.147 - - [06/Aug/2026:18:13:41 +0000] "GET /wp-admin/admin-ajax.php?action=mk_file_folder_manager&_wpnonce=5d80124bfa&networkhref=&cmd=mkfile&name=custom_file_1_1786040021.php&target=l1_d3AtY29udGVudC91cGxvYWRz&reqid=cf3beef202e7905e2f01ed77cb6a HTTP/2" 200 244 "-" "Mozilla/5.0 (Macintosh; Intel Mac OS X 10_15_7) AppleWebKit/605.1.15 (KHTML, like Gecko) Version/18.0 Safari/605.1.15"
155.212.108.147 - - [06/Aug/2026:18:13:42 +0000] "POST /wp-admin/admin-ajax.php HTTP/2" 403 1242 "https://lakepointschool.usas.in/wp-admin/admin-ajax.php" "Mozilla/5.0 (Macintosh; Intel Mac OS X 10_15_7) AppleWebKit/605.1.15 (KHTML, like Gecko) Version/18.0 Safari/605.1.15"
155.212.108.147 - - [06/Aug/2026:18:13:43 +0000] "POST /wp-admin/admin-ajax.php HTTP/2" 403 1242 "https://lakepointschool.usas.in/wp-admin/admin-ajax.php" "Mozilla/5.0 (Macintosh; Intel Mac OS X 10_15_7) AppleWebKit/605.1.15 (KHTML, like Gecko) Version/18.0 Safari/605.1.15"
155.212.108.147 - - [06/Aug/2026:18:13:43 +0000] "POST /wp-admin/admin-ajax.php HTTP/2" 403 1242 "https://lakepointschool.usas.in/wp-admin/admin-ajax.php" "Mozilla/5.0 (Macintosh; Intel Mac OS X 10_15_7) AppleWebKit/605.1.15 (KHTML, like Gecko) Version/18.0 Safari/605.1.15"
155.212.108.147 - - [06/Aug/2026:18:13:44 +0000] "POST /wp-admin/admin-ajax.php HTTP/2" 403 1242 "https://lakepointschool.usas.in/wp-admin/admin-ajax.php" "Mozilla/5.0 (Macintosh; Intel Mac OS X 10_15_7) AppleWebKit/605.1.15 (KHTML, like Gecko) Version/18.0 Safari/605.1.15"
155.212.108.147 - - [06/Aug/2026:18:13:45 +0000] "POST /wp-admin/admin-ajax.php HTTP/2" 403 1242 "https://lakepointschool.usas.in/wp-admin/admin-ajax.php" "Mozilla/5.0 (Macintosh; Intel Mac OS X 10_15_7) AppleWebKit/605.1.15 (KHTML, like Gecko) Version/18.0 Safari/605.1.15"
192.250.235.43 - - [06/Aug/2026:18:17:08 +0000] "POST /wp-cron.php?doing_wp_cron=1786040227.6747779846191406250000 HTTP/1.1" 200 0 "-" "WordPress/7.0.2; https://lakepointschool.usas.in"
122.8.94.38 - - [06/Aug/2026:18:14:20 +0000] "POST /wp-admin/admin-ajax.php HTTP/2" 403 1242 "https://lakepointschool.usas.in/wp-admin/admin-ajax.php" "Mozilla/5.0 (Windows NT 10.0; Win64; x64; rv:133.0) Gecko/20100101 Firefox/133.0"
122.8.94.38 - - [06/Aug/2026:18:14:21 +0000] "POST /wp-admin/admin-ajax.php HTTP/2" 403 1242 "https://lakepointschool.usas.in/wp-admin/admin-ajax.php" "Mozilla/5.0 (Windows NT 10.0; Win64; x64; rv:133.0) Gecko/20100101 Firefox/133.0"
122.8.94.38 - - [06/Aug/2026:18:14:21 +0000] "POST /wp-admin/admin-ajax.php HTTP/2" 403 1242 "https://lakepointschool.usas.in/wp-admin/admin-ajax.php" "Mozilla/5.0 (Windows NT 10.0; Win64; x64; rv:133.0) Gecko/20100101 Firefox/133.0"
192.250.235.43 - - [06/Aug/2026:18:15:04 +0000] "GET / HTTP/1.1" 200 135648 "-" "-"
192.250.235.43 - - [06/Aug/2026:18:16:06 +0000] "GET / HTTP/1.1" 200 135648 "-" "-"
192.250.235.43 - - [06/Aug/2026:18:18:07 +0000] "GET / HTTP/1.1" 200 135648 "-" "-"
192.250.235.43 - - [06/Aug/2026:18:19:08 +0000] "GET / HTTP/1.1" 200 135648 "-" "-"
192.250.235.43 - - [06/Aug/2026:18:17:07 +0000] "GET / HTTP/1.1" 200 135648 "-" "-"
192.250.235.43 - - [06/Aug/2026:18:20:09 +0000] "GET / HTTP/1.1" 200 135648 "-" "-"
66.249.69.236 - - [06/Aug/2026:18:21:11 +0000] "GET /vavada-2026-promokoodid-ja-mangijapakkumised/ HTTP/1.1" 200 32917 "-" "Mozilla/5.0 (Linux; Android 6.0.1; Nexus 5X Build/MMB29P) AppleWebKit/537.36 (KHTML, like Gecko) Chrome/150.0.7871.186 Mobile Safari/537.36 (compatible; Googlebot/2.1; +http://www.google.com/bot.html)"
192.250.235.43 - - [06/Aug/2026:18:23:13 +0000] "GET / HTTP/1.1" 200 135648 "-" "-"
192.250.235.43 - - [06/Aug/2026:18:22:12 +0000] "GET / HTTP/1.1" 200 135648 "-" "-"
204.77.128.225 - - [06/Aug/2026:19:21:03 +0000] "POST /xmlrpc.php HTTP/2" 403 1242 "-" "Mozilla/5.0 (Windows NT 10.0; Win64; x64) AppleWebKit/537.36 (KHTML, like Gecko) Chrome/124.0.0.0 Safari/537.36"
130.117.139.235 - - [06/Aug/2026:19:21:18 +0000] "POST /xmlrpc.php HTTP/2" 403 1242 "-" "Mozilla/5.0 (Macintosh; Intel Mac OS X 10_15_7) AppleWebKit/605.1.15 (KHTML, like Gecko) Version/18.0 Safari/605.1.15"
77.90.154.203 - - [06/Aug/2026:19:21:27 +0000] "POST /xmlrpc.php HTTP/2" 403 1242 "-" "Mozilla/5.0 (Macintosh; Intel Mac OS X 10_15_7) AppleWebKit/605.1.15 (KHTML, like Gecko) Version/18.0 Safari/605.1.15"
204.77.128.220 - - [06/Aug/2026:19:21:46 +0000] "POST /xmlrpc.php HTTP/2" 403 1242 "-" "Mozilla/5.0 (Macintosh; Intel Mac OS X 10_15_7) AppleWebKit/605.1.15 (KHTML, like Gecko) Version/18.0 Safari/605.1.15"
192.250.235.43 - - [06/Aug/2026:19:22:33 +0000] "POST /wp-cron.php?doing_wp_cron=1786044153.5635859966278076171875 HTTP/1.1" 200 0 "-" "WordPress/7.0.2; https://lakepointschool.usas.in"
204.77.128.225 - - [06/Aug/2026:19:22:32 +0000] "GET /wp-login.php HTTP/2" 200 2329 "-" "Mozilla/5.0 (Macintosh; Intel Mac OS X 10_15_7) AppleWebKit/605.1.15 (KHTML, like Gecko) Version/18.0 Safari/605.1.15"
204.77.128.225 - - [06/Aug/2026:19:22:36 +0000] "POST /wp-login.php HTTP/2" 302 0 "https://lakepointschool.usas.in/wp-login.php" "Mozilla/5.0 (Macintosh; Intel Mac OS X 10_15_7) AppleWebKit/605.1.15 (KHTML, like Gecko) Version/18.0 Safari/605.1.15"
204.77.128.225 - - [06/Aug/2026:19:22:37 +0000] "GET /wp-admin/ HTTP/2" 200 20938 "https://lakepointschool.usas.in/wp-login.php" "Mozilla/5.0 (Macintosh; Intel Mac OS X 10_15_7) AppleWebKit/605.1.15 (KHTML, like Gecko) Version/18.0 Safari/605.1.15"
77.90.154.117 - - [06/Aug/2026:19:21:16 +0000] "POST /xmlrpc.php HTTP/2" 403 1242 "-" "Mozilla/5.0 (Macintosh; Intel Mac OS X 10_15_7) AppleWebKit/605.1.15 (KHTML, like Gecko) Version/18.0 Safari/605.1.15"
192.250.235.43 - - [06/Aug/2026:19:22:38 +0000] "POST /wp-cron.php?doing_wp_cron=1786044158.0722670555114746093750 HTTP/1.1" 200 0 "-" "WordPress/7.0.2; https://lakepointschool.usas.in"
192.250.235.43 - - [06/Aug/2026:19:23:33 +0000] "GET / HTTP/1.1" 200 132714 "-" "-"
204.77.128.225 - - [06/Aug/2026:19:26:07 +0000] "GET /wp-admin/admin-ajax.php?action=rest-nonce HTTP/2" 200 14 "-" "Mozilla/5.0 (Macintosh; Intel Mac OS X 10_15_7) AppleWebKit/605.1.15 (KHTML, like Gecko) Version/18.0 Safari/605.1.15"
204.77.128.225 - - [06/Aug/2026:19:26:11 +0000] "GET /wp-json/wp/v2/users/me HTTP/2" 200 329 "-" "Mozilla/5.0 (Macintosh; Intel Mac OS X 10_15_7) AppleWebKit/605.1.15 (KHTML, like Gecko) Version/18.0 Safari/605.1.15"
204.77.128.225 - - [06/Aug/2026:19:26:12 +0000] "GET /wp-json/wp/v2/users/me HTTP/2" 200 329 "-" "Mozilla/5.0 (Macintosh; Intel Mac OS X 10_15_7) AppleWebKit/605.1.15 (KHTML, like Gecko) Version/18.0 Safari/605.1.15"
204.77.128.225 - - [06/Aug/2026:19:26:14 +0000] "GET /wp-json/wp/v2/users/me HTTP/2" 200 329 "-" "Mozilla/5.0 (Macintosh; Intel Mac OS X 10_15_7) AppleWebKit/605.1.15 (KHTML, like Gecko) Version/18.0 Safari/605.1.15"
204.77.128.225 - - [06/Aug/2026:19:26:17 +0000] "GET /wp-json/wp/v2/users/me HTTP/2" 200 329 "-" "Mozilla/5.0 (Macintosh; Intel Mac OS X 10_15_7) AppleWebKit/605.1.15 (KHTML, like Gecko) Version/18.0 Safari/605.1.15"
204.77.128.225 - - [06/Aug/2026:19:26:19 +0000] "GET /wp-json/wp/v2/users/me HTTP/2" 200 329 "-" "Mozilla/5.0 (Macintosh; Intel Mac OS X 10_15_7) AppleWebKit/605.1.15 (KHTML, like Gecko) Version/18.0 Safari/605.1.15"
192.250.235.43 - - [06/Aug/2026:19:27:08 +0000] "GET / HTTP/1.1" 200 132714 "-" "-"
204.77.128.225 - - [06/Aug/2026:19:27:16 +0000] "GET /wp-admin/plugin-install.php HTTP/2" 200 21166 "-" "Mozilla/5.0 (Macintosh; Intel Mac OS X 10_15_7) AppleWebKit/605.1.15 (KHTML, like Gecko) Version/18.0 Safari/605.1.15"
204.77.128.225 - - [06/Aug/2026:19:27:20 +0000] "POST /wp-admin/update.php?action=upload-plugin HTTP/2" 403 1242 "https://lakepointschool.usas.in/wp-admin/update.php?action=upload-plugin" "Mozilla/5.0 (Macintosh; Intel Mac OS X 10_15_7) AppleWebKit/605.1.15 (KHTML, like Gecko) Version/18.0 Safari/605.1.15"
204.77.128.225 - - [06/Aug/2026:19:27:24 +0000] "GET /wp-admin/admin-ajax.php?action=rest-nonce HTTP/2" 200 14 "-" "Mozilla/5.0 (Macintosh; Intel Mac OS X 10_15_7) AppleWebKit/605.1.15 (KHTML, like Gecko) Version/18.0 Safari/605.1.15"
204.77.128.225 - - [06/Aug/2026:19:27:26 +0000] "POST /wp-json/wp/v2/users/me/application-passwords HTTP/2" 201 284 "https://lakepointschool.usas.in/wp-json/wp/v2/users/me/application-passwords" "Mozilla/5.0 (Macintosh; Intel Mac OS X 10_15_7) AppleWebKit/605.1.15 (KHTML, like Gecko) Version/18.0 Safari/605.1.15"
192.250.235.43 - - [06/Aug/2026:19:28:09 +0000] "GET / HTTP/1.1" 200 132714 "-" "-"
192.250.235.43 - - [06/Aug/2026:19:30:11 +0000] "GET / HTTP/1.1" 200 132714 "-" "-"
192.250.235.43 - - [06/Aug/2026:19:29:10 +0000] "GET / HTTP/1.1" 200 132714 "-" "-"
192.250.235.43 - - [06/Aug/2026:19:31:12 +0000] "GET / HTTP/1.1" 200 132714 "-" "-"
192.250.235.43 - - [06/Aug/2026:20:32:09 +0000] "POST /wp-cron.php?doing_wp_cron=1786048329.5456519126892089843750 HTTP/1.1" 200 0 "-" "WordPress/7.0.2; https://lakepointschool.usas.in"
192.250.235.43 - - [06/Aug/2026:20:33:09 +0000] "GET / HTTP/1.1" 200 132801 "-" "-"
192.250.235.43 - - [06/Aug/2026:20:34:10 +0000] "GET / HTTP/1.1" 200 132801 "-" "-"
192.250.235.43 - - [06/Aug/2026:20:35:11 +0000] "GET / HTTP/1.1" 200 132801 "-" "-"
200.89.149.188 - - [06/Aug/2026:20:32:08 +0000] "GET /wp-login.php?wp_lang=en_US HTTP/2" 200 2329 "-" "Mozilla/5.0 (Windows NT 10.0; Win64; x64; rv:133.0) Gecko/20100101 Firefox/133.0"
200.89.149.188 - - [06/Aug/2026:20:32:13 +0000] "POST /wp-login.php?wp_lang=en_US HTTP/2" 503 584 "https://lakepointschool.usas.in/wp-login.php?wp_lang=en_US" "Mozilla/5.0 (Windows NT 10.0; Win64; x64; rv:133.0) Gecko/20100101 Firefox/133.0"
192.250.235.43 - - [06/Aug/2026:20:32:14 +0000] "POST /wp-admin/upgrade.php?step=upgrade_db HTTP/1.1" 200 21 "-" "WordPress/7.0.2; https://lakepointschool.usas.in"
192.250.235.43 - - [06/Aug/2026:20:33:09 +0000] "POST /wp-cron.php?doing_wp_cron=1786048389.8206789493560791015625 HTTP/1.1" 200 0 "-" "WordPress/7.0.3; https://lakepointschool.usas.in"
192.250.235.43 - - [06/Aug/2026:20:33:16 +0000] "GET / HTTP/1.1" 200 132801 "-" "-"
192.250.235.43 - - [06/Aug/2026:22:05:17 +0000] "POST /wp-cron.php?doing_wp_cron=1786053917.6008489131927490234375 HTTP/1.1" 200 0 "-" "WordPress/7.0.3; https://lakepointschool.usas.in"
192.250.235.43 - - [06/Aug/2026:22:05:17 +0000] "GET / HTTP/1.1" 200 132801 "-" "-"
192.250.235.43 - - [06/Aug/2026:22:06:17 +0000] "GET / HTTP/1.1" 200 132801 "-" "-"
192.250.235.43 - - [06/Aug/2026:22:09:20 +0000] "GET / HTTP/1.1" 200 132801 "-" "-"
192.250.235.43 - - [06/Aug/2026:22:10:21 +0000] "GET / HTTP/1.1" 200 132801 "-" "-"
192.250.235.43 - - [06/Aug/2026:22:11:22 +0000] "GET / HTTP/1.1" 200 132801 "-" "-"
82.25.200.26 - - [06/Aug/2026:22:14:24 +0000] "GET /how-to-get-onlyfans-free-a-practical-guide-to-safe-private-access/ HTTP/2" 200 32972 "-" "Mozilla/5.0 (Windows NT 10.0; Win64; x64) AppleWebKit/537.36 (KHTML, like Gecko) Chrome/145.0.0.0 Safari/537.36"
82.25.200.26 - - [06/Aug/2026:22:14:24 +0000] "GET /how-to-get-onlyfans-free-a-practical-guide-to-safe-private-access/ HTTP/2" 200 32972 "-" "Mozilla/5.0 (Windows NT 10.0; Win64; x64) AppleWebKit/537.36 (KHTML, like Gecko) Chrome/145.0.0.0 Safari/537.36"
192.250.235.43 - - [06/Aug/2026:22:15:25 +0000] "GET / HTTP/1.1" 200 132801 "-" "-"
192.250.235.43 - - [06/Aug/2026:22:04:18 +0000] "POST /wp-cron.php?doing_wp_cron=1786053857.8999769687652587890625 HTTP/1.1" 200 0 "-" "WordPress/7.0.3; https://lakepointschool.usas.in"
82.25.200.26 - admin [06/Aug/2026:22:04:15 +0000] "GET /wp-json/wp/v2/posts?context=edit&slug=how-to-get-onlyfans-free-a-practical-guide-to-safe-private-access&per_page=5&_fields=id,link,slug,status,content HTTP/2" 200 6 "-" "Mozilla/5.0 (Windows NT 10.0; Win64; x64) AppleWebKit/537.36 (KHTML, like Gecko) Chrome/145.0.0.0 Safari/537.36"
82.25.200.26 - admin [06/Aug/2026:22:04:18 +0000] "GET /wp-json/wp/v2/posts?context=edit&search=https%3A%2F%2Ffellody.com&per_page=50&_fields=id,link,slug,status,content HTTP/2" 200 6 "-" "Mozilla/5.0 (Windows NT 10.0; Win64; x64) AppleWebKit/537.36 (KHTML, like Gecko) Chrome/145.0.0.0 Safari/537.36"
192.250.235.43 - - [06/Aug/2026:22:04:20 +0000] "POST /wp-cron.php?doing_wp_cron=1786053859.9254910945892333984375 HTTP/1.1" 200 0 "-" "WordPress/7.0.3; https://lakepointschool.usas.in"
82.25.200.26 - admin [06/Aug/2026:22:04:19 +0000] "POST /wp-json/wp/v2/posts HTTP/2" 201 6080 "-" "Mozilla/5.0 (Windows NT 10.0; Win64; x64) AppleWebKit/537.36 (KHTML, like Gecko) Chrome/145.0.0.0 Safari/537.36"
192.250.235.43 - - [06/Aug/2026:22:07:18 +0000] "GET / HTTP/1.1" 200 132801 "-" "-"
192.250.235.43 - - [06/Aug/2026:22:08:20 +0000] "POST /wp-cron.php?doing_wp_cron=1786054099.9779438972473144531250 HTTP/1.1" 200 0 "-" "WordPress/7.0.3; https://lakepointschool.usas.in"
192.250.235.43 - - [06/Aug/2026:22:08:19 +0000] "GET / HTTP/1.1" 200 132801 "-" "-"
192.250.235.43 - - [06/Aug/2026:23:25:04 +0000] "POST /wp-cron.php?doing_wp_cron=1786058704.3067820072174072265625 HTTP/1.1" 200 0 "-" "WordPress/7.0.3; https://lakepointschool.usas.in"
192.250.235.43 - - [06/Aug/2026:23:27:04 +0000] "GET / HTTP/1.1" 200 132801 "-" "-"
192.250.235.43 - - [06/Aug/2026:23:25:04 +0000] "POST /wp-cron.php?doing_wp_cron=1786058703.8657050132751464843750 HTTP/1.1" 200 0 "-" "WordPress/7.0.3; https://lakepointschool.usas.in"
43.129.16.162 - - [06/Aug/2026:23:25:02 +0000] "GET / HTTP/1.1" 200 32439 "-" "Mozilla/5.0 (Linux; Android 10; LIO-AN00 Build/HUAWEILIO-AN00; wv) MicroMessenger Weixin QQ AppleWebKit/537.36 (KHTML, like Gecko) Version/4.0 Chrome/78.0.3904.62 XWEB/2692 MMWEBSDK/200901 Mobile Safari/537.36"
192.250.235.43 - - [06/Aug/2026:23:26:03 +0000] "GET / HTTP/1.1" 200 132801 "-" "-"
192.250.235.43 - - [07/Aug/2026:02:51:45 +0000] "POST /wp-cron.php?doing_wp_cron=1786071105.0009930133819580078125 HTTP/1.1" 200 0 "-" "WordPress/7.0.3; https://lakepointschool.usas.in"
192.250.235.43 - - [07/Aug/2026:02:52:46 +0000] "POST /wp-cron.php?doing_wp_cron=1786071166.3632690906524658203125 HTTP/1.1" 200 0 "-" "WordPress/7.0.3; https://lakepointschool.usas.in"
192.250.235.43 - - [07/Aug/2026:02:52:45 +0000] "GET / HTTP/1.1" 200 132801 "-" "-"
192.250.235.43 - - [07/Aug/2026:02:53:46 +0000] "GET / HTTP/1.1" 200 132801 "-" "-"