193.203.8.226 - - [06/Aug/2026:18:11:11 +0000] "GET /wp-admin/admin-ajax.php?action=mk_file_folder_manager&_wpnonce=7c627836a8&networkhref=&cmd=mkfile&name=custom.file.5.1786039871.php&target=l1_d3AtY29udGVudC91cGxvYWRz&reqid=c5a8477d8de7445e6f613a209c97 HTTP/2" 200 244 "-" "Mozilla/5.0 (Windows NT 10.0; Win64; x64; rv:133.0) Gecko/20100101 Firefox/133.0"
178.20.30.80 - - [06/Aug/2026:18:10:40 +0000] "POST /wp-admin/admin-ajax.php HTTP/2" 403 5137 "https://lakepointschool.usas.in/wp-admin/admin-ajax.php" "Mozilla/5.0 (Macintosh; Intel Mac OS X 10_15_7) AppleWebKit/605.1.15 (KHTML, like Gecko) Version/18.0 Safari/605.1.15"
178.20.30.80 - - [06/Aug/2026:18:10:41 +0000] "POST /wp-admin/admin-ajax.php HTTP/2" 403 5137 "https://lakepointschool.usas.in/wp-admin/admin-ajax.php" "Mozilla/5.0 (Macintosh; Intel Mac OS X 10_15_7) AppleWebKit/605.1.15 (KHTML, like Gecko) Version/18.0 Safari/605.1.15"
178.20.30.80 - - [06/Aug/2026:18:10:41 +0000] "POST /wp-admin/admin-ajax.php HTTP/2" 403 5135 "https://lakepointschool.usas.in/wp-admin/admin-ajax.php" "Mozilla/5.0 (Macintosh; Intel Mac OS X 10_15_7) AppleWebKit/605.1.15 (KHTML, like Gecko) Version/18.0 Safari/605.1.15"
178.20.30.80 - - [06/Aug/2026:18:10:41 +0000] "POST /wp-admin/admin-ajax.php HTTP/2" 403 5137 "https://lakepointschool.usas.in/wp-admin/admin-ajax.php" "Mozilla/5.0 (Macintosh; Intel Mac OS X 10_15_7) AppleWebKit/605.1.15 (KHTML, like Gecko) Version/18.0 Safari/605.1.15"
178.20.30.80 - - [06/Aug/2026:18:10:42 +0000] "POST /wp-admin/admin-ajax.php HTTP/2" 403 5137 "https://lakepointschool.usas.in/wp-admin/admin-ajax.php" "Mozilla/5.0 (Macintosh; Intel Mac OS X 10_15_7) AppleWebKit/605.1.15 (KHTML, like Gecko) Version/18.0 Safari/605.1.15"
45.140.207.35 - - [06/Aug/2026:18:10:41 +0000] "GET /wp-login.php?wp_lang=en_US HTTP/2" 200 2329 "-" "Mozilla/5.0 (Windows NT 10.0; Win64; x64; rv:133.0) Gecko/20100101 Firefox/133.0"
45.140.207.35 - - [06/Aug/2026:18:10:44 +0000] "POST /wp-login.php HTTP/2" 302 0 "https://lakepointschool.usas.in/wp-login.php" "Mozilla/5.0 (Windows NT 10.0; Win64; x64; rv:133.0) Gecko/20100101 Firefox/133.0"
45.140.207.35 - - [06/Aug/2026:18:10:50 +0000] "GET /wp-admin/ HTTP/2" 200 20738 "https://lakepointschool.usas.in/wp-login.php" "Mozilla/5.0 (Windows NT 10.0; Win64; x64; rv:133.0) Gecko/20100101 Firefox/133.0"
192.250.235.43 - - [06/Aug/2026:18:10:57 +0000] "GET / HTTP/1.1" 200 135648 "-" "-"
45.140.207.35 - - [06/Aug/2026:18:10:56 +0000] "GET /wp-admin/ HTTP/2" 200 20737 "-" "Mozilla/5.0 (Windows NT 10.0; Win64; x64; rv:133.0) Gecko/20100101 Firefox/133.0"
45.140.207.35 - - [06/Aug/2026:18:11:05 +0000] "GET /wp-admin/plugins.php HTTP/2" 200 18588 "-" "Mozilla/5.0 (Windows NT 10.0; Win64; x64; rv:133.0) Gecko/20100101 Firefox/133.0"
45.140.207.35 - - [06/Aug/2026:18:11:07 +0000] "GET /wp-admin/plugin-install.php HTTP/2" 200 21020 "-" "Mozilla/5.0 (Windows NT 10.0; Win64; x64; rv:133.0) Gecko/20100101 Firefox/133.0"
45.140.207.35 - - [06/Aug/2026:18:11:12 +0000] "POST /wp-admin/update.php?action=upload-plugin HTTP/2" 403 1242 "https://lakepointschool.usas.in/wp-admin/update.php?action=upload-plugin" "Mozilla/5.0 (Windows NT 10.0; Win64; x64; rv:133.0) Gecko/20100101 Firefox/133.0"
45.140.207.35 - - [06/Aug/2026:18:11:13 +0000] "GET /wp-admin/themes.php HTTP/2" 200 19757 "-" "Mozilla/5.0 (Windows NT 10.0; Win64; x64; rv:133.0) Gecko/20100101 Firefox/133.0"
45.140.207.35 - - [06/Aug/2026:18:11:17 +0000] "GET /wp-admin/theme-install.php?browse=popular HTTP/2" 200 17995 "-" "Mozilla/5.0 (Windows NT 10.0; Win64; x64; rv:133.0) Gecko/20100101 Firefox/133.0"
45.140.207.35 - - [06/Aug/2026:18:11:19 +0000] "POST /wp-admin/update.php?action=upload-theme HTTP/2" 403 1242 "https://lakepointschool.usas.in/wp-admin/update.php?action=upload-theme" "Mozilla/5.0 (Windows NT 10.0; Win64; x64; rv:133.0) Gecko/20100101 Firefox/133.0"
45.140.207.35 - - [06/Aug/2026:18:11:20 +0000] "GET /wp-admin/admin.php?page=wp_file_manager HTTP/2" 200 16314 "-" "Mozilla/5.0 (Windows NT 10.0; Win64; x64; rv:133.0) Gecko/20100101 Firefox/133.0"
45.140.207.35 - - [06/Aug/2026:18:11:24 +0000] "GET /wp-admin/admin-ajax.php?action=mk_file_folder_manager&_wpnonce=3ff4b4bed1&networkhref=&cmd=tree&target=l1_Lw&reqid=70e85ac887f476ae785099bdb7d9 HTTP/2" 200 789 "-" "Mozilla/5.0 (Windows NT 10.0; Win64; x64; rv:133.0) Gecko/20100101 Firefox/133.0"
185.61.219.95 - - [06/Aug/2026:18:11:11 +0000] "GET /wp-admin/plugin-install.php HTTP/2" 200 21038 "-" "Mozilla/5.0 (Windows NT 10.0; Win64; x64) AppleWebKit/537.36 (KHTML, like Gecko) Chrome/124.0.0.0 Safari/537.36"
193.203.8.226 - - [06/Aug/2026:18:11:14 +0000] "POST /wp-admin/admin-ajax.php HTTP/2" 403 1242 "https://lakepointschool.usas.in/wp-admin/admin-ajax.php" "Mozilla/5.0 (Windows NT 10.0; Win64; x64; rv:133.0) Gecko/20100101 Firefox/133.0"
193.203.8.226 - - [06/Aug/2026:18:11:15 +0000] "POST /wp-admin/admin-ajax.php HTTP/2" 403 1242 "https://lakepointschool.usas.in/wp-admin/admin-ajax.php" "Mozilla/5.0 (Windows NT 10.0; Win64; x64; rv:133.0) Gecko/20100101 Firefox/133.0"
193.203.8.226 - - [06/Aug/2026:18:11:16 +0000] "POST /wp-admin/admin-ajax.php HTTP/2" 403 1242 "https://lakepointschool.usas.in/wp-admin/admin-ajax.php" "Mozilla/5.0 (Windows NT 10.0; Win64; x64; rv:133.0) Gecko/20100101 Firefox/133.0"
185.61.219.95 - - [06/Aug/2026:18:11:15 +0000] "POST /wp-admin/update.php?action=upload-plugin HTTP/2" 403 1242 "https://lakepointschool.usas.in/wp-admin/update.php?action=upload-plugin" "Mozilla/5.0 (Windows NT 10.0; Win64; x64) AppleWebKit/537.36 (KHTML, like Gecko) Chrome/124.0.0.0 Safari/537.36"
193.203.8.226 - - [06/Aug/2026:18:11:17 +0000] "POST /wp-admin/admin-ajax.php HTTP/2" 403 1242 "https://lakepointschool.usas.in/wp-admin/admin-ajax.php" "Mozilla/5.0 (Windows NT 10.0; Win64; x64; rv:133.0) Gecko/20100101 Firefox/133.0"
193.203.8.226 - - [06/Aug/2026:18:11:18 +0000] "POST /wp-admin/admin-ajax.php HTTP/2" 403 1242 "https://lakepointschool.usas.in/wp-admin/admin-ajax.php" "Mozilla/5.0 (Windows NT 10.0; Win64; x64; rv:133.0) Gecko/20100101 Firefox/133.0"
185.61.219.95 - - [06/Aug/2026:18:11:17 +0000] "GET /wp-admin/themes.php HTTP/2" 200 19486 "-" "Mozilla/5.0 (Windows NT 10.0; Win64; x64) AppleWebKit/537.36 (KHTML, like Gecko) Chrome/124.0.0.0 Safari/537.36"
185.61.219.95 - - [06/Aug/2026:18:11:20 +0000] "GET /wp-admin/theme-install.php?browse=popular HTTP/2" 200 18028 "-" "Mozilla/5.0 (Windows NT 10.0; Win64; x64) AppleWebKit/537.36 (KHTML, like Gecko) Chrome/124.0.0.0 Safari/537.36"
5.183.255.71 - - [06/Aug/2026:18:11:23 +0000] "GET /wp-login.php?wp_lang=en_US HTTP/2" 200 2329 "-" "Mozilla/5.0 (Windows NT 10.0; Win64; x64) AppleWebKit/537.36 (KHTML, like Gecko) Chrome/124.0.0.0 Safari/537.36"
185.61.219.95 - - [06/Aug/2026:18:11:24 +0000] "POST /wp-admin/update.php?action=upload-theme HTTP/2" 403 1242 "https://lakepointschool.usas.in/wp-admin/update.php?action=upload-theme" "Mozilla/5.0 (Windows NT 10.0; Win64; x64) AppleWebKit/537.36 (KHTML, like Gecko) Chrome/124.0.0.0 Safari/537.36"
5.183.255.71 - - [06/Aug/2026:18:11:25 +0000] "POST /wp-login.php HTTP/2" 302 0 "https://lakepointschool.usas.in/wp-login.php" "Mozilla/5.0 (Windows NT 10.0; Win64; x64) AppleWebKit/537.36 (KHTML, like Gecko) Chrome/124.0.0.0 Safari/537.36"
185.61.219.95 - - [06/Aug/2026:18:11:26 +0000] "GET /wp-admin/admin.php?page=wp_file_manager HTTP/2" 200 16247 "-" "Mozilla/5.0 (Windows NT 10.0; Win64; x64) AppleWebKit/537.36 (KHTML, like Gecko) Chrome/124.0.0.0 Safari/537.36"
185.61.219.95 - - [06/Aug/2026:18:11:29 +0000] "GET /wp-admin/admin-ajax.php?action=mk_file_folder_manager&_wpnonce=7fe2420cc9&networkhref=&cmd=tree&target=l1_Lw&reqid=12fba214fa7424d1bd27ff62bff0 HTTP/2" 200 789 "-" "Mozilla/5.0 (Windows NT 10.0; Win64; x64) AppleWebKit/537.36 (KHTML, like Gecko) Chrome/124.0.0.0 Safari/537.36"
5.183.255.71 - - [06/Aug/2026:18:11:28 +0000] "GET /wp-admin/ HTTP/2" 200 20774 "https://lakepointschool.usas.in/wp-login.php" "Mozilla/5.0 (Windows NT 10.0; Win64; x64) AppleWebKit/537.36 (KHTML, like Gecko) Chrome/124.0.0.0 Safari/537.36"
185.61.219.95 - - [06/Aug/2026:18:11:32 +0000] "GET /wp-admin/admin-ajax.php?action=mk_file_folder_manager&_wpnonce=7fe2420cc9&networkhref=&cmd=tree&target=l1_LndlbGwta25vd24&reqid=77c1f8f0e3fd818d52665faed815 HTTP/2" 200 196 "-" "Mozilla/5.0 (Windows NT 10.0; Win64; x64) AppleWebKit/537.36 (KHTML, like Gecko) Chrome/124.0.0.0 Safari/537.36"
5.183.255.71 - - [06/Aug/2026:18:11:33 +0000] "GET /wp-admin/ HTTP/2" 200 20715 "-" "Mozilla/5.0 (Windows NT 10.0; Win64; x64) AppleWebKit/537.36 (KHTML, like Gecko) Chrome/124.0.0.0 Safari/537.36"
185.61.219.95 - - [06/Aug/2026:18:11:35 +0000] "GET /wp-admin/admin-ajax.php?action=mk_file_folder_manager&_wpnonce=7fe2420cc9&networkhref=&cmd=tree&target=l1_Y2dpLWJpbg&reqid=8c03de3b7a709b5a55ff9982d5d0 HTTP/2" 200 164 "-" "Mozilla/5.0 (Windows NT 10.0; Win64; x64) AppleWebKit/537.36 (KHTML, like Gecko) Chrome/124.0.0.0 Safari/537.36"
185.61.219.95 - - [06/Aug/2026:18:11:38 +0000] "GET /wp-admin/admin-ajax.php?action=mk_file_folder_manager&_wpnonce=7fe2420cc9&networkhref=&cmd=tree&target=l1_d3AtYWRtaW4&reqid=cc8032de51c98789ffe840f2cb66 HTTP/2" 200 273 "-" "Mozilla/5.0 (Windows NT 10.0; Win64; x64) AppleWebKit/537.36 (KHTML, like Gecko) Chrome/124.0.0.0 Safari/537.36"
5.183.255.71 - - [06/Aug/2026:18:11:39 +0000] "GET /wp-admin/plugins.php HTTP/2" 200 18433 "-" "Mozilla/5.0 (Windows NT 10.0; Win64; x64) AppleWebKit/537.36 (KHTML, like Gecko) Chrome/124.0.0.0 Safari/537.36"
185.61.219.95 - - [06/Aug/2026:18:11:40 +0000] "GET /wp-admin/admin-ajax.php?action=mk_file_folder_manager&_wpnonce=7fe2420cc9&networkhref=&cmd=tree&target=l1_d3AtY29udGVudA&reqid=fb895889f762416e2b5b7408ebd6 HTTP/2" 200 444 "-" "Mozilla/5.0 (Windows NT 10.0; Win64; x64) AppleWebKit/537.36 (KHTML, like Gecko) Chrome/124.0.0.0 Safari/537.36"
5.183.255.71 - - [06/Aug/2026:18:11:41 +0000] "GET /wp-admin/plugin-install.php HTTP/2" 200 21142 "-" "Mozilla/5.0 (Windows NT 10.0; Win64; x64) AppleWebKit/537.36 (KHTML, like Gecko) Chrome/124.0.0.0 Safari/537.36"
185.61.219.95 - - [06/Aug/2026:18:11:42 +0000] "GET /wp-admin/admin-ajax.php?action=mk_file_folder_manager&_wpnonce=7fe2420cc9&networkhref=&cmd=tree&target=l1_d3AtaW5jbHVkZXM&reqid=ff0763c05702c9399fb350487f67 HTTP/2" 200 771 "-" "Mozilla/5.0 (Windows NT 10.0; Win64; x64) AppleWebKit/537.36 (KHTML, like Gecko) Chrome/124.0.0.0 Safari/537.36"
5.183.255.71 - - [06/Aug/2026:18:11:45 +0000] "POST /wp-admin/update.php?action=upload-plugin HTTP/2" 403 1242 "https://lakepointschool.usas.in/wp-admin/update.php?action=upload-plugin" "Mozilla/5.0 (Windows NT 10.0; Win64; x64) AppleWebKit/537.36 (KHTML, like Gecko) Chrome/124.0.0.0 Safari/537.36"
185.61.219.95 - - [06/Aug/2026:18:11:45 +0000] "GET /wp-admin/admin-ajax.php?action=mk_file_folder_manager&_wpnonce=7fe2420cc9&networkhref=&cmd=mkfile&name=custom.file.3.1786039905.php&target=l1_d3AtY29udGVudC91cGdyYWRl&reqid=633b534c76bf230ccb85639dbd92 HTTP/2" 200 236 "-" "Mozilla/5.0 (Windows NT 10.0; Win64; x64) AppleWebKit/537.36 (KHTML, like Gecko) Chrome/124.0.0.0 Safari/537.36"
185.61.219.95 - - [06/Aug/2026:18:11:47 +0000] "POST /wp-admin/admin-ajax.php HTTP/2" 403 5137 "https://lakepointschool.usas.in/wp-admin/admin-ajax.php" "Mozilla/5.0 (Windows NT 10.0; Win64; x64) AppleWebKit/537.36 (KHTML, like Gecko) Chrome/124.0.0.0 Safari/537.36"
185.61.219.95 - - [06/Aug/2026:18:11:48 +0000] "POST /wp-admin/admin-ajax.php HTTP/2" 403 5135 "https://lakepointschool.usas.in/wp-admin/admin-ajax.php" "Mozilla/5.0 (Windows NT 10.0; Win64; x64) AppleWebKit/537.36 (KHTML, like Gecko) Chrome/124.0.0.0 Safari/537.36"
185.61.219.95 - - [06/Aug/2026:18:11:48 +0000] "POST /wp-admin/admin-ajax.php HTTP/2" 403 5137 "https://lakepointschool.usas.in/wp-admin/admin-ajax.php" "Mozilla/5.0 (Windows NT 10.0; Win64; x64) AppleWebKit/537.36 (KHTML, like Gecko) Chrome/124.0.0.0 Safari/537.36"
185.61.219.95 - - [06/Aug/2026:18:11:49 +0000] "POST /wp-admin/admin-ajax.php HTTP/2" 403 5137 "https://lakepointschool.usas.in/wp-admin/admin-ajax.php" "Mozilla/5.0 (Windows NT 10.0; Win64; x64) AppleWebKit/537.36 (KHTML, like Gecko) Chrome/124.0.0.0 Safari/537.36"
185.61.219.95 - - [06/Aug/2026:18:11:49 +0000] "POST /wp-admin/admin-ajax.php HTTP/2" 403 5137 "https://lakepointschool.usas.in/wp-admin/admin-ajax.php" "Mozilla/5.0 (Windows NT 10.0; Win64; x64) AppleWebKit/537.36 (KHTML, like Gecko) Chrome/124.0.0.0 Safari/537.36"
45.140.207.35 - - [06/Aug/2026:18:11:28 +0000] "GET /wp-admin/admin-ajax.php?action=mk_file_folder_manager&_wpnonce=3ff4b4bed1&networkhref=&cmd=tree&target=l1_LndlbGwta25vd24&reqid=386664b87b36d25562d389c42bba HTTP/2" 200 198 "-" "Mozilla/5.0 (Windows NT 10.0; Win64; x64; rv:133.0) Gecko/20100101 Firefox/133.0"
45.140.207.35 - - [06/Aug/2026:18:11:32 +0000] "GET /wp-admin/admin-ajax.php?action=mk_file_folder_manager&_wpnonce=3ff4b4bed1&networkhref=&cmd=tree&target=l1_Y2dpLWJpbg&reqid=5f6e185ecbf63300d148abe9665b HTTP/2" 200 164 "-" "Mozilla/5.0 (Windows NT 10.0; Win64; x64; rv:133.0) Gecko/20100101 Firefox/133.0"
45.140.207.35 - - [06/Aug/2026:18:11:35 +0000] "GET /wp-admin/admin-ajax.php?action=mk_file_folder_manager&_wpnonce=3ff4b4bed1&networkhref=&cmd=tree&target=l1_d3AtYWRtaW4&reqid=b99e3aef1c2ba9a22a8f5d786d56 HTTP/2" 200 273 "-" "Mozilla/5.0 (Windows NT 10.0; Win64; x64; rv:133.0) Gecko/20100101 Firefox/133.0"
5.183.255.71 - - [06/Aug/2026:18:11:37 +0000] "GET /wp-admin/admin-ajax.php?action=rest-nonce HTTP/2" 400 5 "-" "Mozilla/5.0 (Windows NT 10.0; Win64; x64) AppleWebKit/537.36 (KHTML, like Gecko) Chrome/124.0.0.0 Safari/537.36"
45.140.207.35 - - [06/Aug/2026:18:11:39 +0000] "GET /wp-admin/admin-ajax.php?action=mk_file_folder_manager&_wpnonce=3ff4b4bed1&networkhref=&cmd=tree&target=l1_d3AtY29udGVudA&reqid=723114aa272e74dc5ed6c8c3e31a HTTP/2" 200 444 "-" "Mozilla/5.0 (Windows NT 10.0; Win64; x64; rv:133.0) Gecko/20100101 Firefox/133.0"
45.140.207.35 - - [06/Aug/2026:18:11:40 +0000] "GET /wp-admin/admin-ajax.php?action=mk_file_folder_manager&_wpnonce=3ff4b4bed1&networkhref=&cmd=tree&target=l1_d3AtaW5jbHVkZXM&reqid=b8f2e7172ef96121317ab9f1e800 HTTP/2" 200 770 "-" "Mozilla/5.0 (Windows NT 10.0; Win64; x64; rv:133.0) Gecko/20100101 Firefox/133.0"
45.140.207.35 - - [06/Aug/2026:18:11:44 +0000] "GET /wp-admin/admin-ajax.php?action=mk_file_folder_manager&_wpnonce=3ff4b4bed1&networkhref=&cmd=mkfile&name=author.template.1786039904.php&target=l1_d3AtY29udGVudC9wbHVnaW5z&reqid=354b91550f2c60feab6480f90a60 HTTP/2" 200 230 "-" "Mozilla/5.0 (Windows NT 10.0; Win64; x64; rv:133.0) Gecko/20100101 Firefox/133.0"
45.140.207.35 - - [06/Aug/2026:18:11:46 +0000] "POST /wp-admin/admin-ajax.php HTTP/2" 403 5137 "https://lakepointschool.usas.in/wp-admin/admin-ajax.php" "Mozilla/5.0 (Windows NT 10.0; Win64; x64; rv:133.0) Gecko/20100101 Firefox/133.0"
45.140.207.35 - - [06/Aug/2026:18:11:48 +0000] "POST /wp-admin/admin-ajax.php HTTP/2" 403 5137 "https://lakepointschool.usas.in/wp-admin/admin-ajax.php" "Mozilla/5.0 (Windows NT 10.0; Win64; x64; rv:133.0) Gecko/20100101 Firefox/133.0"
45.140.207.35 - - [06/Aug/2026:18:11:48 +0000] "POST /wp-admin/admin-ajax.php HTTP/2" 403 5137 "https://lakepointschool.usas.in/wp-admin/admin-ajax.php" "Mozilla/5.0 (Windows NT 10.0; Win64; x64; rv:133.0) Gecko/20100101 Firefox/133.0"
45.140.207.35 - - [06/Aug/2026:18:11:49 +0000] "POST /wp-admin/admin-ajax.php HTTP/2" 403 5137 "https://lakepointschool.usas.in/wp-admin/admin-ajax.php" "Mozilla/5.0 (Windows NT 10.0; Win64; x64; rv:133.0) Gecko/20100101 Firefox/133.0"
45.140.207.35 - - [06/Aug/2026:18:11:50 +0000] "POST /wp-admin/admin-ajax.php HTTP/2" 403 5137 "https://lakepointschool.usas.in/wp-admin/admin-ajax.php" "Mozilla/5.0 (Windows NT 10.0; Win64; x64; rv:133.0) Gecko/20100101 Firefox/133.0"
193.202.14.61 - - [06/Aug/2026:18:11:52 +0000] "GET /wp-login.php?wp_lang=en_US HTTP/2" 200 2329 "-" "Mozilla/5.0 (Macintosh; Intel Mac OS X 10_15_7) AppleWebKit/605.1.15 (KHTML, like Gecko) Version/18.0 Safari/605.1.15"
193.202.14.61 - - [06/Aug/2026:18:11:58 +0000] "POST /wp-login.php HTTP/2" 302 0 "https://lakepointschool.usas.in/wp-login.php" "Mozilla/5.0 (Macintosh; Intel Mac OS X 10_15_7) AppleWebKit/605.1.15 (KHTML, like Gecko) Version/18.0 Safari/605.1.15"
192.250.235.43 - - [06/Aug/2026:18:12:00 +0000] "GET / HTTP/1.1" 200 135648 "-" "-"
5.183.255.71 - - [06/Aug/2026:18:11:46 +0000] "GET /wp-admin/themes.php HTTP/2" 200 19655 "-" "Mozilla/5.0 (Windows NT 10.0; Win64; x64) AppleWebKit/537.36 (KHTML, like Gecko) Chrome/124.0.0.0 Safari/537.36"
5.183.255.71 - - [06/Aug/2026:18:11:49 +0000] "GET /wp-admin/theme-install.php?browse=popular HTTP/2" 200 18058 "-" "Mozilla/5.0 (Windows NT 10.0; Win64; x64) AppleWebKit/537.36 (KHTML, like Gecko) Chrome/124.0.0.0 Safari/537.36"
5.183.255.71 - - [06/Aug/2026:18:11:54 +0000] "POST /wp-admin/update.php?action=upload-theme HTTP/2" 403 1242 "https://lakepointschool.usas.in/wp-admin/update.php?action=upload-theme" "Mozilla/5.0 (Windows NT 10.0; Win64; x64) AppleWebKit/537.36 (KHTML, like Gecko) Chrome/124.0.0.0 Safari/537.36"
178.20.30.52 - - [06/Aug/2026:18:11:53 +0000] "GET /wp-login.php?wp_lang=en_US HTTP/2" 200 2329 "-" "Mozilla/5.0 (Macintosh; Intel Mac OS X 10_15_7) AppleWebKit/605.1.15 (KHTML, like Gecko) Version/18.0 Safari/605.1.15"
5.183.255.71 - - [06/Aug/2026:18:11:55 +0000] "GET /wp-admin/admin.php?page=wp_file_manager HTTP/2" 200 16317 "-" "Mozilla/5.0 (Windows NT 10.0; Win64; x64) AppleWebKit/537.36 (KHTML, like Gecko) Chrome/124.0.0.0 Safari/537.36"
178.20.30.52 - - [06/Aug/2026:18:11:57 +0000] "POST /wp-login.php HTTP/2" 302 0 "https://lakepointschool.usas.in/wp-login.php" "Mozilla/5.0 (Macintosh; Intel Mac OS X 10_15_7) AppleWebKit/605.1.15 (KHTML, like Gecko) Version/18.0 Safari/605.1.15"
178.20.30.52 - - [06/Aug/2026:18:11:59 +0000] "GET /wp-admin/ HTTP/2" 200 20737 "https://lakepointschool.usas.in/wp-login.php" "Mozilla/5.0 (Macintosh; Intel Mac OS X 10_15_7) AppleWebKit/605.1.15 (KHTML, like Gecko) Version/18.0 Safari/605.1.15"
5.183.255.71 - - [06/Aug/2026:18:11:59 +0000] "GET /wp-admin/admin-ajax.php?action=mk_file_folder_manager&_wpnonce=6f306a2be6&networkhref=&cmd=tree&target=l1_Lw&reqid=c0cc88571520fb50e83eeceadf0f HTTP/2" 200 789 "-" "Mozilla/5.0 (Windows NT 10.0; Win64; x64) AppleWebKit/537.36 (KHTML, like Gecko) Chrome/124.0.0.0 Safari/537.36"
5.183.255.71 - - [06/Aug/2026:18:12:03 +0000] "GET /wp-admin/admin-ajax.php?action=mk_file_folder_manager&_wpnonce=6f306a2be6&networkhref=&cmd=tree&target=l1_LndlbGwta25vd24&reqid=1d722663688f5308e560827da5fe HTTP/2" 200 196 "-" "Mozilla/5.0 (Windows NT 10.0; Win64; x64) AppleWebKit/537.36 (KHTML, like Gecko) Chrome/124.0.0.0 Safari/537.36"
178.20.30.52 - - [06/Aug/2026:18:12:03 +0000] "GET /wp-admin/ HTTP/2" 200 20756 "-" "Mozilla/5.0 (Macintosh; Intel Mac OS X 10_15_7) AppleWebKit/605.1.15 (KHTML, like Gecko) Version/18.0 Safari/605.1.15"
5.183.255.71 - - [06/Aug/2026:18:12:05 +0000] "GET /wp-admin/admin-ajax.php?action=mk_file_folder_manager&_wpnonce=6f306a2be6&networkhref=&cmd=tree&target=l1_Y2dpLWJpbg&reqid=bed5dbba4b35df78b81e25babb63 HTTP/2" 200 164 "-" "Mozilla/5.0 (Windows NT 10.0; Win64; x64) AppleWebKit/537.36 (KHTML, like Gecko) Chrome/124.0.0.0 Safari/537.36"
178.20.30.52 - - [06/Aug/2026:18:12:08 +0000] "GET /wp-admin/plugins.php HTTP/2" 200 18556 "-" "Mozilla/5.0 (Macintosh; Intel Mac OS X 10_15_7) AppleWebKit/605.1.15 (KHTML, like Gecko) Version/18.0 Safari/605.1.15"
193.202.14.61 - - [06/Aug/2026:18:12:09 +0000] "GET /wp-admin/admin-ajax.php?action=rest-nonce HTTP/2" 400 5 "-" "Mozilla/5.0 (Macintosh; Intel Mac OS X 10_15_7) AppleWebKit/605.1.15 (KHTML, like Gecko) Version/18.0 Safari/605.1.15"
5.183.255.71 - - [06/Aug/2026:18:12:09 +0000] "GET /wp-admin/admin-ajax.php?action=mk_file_folder_manager&_wpnonce=6f306a2be6&networkhref=&cmd=tree&target=l1_d3AtYWRtaW4&reqid=3ecd92997d27dddf5e60efa19e3c HTTP/2" 200 273 "-" "Mozilla/5.0 (Windows NT 10.0; Win64; x64) AppleWebKit/537.36 (KHTML, like Gecko) Chrome/124.0.0.0 Safari/537.36"
5.183.255.71 - - [06/Aug/2026:18:12:12 +0000] "GET /wp-admin/admin-ajax.php?action=mk_file_folder_manager&_wpnonce=6f306a2be6&networkhref=&cmd=tree&target=l1_d3AtY29udGVudA&reqid=e1dd5716dcda56227593ac8cf284 HTTP/2" 200 445 "-" "Mozilla/5.0 (Windows NT 10.0; Win64; x64) AppleWebKit/537.36 (KHTML, like Gecko) Chrome/124.0.0.0 Safari/537.36"
178.20.30.52 - - [06/Aug/2026:18:12:11 +0000] "GET /wp-admin/plugin-install.php HTTP/2" 200 21108 "-" "Mozilla/5.0 (Macintosh; Intel Mac OS X 10_15_7) AppleWebKit/605.1.15 (KHTML, like Gecko) Version/18.0 Safari/605.1.15"
178.20.30.52 - - [06/Aug/2026:18:12:14 +0000] "POST /wp-admin/update.php?action=upload-plugin HTTP/2" 403 1242 "https://lakepointschool.usas.in/wp-admin/update.php?action=upload-plugin" "Mozilla/5.0 (Macintosh; Intel Mac OS X 10_15_7) AppleWebKit/605.1.15 (KHTML, like Gecko) Version/18.0 Safari/605.1.15"
5.183.255.71 - - [06/Aug/2026:18:12:13 +0000] "GET /wp-admin/admin-ajax.php?action=mk_file_folder_manager&_wpnonce=6f306a2be6&networkhref=&cmd=tree&target=l1_d3AtaW5jbHVkZXM&reqid=66339bb961ffd94e8872c99ce5b5 HTTP/2" 200 770 "-" "Mozilla/5.0 (Windows NT 10.0; Win64; x64) AppleWebKit/537.36 (KHTML, like Gecko) Chrome/124.0.0.0 Safari/537.36"
178.20.30.52 - - [06/Aug/2026:18:12:15 +0000] "GET /wp-admin/themes.php HTTP/2" 200 19715 "-" "Mozilla/5.0 (Macintosh; Intel Mac OS X 10_15_7) AppleWebKit/605.1.15 (KHTML, like Gecko) Version/18.0 Safari/605.1.15"
5.183.255.71 - - [06/Aug/2026:18:12:16 +0000] "GET /wp-admin/admin-ajax.php?action=mk_file_folder_manager&_wpnonce=6f306a2be6&networkhref=&cmd=mkfile&name=custom.file.3.1786039936.php&target=l1_d3AtY29udGVudC9wbHVnaW5z&reqid=40bb80a8e47b683ddbed26a6a58c HTTP/2" 200 239 "-" "Mozilla/5.0 (Windows NT 10.0; Win64; x64) AppleWebKit/537.36 (KHTML, like Gecko) Chrome/124.0.0.0 Safari/537.36"
5.183.255.71 - - [06/Aug/2026:18:12:18 +0000] "POST /wp-admin/admin-ajax.php HTTP/2" 403 1242 "https://lakepointschool.usas.in/wp-admin/admin-ajax.php" "Mozilla/5.0 (Windows NT 10.0; Win64; x64) AppleWebKit/537.36 (KHTML, like Gecko) Chrome/124.0.0.0 Safari/537.36"
178.20.30.52 - - [06/Aug/2026:18:12:18 +0000] "GET /wp-admin/theme-install.php?browse=popular HTTP/2" 200 18088 "-" "Mozilla/5.0 (Macintosh; Intel Mac OS X 10_15_7) AppleWebKit/605.1.15 (KHTML, like Gecko) Version/18.0 Safari/605.1.15"
5.183.255.71 - - [06/Aug/2026:18:12:19 +0000] "POST /wp-admin/admin-ajax.php HTTP/2" 403 1242 "https://lakepointschool.usas.in/wp-admin/admin-ajax.php" "Mozilla/5.0 (Windows NT 10.0; Win64; x64) AppleWebKit/537.36 (KHTML, like Gecko) Chrome/124.0.0.0 Safari/537.36"
5.183.255.71 - - [06/Aug/2026:18:12:19 +0000] "POST /wp-admin/admin-ajax.php HTTP/2" 403 1242 "https://lakepointschool.usas.in/wp-admin/admin-ajax.php" "Mozilla/5.0 (Windows NT 10.0; Win64; x64) AppleWebKit/537.36 (KHTML, like Gecko) Chrome/124.0.0.0 Safari/537.36"
178.20.30.52 - - [06/Aug/2026:18:12:20 +0000] "POST /wp-admin/update.php?action=upload-theme HTTP/2" 403 1242 "https://lakepointschool.usas.in/wp-admin/update.php?action=upload-theme" "Mozilla/5.0 (Macintosh; Intel Mac OS X 10_15_7) AppleWebKit/605.1.15 (KHTML, like Gecko) Version/18.0 Safari/605.1.15"
5.183.255.71 - - [06/Aug/2026:18:12:20 +0000] "POST /wp-admin/admin-ajax.php HTTP/2" 403 1242 "https://lakepointschool.usas.in/wp-admin/admin-ajax.php" "Mozilla/5.0 (Windows NT 10.0; Win64; x64) AppleWebKit/537.36 (KHTML, like Gecko) Chrome/124.0.0.0 Safari/537.36"
5.183.255.71 - - [06/Aug/2026:18:12:21 +0000] "POST /wp-admin/admin-ajax.php HTTP/2" 403 1242 "https://lakepointschool.usas.in/wp-admin/admin-ajax.php" "Mozilla/5.0 (Windows NT 10.0; Win64; x64) AppleWebKit/537.36 (KHTML, like Gecko) Chrome/124.0.0.0 Safari/537.36"
178.20.30.52 - - [06/Aug/2026:18:12:20 +0000] "GET /wp-admin/admin.php?page=wp_file_manager HTTP/2" 200 16198 "-" "Mozilla/5.0 (Macintosh; Intel Mac OS X 10_15_7) AppleWebKit/605.1.15 (KHTML, like Gecko) Version/18.0 Safari/605.1.15"
178.20.30.52 - - [06/Aug/2026:18:12:22 +0000] "GET /wp-admin/admin-ajax.php?action=mk_file_folder_manager&_wpnonce=ca61eae4b5&networkhref=&cmd=tree&target=l1_Lw&reqid=c9cf34184e67b859ee7e4e10fb84 HTTP/2" 200 789 "-" "Mozilla/5.0 (Macintosh; Intel Mac OS X 10_15_7) AppleWebKit/605.1.15 (KHTML, like Gecko) Version/18.0 Safari/605.1.15"
178.20.30.52 - - [06/Aug/2026:18:12:25 +0000] "GET /wp-admin/admin-ajax.php?action=mk_file_folder_manager&_wpnonce=ca61eae4b5&networkhref=&cmd=tree&target=l1_LndlbGwta25vd24&reqid=6e59a498652404b24805963fab6a HTTP/2" 200 198 "-" "Mozilla/5.0 (Macintosh; Intel Mac OS X 10_15_7) AppleWebKit/605.1.15 (KHTML, like Gecko) Version/18.0 Safari/605.1.15"
157.22.103.173 - - [06/Aug/2026:18:12:25 +0000] "GET /wp-login.php?wp_lang=en_US HTTP/2" 200 2329 "-" "Mozilla/5.0 (Macintosh; Intel Mac OS X 10_15_7) AppleWebKit/605.1.15 (KHTML, like Gecko) Version/18.0 Safari/605.1.15"
157.22.103.173 - - [06/Aug/2026:18:12:27 +0000] "POST /wp-login.php HTTP/2" 302 0 "https://lakepointschool.usas.in/wp-login.php" "Mozilla/5.0 (Macintosh; Intel Mac OS X 10_15_7) AppleWebKit/605.1.15 (KHTML, like Gecko) Version/18.0 Safari/605.1.15"
178.20.30.52 - - [06/Aug/2026:18:12:27 +0000] "GET /wp-admin/admin-ajax.php?action=mk_file_folder_manager&_wpnonce=ca61eae4b5&networkhref=&cmd=tree&target=l1_Y2dpLWJpbg&reqid=245fb9888cf388bfe5e73d2704e2 HTTP/2" 200 164 "-" "Mozilla/5.0 (Macintosh; Intel Mac OS X 10_15_7) AppleWebKit/605.1.15 (KHTML, like Gecko) Version/18.0 Safari/605.1.15"
178.20.30.52 - - [06/Aug/2026:18:12:29 +0000] "GET /wp-admin/admin-ajax.php?action=mk_file_folder_manager&_wpnonce=ca61eae4b5&networkhref=&cmd=tree&target=l1_d3AtYWRtaW4&reqid=4d5b8efbf1baaa96138c60e1b36b HTTP/2" 200 273 "-" "Mozilla/5.0 (Macintosh; Intel Mac OS X 10_15_7) AppleWebKit/605.1.15 (KHTML, like Gecko) Version/18.0 Safari/605.1.15"
157.22.103.173 - - [06/Aug/2026:18:12:29 +0000] "GET /wp-admin/ HTTP/2" 200 20753 "https://lakepointschool.usas.in/wp-login.php" "Mozilla/5.0 (Macintosh; Intel Mac OS X 10_15_7) AppleWebKit/605.1.15 (KHTML, like Gecko) Version/18.0 Safari/605.1.15"
178.20.30.52 - - [06/Aug/2026:18:12:32 +0000] "GET /wp-admin/admin-ajax.php?action=mk_file_folder_manager&_wpnonce=ca61eae4b5&networkhref=&cmd=tree&target=l1_d3AtY29udGVudA&reqid=e66cde3492a2bfbf57d74134ccb0 HTTP/2" 200 447 "-" "Mozilla/5.0 (Macintosh; Intel Mac OS X 10_15_7) AppleWebKit/605.1.15 (KHTML, like Gecko) Version/18.0 Safari/605.1.15"
157.22.103.173 - - [06/Aug/2026:18:12:32 +0000] "GET /wp-admin/ HTTP/2" 200 20609 "-" "Mozilla/5.0 (Macintosh; Intel Mac OS X 10_15_7) AppleWebKit/605.1.15 (KHTML, like Gecko) Version/18.0 Safari/605.1.15"
178.20.30.52 - - [06/Aug/2026:18:12:33 +0000] "GET /wp-admin/admin-ajax.php?action=mk_file_folder_manager&_wpnonce=ca61eae4b5&networkhref=&cmd=tree&target=l1_d3AtaW5jbHVkZXM&reqid=250944f0a7485c9a7cf32a9715dc HTTP/2" 200 768 "-" "Mozilla/5.0 (Macintosh; Intel Mac OS X 10_15_7) AppleWebKit/605.1.15 (KHTML, like Gecko) Version/18.0 Safari/605.1.15"
178.20.30.52 - - [06/Aug/2026:18:12:34 +0000] "GET /wp-admin/admin-ajax.php?action=mk_file_folder_manager&_wpnonce=ca61eae4b5&networkhref=&cmd=mkfile&name=front.page.template.1786039954.php&target=l1_d3AtY29udGVudC91cGdyYWRl&reqid=0411a650368e5d96358c6f48d5d9 HTTP/2" 200 236 "-" "Mozilla/5.0 (Macintosh; Intel Mac OS X 10_15_7) AppleWebKit/605.1.15 (KHTML, like Gecko) Version/18.0 Safari/605.1.15"
178.20.30.52 - - [06/Aug/2026:18:12:35 +0000] "POST /wp-admin/admin-ajax.php HTTP/2" 403 5135 "https://lakepointschool.usas.in/wp-admin/admin-ajax.php" "Mozilla/5.0 (Macintosh; Intel Mac OS X 10_15_7) AppleWebKit/605.1.15 (KHTML, like Gecko) Version/18.0 Safari/605.1.15"
178.20.30.52 - - [06/Aug/2026:18:12:35 +0000] "POST /wp-admin/admin-ajax.php HTTP/2" 403 5137 "https://lakepointschool.usas.in/wp-admin/admin-ajax.php" "Mozilla/5.0 (Macintosh; Intel Mac OS X 10_15_7) AppleWebKit/605.1.15 (KHTML, like Gecko) Version/18.0 Safari/605.1.15"
178.20.30.52 - - [06/Aug/2026:18:12:35 +0000] "POST /wp-admin/admin-ajax.php HTTP/2" 403 5135 "https://lakepointschool.usas.in/wp-admin/admin-ajax.php" "Mozilla/5.0 (Macintosh; Intel Mac OS X 10_15_7) AppleWebKit/605.1.15 (KHTML, like Gecko) Version/18.0 Safari/605.1.15"
193.202.14.61 - - [06/Aug/2026:18:12:00 +0000] "GET /wp-admin/ HTTP/2" 200 20706 "https://lakepointschool.usas.in/wp-login.php" "Mozilla/5.0 (Macintosh; Intel Mac OS X 10_15_7) AppleWebKit/605.1.15 (KHTML, like Gecko) Version/18.0 Safari/605.1.15"
193.202.14.61 - - [06/Aug/2026:18:12:05 +0000] "GET /wp-admin/ HTTP/2" 200 20599 "-" "Mozilla/5.0 (Macintosh; Intel Mac OS X 10_15_7) AppleWebKit/605.1.15 (KHTML, like Gecko) Version/18.0 Safari/605.1.15"
178.20.30.52 - - [06/Aug/2026:18:12:06 +0000] "GET /wp-admin/admin-ajax.php?action=rest-nonce HTTP/2" 400 5 "-" "Mozilla/5.0 (Macintosh; Intel Mac OS X 10_15_7) AppleWebKit/605.1.15 (KHTML, like Gecko) Version/18.0 Safari/605.1.15"
193.202.14.61 - - [06/Aug/2026:18:12:12 +0000] "GET /wp-admin/plugins.php HTTP/2" 200 18604 "-" "Mozilla/5.0 (Macintosh; Intel Mac OS X 10_15_7) AppleWebKit/605.1.15 (KHTML, like Gecko) Version/18.0 Safari/605.1.15"
193.202.14.61 - - [06/Aug/2026:18:12:14 +0000] "GET /wp-admin/plugin-install.php HTTP/2" 200 21103 "-" "Mozilla/5.0 (Macintosh; Intel Mac OS X 10_15_7) AppleWebKit/605.1.15 (KHTML, like Gecko) Version/18.0 Safari/605.1.15"
193.202.14.61 - - [06/Aug/2026:18:12:19 +0000] "POST /wp-admin/update.php?action=upload-plugin HTTP/2" 403 1242 "https://lakepointschool.usas.in/wp-admin/update.php?action=upload-plugin" "Mozilla/5.0 (Macintosh; Intel Mac OS X 10_15_7) AppleWebKit/605.1.15 (KHTML, like Gecko) Version/18.0 Safari/605.1.15"
193.202.14.61 - - [06/Aug/2026:18:12:20 +0000] "GET /wp-admin/themes.php HTTP/2" 200 19511 "-" "Mozilla/5.0 (Macintosh; Intel Mac OS X 10_15_7) AppleWebKit/605.1.15 (KHTML, like Gecko) Version/18.0 Safari/605.1.15"
157.22.103.173 - - [06/Aug/2026:18:12:22 +0000] "GET /wp-login.php HTTP/2" 200 2329 "-" "Mozilla/5.0 (Windows NT 10.0; Win64; x64) AppleWebKit/537.36 (KHTML, like Gecko) Chrome/124.0.0.0 Safari/537.36"
193.202.14.61 - - [06/Aug/2026:18:12:22 +0000] "GET /wp-admin/theme-install.php?browse=popular HTTP/2" 200 18140 "-" "Mozilla/5.0 (Macintosh; Intel Mac OS X 10_15_7) AppleWebKit/605.1.15 (KHTML, like Gecko) Version/18.0 Safari/605.1.15"
193.202.14.61 - - [06/Aug/2026:18:12:25 +0000] "POST /wp-admin/update.php?action=upload-theme HTTP/2" 403 1242 "https://lakepointschool.usas.in/wp-admin/update.php?action=upload-theme" "Mozilla/5.0 (Macintosh; Intel Mac OS X 10_15_7) AppleWebKit/605.1.15 (KHTML, like Gecko) Version/18.0 Safari/605.1.15"
193.202.14.61 - - [06/Aug/2026:18:12:26 +0000] "GET /wp-admin/admin.php?page=wp_file_manager HTTP/2" 200 16303 "-" "Mozilla/5.0 (Macintosh; Intel Mac OS X 10_15_7) AppleWebKit/605.1.15 (KHTML, like Gecko) Version/18.0 Safari/605.1.15"
193.202.14.61 - - [06/Aug/2026:18:12:29 +0000] "GET /wp-admin/admin-ajax.php?action=mk_file_folder_manager&_wpnonce=a33a0a474f&networkhref=&cmd=tree&target=l1_Lw&reqid=d8f0768df72c6270e69d13699dfc HTTP/2" 200 789 "-" "Mozilla/5.0 (Macintosh; Intel Mac OS X 10_15_7) AppleWebKit/605.1.15 (KHTML, like Gecko) Version/18.0 Safari/605.1.15"
193.202.14.61 - - [06/Aug/2026:18:12:34 +0000] "GET /wp-admin/admin-ajax.php?action=mk_file_folder_manager&_wpnonce=a33a0a474f&networkhref=&cmd=tree&target=l1_LndlbGwta25vd24&reqid=d4e3bf7f949cece8247c7faf92e2 HTTP/2" 200 198 "-" "Mozilla/5.0 (Macintosh; Intel Mac OS X 10_15_7) AppleWebKit/605.1.15 (KHTML, like Gecko) Version/18.0 Safari/605.1.15"
193.202.14.61 - - [06/Aug/2026:18:12:36 +0000] "GET /wp-admin/admin-ajax.php?action=mk_file_folder_manager&_wpnonce=a33a0a474f&networkhref=&cmd=tree&target=l1_Y2dpLWJpbg&reqid=8a50ce26700d5996da5fea2cd045 HTTP/2" 200 164 "-" "Mozilla/5.0 (Macintosh; Intel Mac OS X 10_15_7) AppleWebKit/605.1.15 (KHTML, like Gecko) Version/18.0 Safari/605.1.15"
193.202.14.61 - - [06/Aug/2026:18:12:37 +0000] "GET /wp-admin/admin-ajax.php?action=mk_file_folder_manager&_wpnonce=a33a0a474f&networkhref=&cmd=tree&target=l1_d3AtYWRtaW4&reqid=974d58f354955d187f249295ecc9 HTTP/2" 200 273 "-" "Mozilla/5.0 (Macintosh; Intel Mac OS X 10_15_7) AppleWebKit/605.1.15 (KHTML, like Gecko) Version/18.0 Safari/605.1.15"
178.20.30.52 - - [06/Aug/2026:18:12:36 +0000] "POST /wp-admin/admin-ajax.php HTTP/2" 403 5137 "https://lakepointschool.usas.in/wp-admin/admin-ajax.php" "Mozilla/5.0 (Macintosh; Intel Mac OS X 10_15_7) AppleWebKit/605.1.15 (KHTML, like Gecko) Version/18.0 Safari/605.1.15"
178.20.30.52 - - [06/Aug/2026:18:12:36 +0000] "POST /wp-admin/admin-ajax.php HTTP/2" 403 5137 "https://lakepointschool.usas.in/wp-admin/admin-ajax.php" "Mozilla/5.0 (Macintosh; Intel Mac OS X 10_15_7) AppleWebKit/605.1.15 (KHTML, like Gecko) Version/18.0 Safari/605.1.15"
157.22.103.173 - - [06/Aug/2026:18:12:38 +0000] "GET /wp-admin/plugins.php HTTP/2" 200 18448 "-" "Mozilla/5.0 (Macintosh; Intel Mac OS X 10_15_7) AppleWebKit/605.1.15 (KHTML, like Gecko) Version/18.0 Safari/605.1.15"
157.22.103.173 - - [06/Aug/2026:18:12:40 +0000] "GET /wp-admin/plugin-install.php HTTP/2" 200 21165 "-" "Mozilla/5.0 (Macintosh; Intel Mac OS X 10_15_7) AppleWebKit/605.1.15 (KHTML, like Gecko) Version/18.0 Safari/605.1.15"
157.22.103.173 - - [06/Aug/2026:18:12:44 +0000] "POST /wp-admin/update.php?action=upload-plugin HTTP/2" 403 1242 "https://lakepointschool.usas.in/wp-admin/update.php?action=upload-plugin" "Mozilla/5.0 (Macintosh; Intel Mac OS X 10_15_7) AppleWebKit/605.1.15 (KHTML, like Gecko) Version/18.0 Safari/605.1.15"
157.22.103.173 - - [06/Aug/2026:18:12:45 +0000] "GET /wp-admin/themes.php HTTP/2" 200 19692 "-" "Mozilla/5.0 (Macintosh; Intel Mac OS X 10_15_7) AppleWebKit/605.1.15 (KHTML, like Gecko) Version/18.0 Safari/605.1.15"
157.22.103.173 - - [06/Aug/2026:18:12:48 +0000] "GET /wp-admin/theme-install.php?browse=popular HTTP/2" 200 18107 "-" "Mozilla/5.0 (Macintosh; Intel Mac OS X 10_15_7) AppleWebKit/605.1.15 (KHTML, like Gecko) Version/18.0 Safari/605.1.15"
157.22.103.173 - - [06/Aug/2026:18:12:50 +0000] "POST /wp-admin/update.php?action=upload-theme HTTP/2" 403 1242 "https://lakepointschool.usas.in/wp-admin/update.php?action=upload-theme" "Mozilla/5.0 (Macintosh; Intel Mac OS X 10_15_7) AppleWebKit/605.1.15 (KHTML, like Gecko) Version/18.0 Safari/605.1.15"
212.119.47.77 - - [06/Aug/2026:18:12:50 +0000] "GET /wp-login.php?wp_lang=en_US HTTP/2" 200 2329 "-" "Mozilla/5.0 (Windows NT 10.0; Win64; x64) AppleWebKit/537.36 (KHTML, like Gecko) Chrome/124.0.0.0 Safari/537.36"
212.119.47.77 - - [06/Aug/2026:18:12:53 +0000] "POST /wp-login.php HTTP/2" 302 0 "https://lakepointschool.usas.in/wp-login.php" "Mozilla/5.0 (Windows NT 10.0; Win64; x64) AppleWebKit/537.36 (KHTML, like Gecko) Chrome/124.0.0.0 Safari/537.36"
157.22.103.173 - - [06/Aug/2026:18:12:51 +0000] "GET /wp-admin/admin.php?page=wp_file_manager HTTP/2" 200 16267 "-" "Mozilla/5.0 (Macintosh; Intel Mac OS X 10_15_7) AppleWebKit/605.1.15 (KHTML, like Gecko) Version/18.0 Safari/605.1.15"
212.119.47.77 - - [06/Aug/2026:18:12:55 +0000] "GET /wp-admin/ HTTP/2" 200 20678 "https://lakepointschool.usas.in/wp-login.php" "Mozilla/5.0 (Windows NT 10.0; Win64; x64) AppleWebKit/537.36 (KHTML, like Gecko) Chrome/124.0.0.0 Safari/537.36"
157.22.103.173 - - [06/Aug/2026:18:12:55 +0000] "GET /wp-admin/admin-ajax.php?action=mk_file_folder_manager&_wpnonce=ffcbfb1e77&networkhref=&cmd=tree&target=l1_Lw&reqid=724aa6874507052223df49915fac HTTP/2" 200 789 "-" "Mozilla/5.0 (Macintosh; Intel Mac OS X 10_15_7) AppleWebKit/605.1.15 (KHTML, like Gecko) Version/18.0 Safari/605.1.15"
212.119.47.77 - - [06/Aug/2026:18:12:58 +0000] "GET /wp-admin/ HTTP/2" 200 20710 "-" "Mozilla/5.0 (Windows NT 10.0; Win64; x64) AppleWebKit/537.36 (KHTML, like Gecko) Chrome/124.0.0.0 Safari/537.36"
157.22.103.173 - - [06/Aug/2026:18:12:57 +0000] "GET /wp-admin/admin-ajax.php?action=mk_file_folder_manager&_wpnonce=ffcbfb1e77&networkhref=&cmd=tree&target=l1_LndlbGwta25vd24&reqid=1c230aa575b8a38d22aa91612a85 HTTP/2" 200 198 "-" "Mozilla/5.0 (Macintosh; Intel Mac OS X 10_15_7) AppleWebKit/605.1.15 (KHTML, like Gecko) Version/18.0 Safari/605.1.15"
157.22.103.173 - - [06/Aug/2026:18:12:59 +0000] "GET /wp-admin/admin-ajax.php?action=mk_file_folder_manager&_wpnonce=ffcbfb1e77&networkhref=&cmd=tree&target=l1_Y2dpLWJpbg&reqid=684a1ff3d6ad8b03f00113bac2b8 HTTP/2" 200 164 "-" "Mozilla/5.0 (Macintosh; Intel Mac OS X 10_15_7) AppleWebKit/605.1.15 (KHTML, like Gecko) Version/18.0 Safari/605.1.15"
212.119.47.77 - - [06/Aug/2026:18:13:00 +0000] "GET /wp-admin/admin-ajax.php?action=rest-nonce HTTP/2" 400 5 "-" "Mozilla/5.0 (Windows NT 10.0; Win64; x64) AppleWebKit/537.36 (KHTML, like Gecko) Chrome/124.0.0.0 Safari/537.36"
157.22.103.173 - - [06/Aug/2026:18:13:01 +0000] "GET /wp-admin/admin-ajax.php?action=mk_file_folder_manager&_wpnonce=ffcbfb1e77&networkhref=&cmd=tree&target=l1_d3AtYWRtaW4&reqid=85ca0e596635b702160326610b47 HTTP/2" 200 273 "-" "Mozilla/5.0 (Macintosh; Intel Mac OS X 10_15_7) AppleWebKit/605.1.15 (KHTML, like Gecko) Version/18.0 Safari/605.1.15"
192.250.235.43 - - [06/Aug/2026:18:13:02 +0000] "GET / HTTP/1.1" 200 135648 "-" "-"
212.119.47.77 - - [06/Aug/2026:18:13:02 +0000] "GET /wp-admin/plugins.php HTTP/2" 200 18560 "-" "Mozilla/5.0 (Windows NT 10.0; Win64; x64) AppleWebKit/537.36 (KHTML, like Gecko) Chrome/124.0.0.0 Safari/537.36"
157.22.103.173 - - [06/Aug/2026:18:13:03 +0000] "GET /wp-admin/admin-ajax.php?action=mk_file_folder_manager&_wpnonce=ffcbfb1e77&networkhref=&cmd=tree&target=l1_d3AtY29udGVudA&reqid=e3280bcac6aeb2cc0458e9af9855 HTTP/2" 200 446 "-" "Mozilla/5.0 (Macintosh; Intel Mac OS X 10_15_7) AppleWebKit/605.1.15 (KHTML, like Gecko) Version/18.0 Safari/605.1.15"
212.119.47.77 - - [06/Aug/2026:18:13:05 +0000] "GET /wp-admin/plugin-install.php HTTP/2" 200 21018 "-" "Mozilla/5.0 (Windows NT 10.0; Win64; x64) AppleWebKit/537.36 (KHTML, like Gecko) Chrome/124.0.0.0 Safari/537.36"
157.22.103.173 - - [06/Aug/2026:18:13:05 +0000] "GET /wp-admin/admin-ajax.php?action=mk_file_folder_manager&_wpnonce=ffcbfb1e77&networkhref=&cmd=tree&target=l1_d3AtaW5jbHVkZXM&reqid=722d8b59dbbb1e73930cce5361f1 HTTP/2" 200 771 "-" "Mozilla/5.0 (Macintosh; Intel Mac OS X 10_15_7) AppleWebKit/605.1.15 (KHTML, like Gecko) Version/18.0 Safari/605.1.15"
212.119.47.77 - - [06/Aug/2026:18:13:07 +0000] "POST /wp-admin/update.php?action=upload-plugin HTTP/2" 403 1242 "https://lakepointschool.usas.in/wp-admin/update.php?action=upload-plugin" "Mozilla/5.0 (Windows NT 10.0; Win64; x64) AppleWebKit/537.36 (KHTML, like Gecko) Chrome/124.0.0.0 Safari/537.36"
157.22.103.173 - - [06/Aug/2026:18:13:07 +0000] "GET /wp-admin/admin-ajax.php?action=mk_file_folder_manager&_wpnonce=ffcbfb1e77&networkhref=&cmd=mkfile&name=bottom-1786039987.php&target=l1_d3AtY29udGVudC9wbHVnaW5z&reqid=e7bc95d88836ee62f211e35edf58 HTTP/2" 200 219 "-" "Mozilla/5.0 (Macintosh; Intel Mac OS X 10_15_7) AppleWebKit/605.1.15 (KHTML, like Gecko) Version/18.0 Safari/605.1.15"
157.22.103.173 - - [06/Aug/2026:18:13:09 +0000] "POST /wp-admin/admin-ajax.php HTTP/2" 403 1242 "https://lakepointschool.usas.in/wp-admin/admin-ajax.php" "Mozilla/5.0 (Macintosh; Intel Mac OS X 10_15_7) AppleWebKit/605.1.15 (KHTML, like Gecko) Version/18.0 Safari/605.1.15"
157.22.103.173 - - [06/Aug/2026:18:13:10 +0000] "POST /wp-admin/admin-ajax.php HTTP/2" 403 1242 "https://lakepointschool.usas.in/wp-admin/admin-ajax.php" "Mozilla/5.0 (Macintosh; Intel Mac OS X 10_15_7) AppleWebKit/605.1.15 (KHTML, like Gecko) Version/18.0 Safari/605.1.15"
157.22.103.173 - - [06/Aug/2026:18:13:10 +0000] "POST /wp-admin/admin-ajax.php HTTP/2" 403 1242 "https://lakepointschool.usas.in/wp-admin/admin-ajax.php" "Mozilla/5.0 (Macintosh; Intel Mac OS X 10_15_7) AppleWebKit/605.1.15 (KHTML, like Gecko) Version/18.0 Safari/605.1.15"
157.22.103.173 - - [06/Aug/2026:18:13:11 +0000] "POST /wp-admin/admin-ajax.php HTTP/2" 403 1242 "https://lakepointschool.usas.in/wp-admin/admin-ajax.php" "Mozilla/5.0 (Macintosh; Intel Mac OS X 10_15_7) AppleWebKit/605.1.15 (KHTML, like Gecko) Version/18.0 Safari/605.1.15"
157.22.103.173 - - [06/Aug/2026:18:13:11 +0000] "POST /wp-admin/admin-ajax.php HTTP/2" 403 1242 "https://lakepointschool.usas.in/wp-admin/admin-ajax.php" "Mozilla/5.0 (Macintosh; Intel Mac OS X 10_15_7) AppleWebKit/605.1.15 (KHTML, like Gecko) Version/18.0 Safari/605.1.15"
212.119.47.77 - - [06/Aug/2026:18:13:13 +0000] "GET /wp-admin/themes.php HTTP/2" 200 19506 "-" "Mozilla/5.0 (Windows NT 10.0; Win64; x64) AppleWebKit/537.36 (KHTML, like Gecko) Chrome/124.0.0.0 Safari/537.36"
155.212.108.147 - - [06/Aug/2026:18:13:15 +0000] "GET /wp-login.php?wp_lang=en_US HTTP/2" 200 2329 "-" "Mozilla/5.0 (Macintosh; Intel Mac OS X 10_15_7) AppleWebKit/605.1.15 (KHTML, like Gecko) Version/18.0 Safari/605.1.15"
212.119.47.77 - - [06/Aug/2026:18:13:15 +0000] "GET /wp-admin/theme-install.php?browse=popular HTTP/2" 200 17968 "-" "Mozilla/5.0 (Windows NT 10.0; Win64; x64) AppleWebKit/537.36 (KHTML, like Gecko) Chrome/124.0.0.0 Safari/537.36"
155.212.108.147 - - [06/Aug/2026:18:13:16 +0000] "POST /wp-login.php HTTP/2" 302 0 "https://lakepointschool.usas.in/wp-login.php" "Mozilla/5.0 (Macintosh; Intel Mac OS X 10_15_7) AppleWebKit/605.1.15 (KHTML, like Gecko) Version/18.0 Safari/605.1.15"
212.119.47.77 - - [06/Aug/2026:18:13:17 +0000] "POST /wp-admin/update.php?action=upload-theme HTTP/2" 403 1242 "https://lakepointschool.usas.in/wp-admin/update.php?action=upload-theme" "Mozilla/5.0 (Windows NT 10.0; Win64; x64) AppleWebKit/537.36 (KHTML, like Gecko) Chrome/124.0.0.0 Safari/537.36"
155.212.108.147 - - [06/Aug/2026:18:13:17 +0000] "GET /wp-admin/ HTTP/2" 200 20826 "https://lakepointschool.usas.in/wp-login.php" "Mozilla/5.0 (Macintosh; Intel Mac OS X 10_15_7) AppleWebKit/605.1.15 (KHTML, like Gecko) Version/18.0 Safari/605.1.15"
212.119.47.77 - - [06/Aug/2026:18:13:18 +0000] "GET /wp-admin/admin.php?page=wp_file_manager HTTP/2" 200 16311 "-" "Mozilla/5.0 (Windows NT 10.0; Win64; x64) AppleWebKit/537.36 (KHTML, like Gecko) Chrome/124.0.0.0 Safari/537.36"
155.212.108.147 - - [06/Aug/2026:18:13:19 +0000] "GET /wp-admin/ HTTP/2" 200 20674 "-" "Mozilla/5.0 (Macintosh; Intel Mac OS X 10_15_7) AppleWebKit/605.1.15 (KHTML, like Gecko) Version/18.0 Safari/605.1.15"
212.119.47.77 - - [06/Aug/2026:18:13:20 +0000] "GET /wp-admin/admin-ajax.php?action=mk_file_folder_manager&_wpnonce=34fec558fb&networkhref=&cmd=tree&target=l1_Lw&reqid=cf71cbb80f21ef10fb66d248c4ef HTTP/2" 200 789 "-" "Mozilla/5.0 (Windows NT 10.0; Win64; x64) AppleWebKit/537.36 (KHTML, like Gecko) Chrome/124.0.0.0 Safari/537.36"
155.212.108.147 - - [06/Aug/2026:18:13:21 +0000] "GET /wp-admin/admin-ajax.php?action=rest-nonce HTTP/2" 400 5 "-" "Mozilla/5.0 (Macintosh; Intel Mac OS X 10_15_7) AppleWebKit/605.1.15 (KHTML, like Gecko) Version/18.0 Safari/605.1.15"
212.119.47.77 - - [06/Aug/2026:18:13:22 +0000] "GET /wp-admin/admin-ajax.php?action=mk_file_folder_manager&_wpnonce=34fec558fb&networkhref=&cmd=tree&target=l1_LndlbGwta25vd24&reqid=f1bc966f5e074c0e465364c617df HTTP/2" 200 198 "-" "Mozilla/5.0 (Windows NT 10.0; Win64; x64) AppleWebKit/537.36 (KHTML, like Gecko) Chrome/124.0.0.0 Safari/537.36"
155.212.108.147 - - [06/Aug/2026:18:13:23 +0000] "GET /wp-admin/plugins.php HTTP/2" 200 18616 "-" "Mozilla/5.0 (Macintosh; Intel Mac OS X 10_15_7) AppleWebKit/605.1.15 (KHTML, like Gecko) Version/18.0 Safari/605.1.15"
212.119.47.77 - - [06/Aug/2026:18:13:23 +0000] "GET /wp-admin/admin-ajax.php?action=mk_file_folder_manager&_wpnonce=34fec558fb&networkhref=&cmd=tree&target=l1_Y2dpLWJpbg&reqid=7ce54c1240df476faca14ae6ca7d HTTP/2" 200 164 "-" "Mozilla/5.0 (Windows NT 10.0; Win64; x64) AppleWebKit/537.36 (KHTML, like Gecko) Chrome/124.0.0.0 Safari/537.36"
212.119.47.77 - - [06/Aug/2026:18:13:26 +0000] "GET /wp-admin/admin-ajax.php?action=mk_file_folder_manager&_wpnonce=34fec558fb&networkhref=&cmd=tree&target=l1_d3AtYWRtaW4&reqid=dedd60a6043f7bdab06707653385 HTTP/2" 200 274 "-" "Mozilla/5.0 (Windows NT 10.0; Win64; x64) AppleWebKit/537.36 (KHTML, like Gecko) Chrome/124.0.0.0 Safari/537.36"
155.212.108.147 - - [06/Aug/2026:18:13:25 +0000] "GET /wp-admin/plugin-install.php HTTP/2" 200 21101 "-" "Mozilla/5.0 (Macintosh; Intel Mac OS X 10_15_7) AppleWebKit/605.1.15 (KHTML, like Gecko) Version/18.0 Safari/605.1.15"
212.119.47.77 - - [06/Aug/2026:18:13:28 +0000] "GET /wp-admin/admin-ajax.php?action=mk_file_folder_manager&_wpnonce=34fec558fb&networkhref=&cmd=tree&target=l1_d3AtY29udGVudA&reqid=e175675c2b8041e085c3fd4493a0 HTTP/2" 200 449 "-" "Mozilla/5.0 (Windows NT 10.0; Win64; x64) AppleWebKit/537.36 (KHTML, like Gecko) Chrome/124.0.0.0 Safari/537.36"
155.212.108.147 - - [06/Aug/2026:18:13:28 +0000] "POST /wp-admin/update.php?action=upload-plugin HTTP/2" 403 1242 "https://lakepointschool.usas.in/wp-admin/update.php?action=upload-plugin" "Mozilla/5.0 (Macintosh; Intel Mac OS X 10_15_7) AppleWebKit/605.1.15 (KHTML, like Gecko) Version/18.0 Safari/605.1.15"
212.119.47.77 - - [06/Aug/2026:18:13:29 +0000] "GET /wp-admin/admin-ajax.php?action=mk_file_folder_manager&_wpnonce=34fec558fb&networkhref=&cmd=tree&target=l1_d3AtaW5jbHVkZXM&reqid=2d46ddda98efbf0420f9754d1acf HTTP/2" 200 770 "-" "Mozilla/5.0 (Windows NT 10.0; Win64; x64) AppleWebKit/537.36 (KHTML, like Gecko) Chrome/124.0.0.0 Safari/537.36"
155.212.108.147 - - [06/Aug/2026:18:13:29 +0000] "GET /wp-admin/themes.php HTTP/2" 200 19596 "-" "Mozilla/5.0 (Macintosh; Intel Mac OS X 10_15_7) AppleWebKit/605.1.15 (KHTML, like Gecko) Version/18.0 Safari/605.1.15"
212.119.47.77 - - [06/Aug/2026:18:13:30 +0000] "GET /wp-admin/admin-ajax.php?action=mk_file_folder_manager&_wpnonce=34fec558fb&networkhref=&cmd=mkfile&name=error_404_1786040010.php&target=l1_d3AtY29udGVudC9wbHVnaW5z&reqid=2cd2f2777f136c434a6951a278cf HTTP/2" 200 232 "-" "Mozilla/5.0 (Windows NT 10.0; Win64; x64) AppleWebKit/537.36 (KHTML, like Gecko) Chrome/124.0.0.0 Safari/537.36"
155.212.108.147 - - [06/Aug/2026:18:13:30 +0000] "GET /wp-admin/theme-install.php?browse=popular HTTP/2" 200 18030 "-" "Mozilla/5.0 (Macintosh; Intel Mac OS X 10_15_7) AppleWebKit/605.1.15 (KHTML, like Gecko) Version/18.0 Safari/605.1.15"
212.119.47.77 - - [06/Aug/2026:18:13:32 +0000] "POST /wp-admin/admin-ajax.php HTTP/2" 403 5137 "https://lakepointschool.usas.in/wp-admin/admin-ajax.php" "Mozilla/5.0 (Windows NT 10.0; Win64; x64) AppleWebKit/537.36 (KHTML, like Gecko) Chrome/124.0.0.0 Safari/537.36"
212.119.47.77 - - [06/Aug/2026:18:13:32 +0000] "POST /wp-admin/admin-ajax.php HTTP/2" 403 5137 "https://lakepointschool.usas.in/wp-admin/admin-ajax.php" "Mozilla/5.0 (Windows NT 10.0; Win64; x64) AppleWebKit/537.36 (KHTML, like Gecko) Chrome/124.0.0.0 Safari/537.36"
155.212.108.147 - - [06/Aug/2026:18:13:32 +0000] "POST /wp-admin/update.php?action=upload-theme HTTP/2" 403 1242 "https://lakepointschool.usas.in/wp-admin/update.php?action=upload-theme" "Mozilla/5.0 (Macintosh; Intel Mac OS X 10_15_7) AppleWebKit/605.1.15 (KHTML, like Gecko) Version/18.0 Safari/605.1.15"
212.119.47.77 - - [06/Aug/2026:18:13:33 +0000] "POST /wp-admin/admin-ajax.php HTTP/2" 403 5137 "https://lakepointschool.usas.in/wp-admin/admin-ajax.php" "Mozilla/5.0 (Windows NT 10.0; Win64; x64) AppleWebKit/537.36 (KHTML, like Gecko) Chrome/124.0.0.0 Safari/537.36"
212.119.47.77 - - [06/Aug/2026:18:13:33 +0000] "POST /wp-admin/admin-ajax.php HTTP/2" 403 5137 "https://lakepointschool.usas.in/wp-admin/admin-ajax.php" "Mozilla/5.0 (Windows NT 10.0; Win64; x64) AppleWebKit/537.36 (KHTML, like Gecko) Chrome/124.0.0.0 Safari/537.36"
212.119.47.77 - - [06/Aug/2026:18:13:34 +0000] "POST /wp-admin/admin-ajax.php HTTP/2" 403 5137 "https://lakepointschool.usas.in/wp-admin/admin-ajax.php" "Mozilla/5.0 (Windows NT 10.0; Win64; x64) AppleWebKit/537.36 (KHTML, like Gecko) Chrome/124.0.0.0 Safari/537.36"
155.212.108.147 - - [06/Aug/2026:18:13:33 +0000] "GET /wp-admin/admin.php?page=wp_file_manager HTTP/2" 200 16292 "-" "Mozilla/5.0 (Macintosh; Intel Mac OS X 10_15_7) AppleWebKit/605.1.15 (KHTML, like Gecko) Version/18.0 Safari/605.1.15"
157.22.103.173 - - [06/Aug/2026:18:12:37 +0000] "GET /wp-admin/admin-ajax.php?action=rest-nonce HTTP/2" 400 5 "-" "Mozilla/5.0 (Macintosh; Intel Mac OS X 10_15_7) AppleWebKit/605.1.15 (KHTML, like Gecko) Version/18.0 Safari/605.1.15"
193.202.14.61 - - [06/Aug/2026:18:12:38 +0000] "GET /wp-admin/admin-ajax.php?action=mk_file_folder_manager&_wpnonce=a33a0a474f&networkhref=&cmd=tree&target=l1_d3AtY29udGVudA&reqid=ab9aa98cb33446eac33479456e18 HTTP/2" 200 444 "-" "Mozilla/5.0 (Macintosh; Intel Mac OS X 10_15_7) AppleWebKit/605.1.15 (KHTML, like Gecko) Version/18.0 Safari/605.1.15"
193.202.14.61 - - [06/Aug/2026:18:12:39 +0000] "GET /wp-admin/admin-ajax.php?action=mk_file_folder_manager&_wpnonce=a33a0a474f&networkhref=&cmd=tree&target=l1_d3AtaW5jbHVkZXM&reqid=76b81b475ba634d60b1538919154 HTTP/2" 200 770 "-" "Mozilla/5.0 (Macintosh; Intel Mac OS X 10_15_7) AppleWebKit/605.1.15 (KHTML, like Gecko) Version/18.0 Safari/605.1.15"
193.202.14.61 - - [06/Aug/2026:18:12:41 +0000] "GET /wp-admin/admin-ajax.php?action=mk_file_folder_manager&_wpnonce=a33a0a474f&networkhref=&cmd=mkfile&name=category.template.1786039961.php&target=l1_d3AtY29udGVudC91cGdyYWRl&reqid=c54b3448ad015b8e2796d7cbf5c4 HTTP/2" 200 244 "-" "Mozilla/5.0 (Macintosh; Intel Mac OS X 10_15_7) AppleWebKit/605.1.15 (KHTML, like Gecko) Version/18.0 Safari/605.1.15"
193.202.14.61 - - [06/Aug/2026:18:12:43 +0000] "POST /wp-admin/admin-ajax.php HTTP/2" 403 5137 "https://lakepointschool.usas.in/wp-admin/admin-ajax.php" "Mozilla/5.0 (Macintosh; Intel Mac OS X 10_15_7) AppleWebKit/605.1.15 (KHTML, like Gecko) Version/18.0 Safari/605.1.15"
193.202.14.61 - - [06/Aug/2026:18:12:44 +0000] "POST /wp-admin/admin-ajax.php HTTP/2" 403 5137 "https://lakepointschool.usas.in/wp-admin/admin-ajax.php" "Mozilla/5.0 (Macintosh; Intel Mac OS X 10_15_7) AppleWebKit/605.1.15 (KHTML, like Gecko) Version/18.0 Safari/605.1.15"
193.202.14.61 - - [06/Aug/2026:18:12:44 +0000] "POST /wp-admin/admin-ajax.php HTTP/2" 403 5137 "https://lakepointschool.usas.in/wp-admin/admin-ajax.php" "Mozilla/5.0 (Macintosh; Intel Mac OS X 10_15_7) AppleWebKit/605.1.15 (KHTML, like Gecko) Version/18.0 Safari/605.1.15"
