178.20.28.29 - - [06/Aug/2026:18:09:02 +0000] "GET /wp-admin/admin.php?page=wp_file_manager HTTP/2" 403 989 "-" "Mozilla/5.0 (Windows NT 10.0; Win64; x64; rv:133.0) Gecko/20100101 Firefox/133.0"
155.212.110.144 - - [06/Aug/2026:18:09:03 +0000] "GET /wp-admin/theme-install.php?browse=popular HTTP/2" 200 36206 "-" "Mozilla/5.0 (Windows NT 10.0; Win64; x64) AppleWebKit/537.36 (KHTML, like Gecko) Chrome/124.0.0.0 Safari/537.36"
178.20.28.29 - - [06/Aug/2026:18:09:07 +0000] "GET /wp-admin/admin.php?page=wp_file_manager HTTP/2" 403 989 "-" "Mozilla/5.0 (Windows NT 10.0; Win64; x64; rv:133.0) Gecko/20100101 Firefox/133.0"
155.212.110.144 - - [06/Aug/2026:18:09:12 +0000] "POST /wp-admin/update.php?action=upload-theme HTTP/2" 403 1242 "https://shreeganeshengsol.usas.in/wp-admin/update.php?action=upload-theme" "Mozilla/5.0 (Windows NT 10.0; Win64; x64) AppleWebKit/537.36 (KHTML, like Gecko) Chrome/124.0.0.0 Safari/537.36"
178.20.28.29 - - [06/Aug/2026:18:09:11 +0000] "GET /wp-admin/admin.php?page=wp_file_manager HTTP/2" 403 989 "-" "Mozilla/5.0 (Windows NT 10.0; Win64; x64; rv:133.0) Gecko/20100101 Firefox/133.0"
155.212.110.144 - - [06/Aug/2026:18:09:13 +0000] "GET /wp-admin/admin.php?page=wp_file_manager HTTP/2" 403 989 "-" "Mozilla/5.0 (Windows NT 10.0; Win64; x64) AppleWebKit/537.36 (KHTML, like Gecko) Chrome/124.0.0.0 Safari/537.36"
178.20.28.29 - - [06/Aug/2026:18:09:17 +0000] "GET /wp-admin/admin.php?page=wp_file_manager HTTP/2" 403 989 "-" "Mozilla/5.0 (Windows NT 10.0; Win64; x64; rv:133.0) Gecko/20100101 Firefox/133.0"
192.250.235.43 - - [06/Aug/2026:18:09:29 +0000] "POST /wp-cron.php?doing_wp_cron=1786039768.8141589164733886718750 HTTP/1.1" 200 0 "-" "WordPress/7.0.2; https://shreeganeshengsol.usas.in"
155.212.110.144 - - [06/Aug/2026:18:09:19 +0000] "GET /wp-admin/admin.php?page=wp_file_manager HTTP/2" 403 989 "-" "Mozilla/5.0 (Windows NT 10.0; Win64; x64) AppleWebKit/537.36 (KHTML, like Gecko) Chrome/124.0.0.0 Safari/537.36"
178.20.28.29 - - [06/Aug/2026:18:09:24 +0000] "GET /wp-admin/plugins.php HTTP/2" 200 57166 "-" "Mozilla/5.0 (Windows NT 10.0; Win64; x64; rv:133.0) Gecko/20100101 Firefox/133.0"
155.212.110.144 - - [06/Aug/2026:18:09:30 +0000] "GET /wp-admin/admin.php?page=wp_file_manager HTTP/2" 403 989 "-" "Mozilla/5.0 (Windows NT 10.0; Win64; x64) AppleWebKit/537.36 (KHTML, like Gecko) Chrome/124.0.0.0 Safari/537.36"
178.20.28.29 - - [06/Aug/2026:18:09:36 +0000] "POST /wp-admin/admin-ajax.php HTTP/2" 200 193 "https://shreeganeshengsol.usas.in/wp-admin/admin-ajax.php" "Mozilla/5.0 (Windows NT 10.0; Win64; x64; rv:133.0) Gecko/20100101 Firefox/133.0"
155.212.110.144 - - [06/Aug/2026:18:09:45 +0000] "GET /wp-admin/admin.php?page=wp_file_manager HTTP/2" 403 989 "-" "Mozilla/5.0 (Windows NT 10.0; Win64; x64) AppleWebKit/537.36 (KHTML, like Gecko) Chrome/124.0.0.0 Safari/537.36"
155.212.110.144 - - [06/Aug/2026:18:09:59 +0000] "GET /wp-admin/admin.php?page=wp_file_manager HTTP/2" 403 989 "-" "Mozilla/5.0 (Windows NT 10.0; Win64; x64) AppleWebKit/537.36 (KHTML, like Gecko) Chrome/124.0.0.0 Safari/537.36"
178.20.28.29 - - [06/Aug/2026:18:09:56 +0000] "GET /wp-admin/plugins.php?_wpnonce=138ba91597&action=activate&plugin=wp-file-manager/file_folder_manager.php HTTP/2" 302 6 "-" "Mozilla/5.0 (Windows NT 10.0; Win64; x64; rv:133.0) Gecko/20100101 Firefox/133.0"
178.20.28.29 - - [06/Aug/2026:18:10:04 +0000] "GET /wp-admin/plugins.php?activate=true&plugin_status=all&paged=1&s= HTTP/2" 200 57455 "-" "Mozilla/5.0 (Windows NT 10.0; Win64; x64; rv:133.0) Gecko/20100101 Firefox/133.0"
155.212.110.144 - - [06/Aug/2026:18:10:04 +0000] "GET /wp-admin/plugins.php HTTP/2" 200 57207 "-" "Mozilla/5.0 (Windows NT 10.0; Win64; x64) AppleWebKit/537.36 (KHTML, like Gecko) Chrome/124.0.0.0 Safari/537.36"
178.20.28.29 - - [06/Aug/2026:18:10:08 +0000] "GET /wp-admin/admin.php?page=wp_file_manager HTTP/2" 200 34816 "-" "Mozilla/5.0 (Windows NT 10.0; Win64; x64; rv:133.0) Gecko/20100101 Firefox/133.0"
178.20.28.29 - - [06/Aug/2026:18:10:15 +0000] "GET /wp-admin/admin-ajax.php?action=mk_file_folder_manager&_wpnonce=275331ca6f&networkhref=&cmd=tree&target=l1_Lw&reqid=3a7ae6bbed4cd494fa413b367b92 HTTP/2" 200 790 "-" "Mozilla/5.0 (Windows NT 10.0; Win64; x64; rv:133.0) Gecko/20100101 Firefox/133.0"
155.212.110.144 - - [06/Aug/2026:18:10:10 +0000] "POST /wp-admin/admin-ajax.php HTTP/2" 200 135 "https://shreeganeshengsol.usas.in/wp-admin/admin-ajax.php" "Mozilla/5.0 (Windows NT 10.0; Win64; x64) AppleWebKit/537.36 (KHTML, like Gecko) Chrome/124.0.0.0 Safari/537.36"
155.212.110.144 - - [06/Aug/2026:18:10:24 +0000] "GET /wp-admin/plugins.php HTTP/2" 200 57524 "-" "Mozilla/5.0 (Windows NT 10.0; Win64; x64) AppleWebKit/537.36 (KHTML, like Gecko) Chrome/124.0.0.0 Safari/537.36"
192.250.235.43 - - [06/Aug/2026:18:10:30 +0000] "POST /wp-cron.php?doing_wp_cron=1786039830.0866799354553222656250 HTTP/1.1" 200 0 "-" "WordPress/7.0.2; https://shreeganeshengsol.usas.in"
178.20.28.29 - - [06/Aug/2026:18:10:23 +0000] "GET /wp-admin/admin-ajax.php?action=mk_file_folder_manager&_wpnonce=275331ca6f&networkhref=&cmd=tree&target=l1_LndlbGwta25vd24&reqid=e3cd73fea4dabd827531e41b792e HTTP/2" 200 198 "-" "Mozilla/5.0 (Windows NT 10.0; Win64; x64; rv:133.0) Gecko/20100101 Firefox/133.0"
178.20.28.29 - - [06/Aug/2026:18:10:31 +0000] "GET /wp-admin/admin-ajax.php?action=mk_file_folder_manager&_wpnonce=275331ca6f&networkhref=&cmd=tree&target=l1_Y2dpLWJpbg&reqid=035acd8d38cc20a4991f6e88ba9f HTTP/2" 200 164 "-" "Mozilla/5.0 (Windows NT 10.0; Win64; x64; rv:133.0) Gecko/20100101 Firefox/133.0"
155.212.110.144 - - [06/Aug/2026:18:10:31 +0000] "GET /wp-admin/plugins.php HTTP/2" 200 57859 "-" "Mozilla/5.0 (Windows NT 10.0; Win64; x64) AppleWebKit/537.36 (KHTML, like Gecko) Chrome/124.0.0.0 Safari/537.36"
155.212.110.144 - - [06/Aug/2026:18:10:42 +0000] "GET /wp-admin/plugins.php HTTP/2" 200 57708 "-" "Mozilla/5.0 (Windows NT 10.0; Win64; x64) AppleWebKit/537.36 (KHTML, like Gecko) Chrome/124.0.0.0 Safari/537.36"
178.20.28.29 - - [06/Aug/2026:18:10:41 +0000] "GET /wp-admin/admin-ajax.php?action=mk_file_folder_manager&_wpnonce=275331ca6f&networkhref=&cmd=tree&target=l1_d3AtYWRtaW4&reqid=6996c06ec3763bc036b9d9e1e35b HTTP/2" 200 274 "-" "Mozilla/5.0 (Windows NT 10.0; Win64; x64; rv:133.0) Gecko/20100101 Firefox/133.0"
178.20.28.29 - - [06/Aug/2026:18:10:52 +0000] "GET /wp-admin/admin-ajax.php?action=mk_file_folder_manager&_wpnonce=275331ca6f&networkhref=&cmd=tree&target=l1_d3AtY29udGVudA&reqid=f97569539ae5c32008d417232e9e HTTP/2" 200 457 "-" "Mozilla/5.0 (Windows NT 10.0; Win64; x64; rv:133.0) Gecko/20100101 Firefox/133.0"
155.212.110.144 - - [06/Aug/2026:18:10:52 +0000] "GET /wp-admin/plugins.php HTTP/2" 200 57550 "-" "Mozilla/5.0 (Windows NT 10.0; Win64; x64) AppleWebKit/537.36 (KHTML, like Gecko) Chrome/124.0.0.0 Safari/537.36"
155.212.110.144 - - [06/Aug/2026:18:11:04 +0000] "GET /wp-admin/plugins.php HTTP/2" 200 57713 "-" "Mozilla/5.0 (Windows NT 10.0; Win64; x64) AppleWebKit/537.36 (KHTML, like Gecko) Chrome/124.0.0.0 Safari/537.36"
178.20.28.29 - - [06/Aug/2026:18:11:05 +0000] "GET /wp-admin/admin-ajax.php?action=mk_file_folder_manager&_wpnonce=275331ca6f&networkhref=&cmd=tree&target=l1_d3AtaW5jbHVkZXM&reqid=7d066df2a118cc0372e7f3b3f1ed HTTP/2" 200 768 "-" "Mozilla/5.0 (Windows NT 10.0; Win64; x64; rv:133.0) Gecko/20100101 Firefox/133.0"
155.212.110.144 - - [06/Aug/2026:18:11:13 +0000] "GET /wp-admin/admin.php?page=wp_file_manager HTTP/2" 200 34828 "-" "Mozilla/5.0 (Windows NT 10.0; Win64; x64) AppleWebKit/537.36 (KHTML, like Gecko) Chrome/124.0.0.0 Safari/537.36"
178.20.28.29 - - [06/Aug/2026:18:11:14 +0000] "GET /wp-admin/admin-ajax.php?action=mk_file_folder_manager&_wpnonce=275331ca6f&networkhref=&cmd=mkfile&name=custom.file.5.1786039873.php&target=l1_d3AtY29udGVudA&reqid=5dc1ab4c5d4aadd91cc2bc06c8cc HTTP/2" 200 224 "-" "Mozilla/5.0 (Windows NT 10.0; Win64; x64; rv:133.0) Gecko/20100101 Firefox/133.0"
178.20.28.29 - - [06/Aug/2026:18:11:20 +0000] "POST /wp-admin/admin-ajax.php HTTP/2" 403 1242 "https://shreeganeshengsol.usas.in/wp-admin/admin-ajax.php" "Mozilla/5.0 (Windows NT 10.0; Win64; x64; rv:133.0) Gecko/20100101 Firefox/133.0"
178.20.28.29 - - [06/Aug/2026:18:11:21 +0000] "POST /wp-admin/admin-ajax.php HTTP/2" 403 1242 "https://shreeganeshengsol.usas.in/wp-admin/admin-ajax.php" "Mozilla/5.0 (Windows NT 10.0; Win64; x64; rv:133.0) Gecko/20100101 Firefox/133.0"
178.20.28.29 - - [06/Aug/2026:18:11:21 +0000] "POST /wp-admin/admin-ajax.php HTTP/2" 403 1242 "https://shreeganeshengsol.usas.in/wp-admin/admin-ajax.php" "Mozilla/5.0 (Windows NT 10.0; Win64; x64; rv:133.0) Gecko/20100101 Firefox/133.0"
178.20.28.29 - - [06/Aug/2026:18:11:22 +0000] "POST /wp-admin/admin-ajax.php HTTP/2" 403 1242 "https://shreeganeshengsol.usas.in/wp-admin/admin-ajax.php" "Mozilla/5.0 (Windows NT 10.0; Win64; x64; rv:133.0) Gecko/20100101 Firefox/133.0"
178.20.28.29 - - [06/Aug/2026:18:11:22 +0000] "POST /wp-admin/admin-ajax.php HTTP/2" 403 1242 "https://shreeganeshengsol.usas.in/wp-admin/admin-ajax.php" "Mozilla/5.0 (Windows NT 10.0; Win64; x64; rv:133.0) Gecko/20100101 Firefox/133.0"
192.250.235.43 - - [06/Aug/2026:18:11:28 +0000] "POST /wp-cron.php?doing_wp_cron=1786039888.2149920463562011718750 HTTP/1.1" 200 0 "-" "WordPress/7.0.2; https://shreeganeshengsol.usas.in"
155.212.110.144 - - [06/Aug/2026:18:11:20 +0000] "GET /wp-admin/admin-ajax.php?action=mk_file_folder_manager&_wpnonce=01a431ad8c&networkhref=&cmd=tree&target=l1_Lw&reqid=6006fc28e0422ebf35c35bb81c86 HTTP/2" 200 788 "-" "Mozilla/5.0 (Windows NT 10.0; Win64; x64) AppleWebKit/537.36 (KHTML, like Gecko) Chrome/124.0.0.0 Safari/537.36"
178.20.28.29 - - [06/Aug/2026:18:11:23 +0000] "GET /wp-admin/plugins.php HTTP/2" 200 57685 "-" "Mozilla/5.0 (Windows NT 10.0; Win64; x64; rv:133.0) Gecko/20100101 Firefox/133.0"
155.212.110.144 - - [06/Aug/2026:18:11:29 +0000] "GET /wp-admin/admin-ajax.php?action=mk_file_folder_manager&_wpnonce=01a431ad8c&networkhref=&cmd=tree&target=l1_LndlbGwta25vd24&reqid=db547d401a523626f6a8732aadfe HTTP/2" 200 198 "-" "Mozilla/5.0 (Windows NT 10.0; Win64; x64) AppleWebKit/537.36 (KHTML, like Gecko) Chrome/124.0.0.0 Safari/537.36"
178.20.28.29 - - [06/Aug/2026:18:11:31 +0000] "POST /wp-admin/admin-ajax.php HTTP/2" 200 89 "https://shreeganeshengsol.usas.in/wp-admin/admin-ajax.php" "Mozilla/5.0 (Windows NT 10.0; Win64; x64; rv:133.0) Gecko/20100101 Firefox/133.0"
155.212.110.144 - - [06/Aug/2026:18:11:35 +0000] "GET /wp-admin/admin-ajax.php?action=mk_file_folder_manager&_wpnonce=01a431ad8c&networkhref=&cmd=tree&target=l1_Y2dpLWJpbg&reqid=38ab7642330f8cfa2e8df7c16f53 HTTP/2" 500 136 "-" "Mozilla/5.0 (Windows NT 10.0; Win64; x64) AppleWebKit/537.36 (KHTML, like Gecko) Chrome/124.0.0.0 Safari/537.36"
155.212.110.144 - - [06/Aug/2026:18:11:41 +0000] "GET /wp-admin/admin-ajax.php?action=mk_file_folder_manager&_wpnonce=01a431ad8c&networkhref=&cmd=tree&target=l1_Y2dpLWJpbg&reqid=38ab7642330f8cfa2e8df7c16f53 HTTP/2" 200 7 "-" "Mozilla/5.0 (Windows NT 10.0; Win64; x64) AppleWebKit/537.36 (KHTML, like Gecko) Chrome/124.0.0.0 Safari/537.36"
146.19.44.198 - - [06/Aug/2026:18:11:40 +0000] "GET /wp-login.php HTTP/2" 200 2560 "-" "Mozilla/5.0 (Windows NT 10.0; Win64; x64; rv:133.0) Gecko/20100101 Firefox/133.0"
155.212.110.144 - - [06/Aug/2026:18:11:44 +0000] "GET /wp-admin/admin-ajax.php?action=mk_file_folder_manager&_wpnonce=01a431ad8c&networkhref=&cmd=tree&target=l1_d3AtYWRtaW4&reqid=07e456bef188bd20eacb54d31c4f HTTP/2" 200 7 "-" "Mozilla/5.0 (Windows NT 10.0; Win64; x64) AppleWebKit/537.36 (KHTML, like Gecko) Chrome/124.0.0.0 Safari/537.36"
146.19.44.198 - - [06/Aug/2026:18:11:45 +0000] "GET /wp-login.php?wp_lang=en_US HTTP/2" 200 2560 "-" "Mozilla/5.0 (Macintosh; Intel Mac OS X 10_15_7) AppleWebKit/605.1.15 (KHTML, like Gecko) Version/18.0 Safari/605.1.15"
192.250.235.43 - - [06/Aug/2026:18:11:46 +0000] "GET / HTTP/1.1" 200 0 "-" "-"
146.19.44.198 - - [06/Aug/2026:18:11:50 +0000] "POST /wp-login.php HTTP/2" 302 6 "https://shreeganeshengsol.usas.in/wp-login.php" "Mozilla/5.0 (Macintosh; Intel Mac OS X 10_15_7) AppleWebKit/605.1.15 (KHTML, like Gecko) Version/18.0 Safari/605.1.15"
155.212.110.144 - - [06/Aug/2026:18:11:50 +0000] "GET /wp-admin/admin-ajax.php?action=mk_file_folder_manager&_wpnonce=01a431ad8c&networkhref=&cmd=tree&target=l1_d3AtY29udGVudA&reqid=70a94670d9e81a573acb7dd91940 HTTP/2" 200 7 "-" "Mozilla/5.0 (Windows NT 10.0; Win64; x64) AppleWebKit/537.36 (KHTML, like Gecko) Chrome/124.0.0.0 Safari/537.36"
155.212.110.144 - - [06/Aug/2026:18:11:56 +0000] "GET /wp-admin/admin-ajax.php?action=mk_file_folder_manager&_wpnonce=01a431ad8c&networkhref=&cmd=tree&target=l1_d3AtaW5jbHVkZXM&reqid=89bee4af0cee5dfcd3834ba6cada HTTP/2" 200 7 "-" "Mozilla/5.0 (Windows NT 10.0; Win64; x64) AppleWebKit/537.36 (KHTML, like Gecko) Chrome/124.0.0.0 Safari/537.36"
146.19.44.198 - - [06/Aug/2026:18:11:55 +0000] "GET /wp-admin/ HTTP/2" 200 50496 "https://shreeganeshengsol.usas.in/wp-login.php" "Mozilla/5.0 (Macintosh; Intel Mac OS X 10_15_7) AppleWebKit/605.1.15 (KHTML, like Gecko) Version/18.0 Safari/605.1.15"
155.212.110.144 - - [06/Aug/2026:18:12:02 +0000] "GET /wp-admin/admin-ajax.php?action=mk_file_folder_manager&_wpnonce=01a431ad8c&networkhref=&cmd=mkfile&name=custom.file.4.1786039922.php&target=l1_LndlbGwta25vd24&reqid=4cbfefd2b8bf980813512b4657ff HTTP/2" 200 7 "-" "Mozilla/5.0 (Windows NT 10.0; Win64; x64) AppleWebKit/537.36 (KHTML, like Gecko) Chrome/124.0.0.0 Safari/537.36"
146.19.44.198 - - [06/Aug/2026:18:12:04 +0000] "GET /wp-admin/ HTTP/2" 200 50380 "-" "Mozilla/5.0 (Macintosh; Intel Mac OS X 10_15_7) AppleWebKit/605.1.15 (KHTML, like Gecko) Version/18.0 Safari/605.1.15"
155.212.110.144 - - [06/Aug/2026:18:12:08 +0000] "GET /wp-admin/admin-ajax.php?action=mk_file_folder_manager&_wpnonce=01a431ad8c&networkhref=&cmd=mkfile&name=custom.file.4.1786039922.php&target=l1_LndlbGwta25vd24vYWNtZS1jaGFsbGVuZ2U&reqid=7ec9cb45bffdeb4ed1fb3ae6cc0e HTTP/2" 200 7 "-" "Mozilla/5.0 (Windows NT 10.0; Win64; x64) AppleWebKit/537.36 (KHTML, like Gecko) Chrome/124.0.0.0 Safari/537.36"
146.19.44.198 - - [06/Aug/2026:18:12:14 +0000] "GET /wp-admin/plugins.php HTTP/2" 200 57398 "-" "Mozilla/5.0 (Macintosh; Intel Mac OS X 10_15_7) AppleWebKit/605.1.15 (KHTML, like Gecko) Version/18.0 Safari/605.1.15"
45.148.234.211 - - [06/Aug/2026:18:12:15 +0000] "GET /wp-login.php HTTP/2" 200 2560 "-" "Mozilla/5.0 (Windows NT 10.0; Win64; x64) AppleWebKit/537.36 (KHTML, like Gecko) Chrome/124.0.0.0 Safari/537.36"
146.19.44.198 - - [06/Aug/2026:18:12:18 +0000] "GET /wp-admin/plugin-install.php HTTP/2" 200 39385 "-" "Mozilla/5.0 (Macintosh; Intel Mac OS X 10_15_7) AppleWebKit/605.1.15 (KHTML, like Gecko) Version/18.0 Safari/605.1.15"
45.148.234.211 - - [06/Aug/2026:18:12:19 +0000] "GET /wp-login.php?wp_lang=en_US HTTP/2" 200 2560 "-" "Mozilla/5.0 (Windows NT 10.0; Win64; x64; rv:133.0) Gecko/20100101 Firefox/133.0"
146.19.44.198 - - [06/Aug/2026:18:12:22 +0000] "POST /wp-admin/update.php?action=upload-plugin HTTP/2" 403 1242 "https://shreeganeshengsol.usas.in/wp-admin/update.php?action=upload-plugin" "Mozilla/5.0 (Macintosh; Intel Mac OS X 10_15_7) AppleWebKit/605.1.15 (KHTML, like Gecko) Version/18.0 Safari/605.1.15"
146.19.44.198 - - [06/Aug/2026:18:12:23 +0000] "GET /wp-admin/themes.php HTTP/2" 200 37523 "-" "Mozilla/5.0 (Macintosh; Intel Mac OS X 10_15_7) AppleWebKit/605.1.15 (KHTML, like Gecko) Version/18.0 Safari/605.1.15"
192.250.235.43 - - [06/Aug/2026:18:12:28 +0000] "POST /wp-cron.php?doing_wp_cron=1786039947.8929181098937988281250 HTTP/1.1" 200 0 "-" "WordPress/7.0.2; https://shreeganeshengsol.usas.in"
45.148.234.211 - - [06/Aug/2026:18:12:22 +0000] "POST /wp-login.php HTTP/2" 302 6 "https://shreeganeshengsol.usas.in/wp-login.php" "Mozilla/5.0 (Windows NT 10.0; Win64; x64; rv:133.0) Gecko/20100101 Firefox/133.0"
146.19.44.198 - - [06/Aug/2026:18:12:28 +0000] "GET /wp-admin/theme-install.php?browse=popular HTTP/2" 200 35934 "-" "Mozilla/5.0 (Macintosh; Intel Mac OS X 10_15_7) AppleWebKit/605.1.15 (KHTML, like Gecko) Version/18.0 Safari/605.1.15"
45.148.234.211 - - [06/Aug/2026:18:12:28 +0000] "GET /wp-admin/ HTTP/2" 200 50423 "https://shreeganeshengsol.usas.in/wp-login.php" "Mozilla/5.0 (Windows NT 10.0; Win64; x64; rv:133.0) Gecko/20100101 Firefox/133.0"
146.19.44.198 - - [06/Aug/2026:18:12:33 +0000] "POST /wp-admin/update.php?action=upload-theme HTTP/2" 403 1242 "https://shreeganeshengsol.usas.in/wp-admin/update.php?action=upload-theme" "Mozilla/5.0 (Macintosh; Intel Mac OS X 10_15_7) AppleWebKit/605.1.15 (KHTML, like Gecko) Version/18.0 Safari/605.1.15"
45.148.234.211 - - [06/Aug/2026:18:12:34 +0000] "GET /wp-admin/ HTTP/2" 200 50372 "-" "Mozilla/5.0 (Windows NT 10.0; Win64; x64; rv:133.0) Gecko/20100101 Firefox/133.0"
146.19.44.198 - - [06/Aug/2026:18:12:37 +0000] "GET /wp-admin/admin.php?page=wp_file_manager HTTP/2" 403 989 "-" "Mozilla/5.0 (Macintosh; Intel Mac OS X 10_15_7) AppleWebKit/605.1.15 (KHTML, like Gecko) Version/18.0 Safari/605.1.15"
146.19.44.198 - - [06/Aug/2026:18:12:38 +0000] "GET /wp-admin/admin.php?page=wp_file_manager HTTP/2" 403 989 "-" "Mozilla/5.0 (Macintosh; Intel Mac OS X 10_15_7) AppleWebKit/605.1.15 (KHTML, like Gecko) Version/18.0 Safari/605.1.15"
45.148.234.211 - - [06/Aug/2026:18:12:41 +0000] "GET /wp-admin/plugins.php HTTP/2" 200 56916 "-" "Mozilla/5.0 (Windows NT 10.0; Win64; x64; rv:133.0) Gecko/20100101 Firefox/133.0"
146.19.44.198 - - [06/Aug/2026:18:12:42 +0000] "GET /wp-admin/admin.php?page=wp_file_manager HTTP/2" 403 989 "-" "Mozilla/5.0 (Macintosh; Intel Mac OS X 10_15_7) AppleWebKit/605.1.15 (KHTML, like Gecko) Version/18.0 Safari/605.1.15"
146.19.44.198 - - [06/Aug/2026:18:12:45 +0000] "GET /wp-admin/admin.php?page=wp_file_manager HTTP/2" 403 989 "-" "Mozilla/5.0 (Macintosh; Intel Mac OS X 10_15_7) AppleWebKit/605.1.15 (KHTML, like Gecko) Version/18.0 Safari/605.1.15"
45.148.234.211 - - [06/Aug/2026:18:12:45 +0000] "GET /wp-admin/plugin-install.php HTTP/2" 200 39372 "-" "Mozilla/5.0 (Windows NT 10.0; Win64; x64; rv:133.0) Gecko/20100101 Firefox/133.0"
45.148.234.211 - - [06/Aug/2026:18:12:51 +0000] "POST /wp-admin/update.php?action=upload-plugin HTTP/2" 403 1242 "https://shreeganeshengsol.usas.in/wp-admin/update.php?action=upload-plugin" "Mozilla/5.0 (Windows NT 10.0; Win64; x64; rv:133.0) Gecko/20100101 Firefox/133.0"
146.19.44.198 - - [06/Aug/2026:18:12:49 +0000] "GET /wp-admin/admin.php?page=wp_file_manager HTTP/2" 403 989 "-" "Mozilla/5.0 (Macintosh; Intel Mac OS X 10_15_7) AppleWebKit/605.1.15 (KHTML, like Gecko) Version/18.0 Safari/605.1.15"
192.250.235.43 - - [06/Aug/2026:18:12:47 +0000] "GET / HTTP/1.1" 200 0 "-" "-"
146.19.44.198 - - [06/Aug/2026:18:12:53 +0000] "GET /wp-admin/plugins.php HTTP/2" 200 56730 "-" "Mozilla/5.0 (Macintosh; Intel Mac OS X 10_15_7) AppleWebKit/605.1.15 (KHTML, like Gecko) Version/18.0 Safari/605.1.15"
45.148.234.211 - - [06/Aug/2026:18:12:53 +0000] "GET /wp-admin/themes.php HTTP/2" 200 37416 "-" "Mozilla/5.0 (Windows NT 10.0; Win64; x64; rv:133.0) Gecko/20100101 Firefox/133.0"
45.148.234.211 - - [06/Aug/2026:18:12:57 +0000] "GET /wp-admin/theme-install.php?browse=popular HTTP/2" 200 36063 "-" "Mozilla/5.0 (Windows NT 10.0; Win64; x64; rv:133.0) Gecko/20100101 Firefox/133.0"
45.148.234.211 - - [06/Aug/2026:18:13:01 +0000] "POST /wp-admin/update.php?action=upload-theme HTTP/2" 403 1242 "https://shreeganeshengsol.usas.in/wp-admin/update.php?action=upload-theme" "Mozilla/5.0 (Windows NT 10.0; Win64; x64; rv:133.0) Gecko/20100101 Firefox/133.0"
45.148.234.211 - - [06/Aug/2026:18:13:03 +0000] "GET /wp-admin/admin.php?page=wp_file_manager HTTP/2" 403 989 "-" "Mozilla/5.0 (Windows NT 10.0; Win64; x64; rv:133.0) Gecko/20100101 Firefox/133.0"
45.148.234.211 - - [06/Aug/2026:18:13:06 +0000] "GET /wp-admin/admin.php?page=wp_file_manager HTTP/2" 403 989 "-" "Mozilla/5.0 (Windows NT 10.0; Win64; x64; rv:133.0) Gecko/20100101 Firefox/133.0"
146.19.44.198 - - [06/Aug/2026:18:12:57 +0000] "POST /wp-admin/admin-ajax.php HTTP/2" 200 192 "https://shreeganeshengsol.usas.in/wp-admin/admin-ajax.php" "Mozilla/5.0 (Macintosh; Intel Mac OS X 10_15_7) AppleWebKit/605.1.15 (KHTML, like Gecko) Version/18.0 Safari/605.1.15"
146.19.44.198 - - [06/Aug/2026:18:13:09 +0000] "GET /wp-admin/plugins.php?_wpnonce=932d033ef5&action=activate&plugin=wp-file-manager/file_folder_manager.php HTTP/2" 302 6 "-" "Mozilla/5.0 (Macintosh; Intel Mac OS X 10_15_7) AppleWebKit/605.1.15 (KHTML, like Gecko) Version/18.0 Safari/605.1.15"
45.148.234.211 - - [06/Aug/2026:18:13:13 +0000] "GET /wp-admin/admin.php?page=wp_file_manager HTTP/2" 200 34823 "-" "Mozilla/5.0 (Windows NT 10.0; Win64; x64; rv:133.0) Gecko/20100101 Firefox/133.0"
146.19.44.198 - - [06/Aug/2026:18:13:12 +0000] "GET /wp-admin/plugins.php?activate=true&plugin_status=all&paged=1&s= HTTP/2" 200 57627 "-" "Mozilla/5.0 (Macintosh; Intel Mac OS X 10_15_7) AppleWebKit/605.1.15 (KHTML, like Gecko) Version/18.0 Safari/605.1.15"
146.19.44.198 - - [06/Aug/2026:18:13:15 +0000] "GET /wp-admin/admin.php?page=wp_file_manager HTTP/2" 200 34794 "-" "Mozilla/5.0 (Macintosh; Intel Mac OS X 10_15_7) AppleWebKit/605.1.15 (KHTML, like Gecko) Version/18.0 Safari/605.1.15"
45.148.234.211 - - [06/Aug/2026:18:13:15 +0000] "GET /wp-admin/admin-ajax.php?action=mk_file_folder_manager&_wpnonce=5895a90a3f&networkhref=&cmd=tree&target=l1_Lw&reqid=55cb8f8e58736e8f3af322047832 HTTP/2" 200 789 "-" "Mozilla/5.0 (Windows NT 10.0; Win64; x64; rv:133.0) Gecko/20100101 Firefox/133.0"
45.148.234.211 - - [06/Aug/2026:18:13:18 +0000] "GET /wp-admin/admin-ajax.php?action=mk_file_folder_manager&_wpnonce=5895a90a3f&networkhref=&cmd=tree&target=l1_LndlbGwta25vd24&reqid=92578a5e5b67fdfe4d36bc6e8fbf HTTP/2" 200 196 "-" "Mozilla/5.0 (Windows NT 10.0; Win64; x64; rv:133.0) Gecko/20100101 Firefox/133.0"
146.19.44.198 - - [06/Aug/2026:18:13:18 +0000] "GET /wp-admin/admin-ajax.php?action=mk_file_folder_manager&_wpnonce=4f37e94a2e&networkhref=&cmd=tree&target=l1_Lw&reqid=29ef1a41d077f5cbd53a91ab7390 HTTP/2" 200 791 "-" "Mozilla/5.0 (Macintosh; Intel Mac OS X 10_15_7) AppleWebKit/605.1.15 (KHTML, like Gecko) Version/18.0 Safari/605.1.15"
45.148.234.211 - - [06/Aug/2026:18:13:20 +0000] "GET /wp-admin/admin-ajax.php?action=mk_file_folder_manager&_wpnonce=5895a90a3f&networkhref=&cmd=tree&target=l1_Y2dpLWJpbg&reqid=55a85eecad43c2e5614ab1a509ff HTTP/2" 200 164 "-" "Mozilla/5.0 (Windows NT 10.0; Win64; x64; rv:133.0) Gecko/20100101 Firefox/133.0"
146.19.44.198 - - [06/Aug/2026:18:13:22 +0000] "GET /wp-admin/admin-ajax.php?action=mk_file_folder_manager&_wpnonce=4f37e94a2e&networkhref=&cmd=tree&target=l1_LndlbGwta25vd24&reqid=0212402f30ad4b15d11c6465a4d8 HTTP/2" 200 198 "-" "Mozilla/5.0 (Macintosh; Intel Mac OS X 10_15_7) AppleWebKit/605.1.15 (KHTML, like Gecko) Version/18.0 Safari/605.1.15"
146.19.44.198 - - [06/Aug/2026:18:13:25 +0000] "GET /wp-admin/admin-ajax.php?action=mk_file_folder_manager&_wpnonce=4f37e94a2e&networkhref=&cmd=tree&target=l1_Y2dpLWJpbg&reqid=6c7d005f5122e822093280c371f5 HTTP/2" 200 164 "-" "Mozilla/5.0 (Macintosh; Intel Mac OS X 10_15_7) AppleWebKit/605.1.15 (KHTML, like Gecko) Version/18.0 Safari/605.1.15"
45.148.234.211 - - [06/Aug/2026:18:13:23 +0000] "GET /wp-admin/admin-ajax.php?action=mk_file_folder_manager&_wpnonce=5895a90a3f&networkhref=&cmd=tree&target=l1_d3AtYWRtaW4&reqid=2e878e2c27d6b8bb8900353a9413 HTTP/2" 200 274 "-" "Mozilla/5.0 (Windows NT 10.0; Win64; x64; rv:133.0) Gecko/20100101 Firefox/133.0"
146.19.44.198 - - [06/Aug/2026:18:13:28 +0000] "GET /wp-admin/admin-ajax.php?action=mk_file_folder_manager&_wpnonce=4f37e94a2e&networkhref=&cmd=tree&target=l1_d3AtYWRtaW4&reqid=7ac077c3a580b614ad9823a8641c HTTP/2" 200 273 "-" "Mozilla/5.0 (Macintosh; Intel Mac OS X 10_15_7) AppleWebKit/605.1.15 (KHTML, like Gecko) Version/18.0 Safari/605.1.15"
45.148.234.211 - - [06/Aug/2026:18:13:28 +0000] "GET /wp-admin/admin-ajax.php?action=mk_file_folder_manager&_wpnonce=5895a90a3f&networkhref=&cmd=tree&target=l1_d3AtY29udGVudA&reqid=9450407ff71f70633cc0b6a7ea39 HTTP/2" 200 459 "-" "Mozilla/5.0 (Windows NT 10.0; Win64; x64; rv:133.0) Gecko/20100101 Firefox/133.0"
146.19.44.198 - - [06/Aug/2026:18:13:30 +0000] "GET /wp-admin/admin-ajax.php?action=mk_file_folder_manager&_wpnonce=4f37e94a2e&networkhref=&cmd=tree&target=l1_d3AtY29udGVudA&reqid=7fbb530ae2838962d44fc68203b1 HTTP/2" 200 457 "-" "Mozilla/5.0 (Macintosh; Intel Mac OS X 10_15_7) AppleWebKit/605.1.15 (KHTML, like Gecko) Version/18.0 Safari/605.1.15"
45.148.234.211 - - [06/Aug/2026:18:13:31 +0000] "GET /wp-admin/admin-ajax.php?action=mk_file_folder_manager&_wpnonce=5895a90a3f&networkhref=&cmd=tree&target=l1_d3AtaW5jbHVkZXM&reqid=082ef86518c9aa10c316b353c3dd HTTP/2" 200 768 "-" "Mozilla/5.0 (Windows NT 10.0; Win64; x64; rv:133.0) Gecko/20100101 Firefox/133.0"
146.19.44.198 - - [06/Aug/2026:18:13:32 +0000] "GET /wp-admin/admin-ajax.php?action=mk_file_folder_manager&_wpnonce=4f37e94a2e&networkhref=&cmd=tree&target=l1_d3AtaW5jbHVkZXM&reqid=29b52b873cefe760182583f7b8ae HTTP/2" 200 768 "-" "Mozilla/5.0 (Macintosh; Intel Mac OS X 10_15_7) AppleWebKit/605.1.15 (KHTML, like Gecko) Version/18.0 Safari/605.1.15"
45.148.234.211 - - [06/Aug/2026:18:13:33 +0000] "GET /wp-admin/admin-ajax.php?action=mk_file_folder_manager&_wpnonce=5895a90a3f&networkhref=&cmd=mkfile&name=bottom-1786040013.php&target=l1_d3AtY29udGVudC91cGxvYWRz&reqid=93e19aa930f80c1de23883c6d989 HTTP/2" 200 222 "-" "Mozilla/5.0 (Windows NT 10.0; Win64; x64; rv:133.0) Gecko/20100101 Firefox/133.0"
122.8.47.193 - - [06/Aug/2026:18:07:25 +0000] "POST /wp-admin/admin-ajax.php HTTP/2" 403 5137 "https://shreeganeshengsol.usas.in/wp-admin/admin-ajax.php" "Mozilla/5.0 (Windows NT 10.0; Win64; x64) AppleWebKit/537.36 (KHTML, like Gecko) Chrome/124.0.0.0 Safari/537.36"
122.8.47.193 - - [06/Aug/2026:18:07:26 +0000] "POST /wp-admin/admin-ajax.php HTTP/2" 403 5137 "https://shreeganeshengsol.usas.in/wp-admin/admin-ajax.php" "Mozilla/5.0 (Windows NT 10.0; Win64; x64) AppleWebKit/537.36 (KHTML, like Gecko) Chrome/124.0.0.0 Safari/537.36"
122.8.47.193 - - [06/Aug/2026:18:07:27 +0000] "POST /wp-admin/admin-ajax.php HTTP/2" 403 5137 "https://shreeganeshengsol.usas.in/wp-admin/admin-ajax.php" "Mozilla/5.0 (Windows NT 10.0; Win64; x64) AppleWebKit/537.36 (KHTML, like Gecko) Chrome/124.0.0.0 Safari/537.36"
122.8.47.193 - - [06/Aug/2026:18:07:27 +0000] "POST /wp-admin/admin-ajax.php HTTP/2" 403 5137 "https://shreeganeshengsol.usas.in/wp-admin/admin-ajax.php" "Mozilla/5.0 (Windows NT 10.0; Win64; x64) AppleWebKit/537.36 (KHTML, like Gecko) Chrome/124.0.0.0 Safari/537.36"
122.8.47.193 - - [06/Aug/2026:18:07:27 +0000] "POST /wp-admin/admin-ajax.php HTTP/2" 403 5137 "https://shreeganeshengsol.usas.in/wp-admin/admin-ajax.php" "Mozilla/5.0 (Windows NT 10.0; Win64; x64) AppleWebKit/537.36 (KHTML, like Gecko) Chrome/124.0.0.0 Safari/537.36"
192.250.235.43 - - [06/Aug/2026:18:07:24 +0000] "GET / HTTP/1.1" 200 0 "-" "-"
122.8.47.193 - - [06/Aug/2026:18:07:30 +0000] "GET /wp-admin/plugins.php HTTP/2" 200 57618 "-" "Mozilla/5.0 (Windows NT 10.0; Win64; x64) AppleWebKit/537.36 (KHTML, like Gecko) Chrome/124.0.0.0 Safari/537.36"
192.250.235.43 - - [06/Aug/2026:18:07:48 +0000] "POST /wp-cron.php?doing_wp_cron=1786039668.2922239303588867187500 HTTP/1.1" 200 0 "-" "WordPress/7.0.2; https://shreeganeshengsol.usas.in"
122.8.47.193 - - [06/Aug/2026:18:07:41 +0000] "POST /wp-admin/admin-ajax.php HTTP/2" 200 89 "https://shreeganeshengsol.usas.in/wp-admin/admin-ajax.php" "Mozilla/5.0 (Windows NT 10.0; Win64; x64) AppleWebKit/537.36 (KHTML, like Gecko) Chrome/124.0.0.0 Safari/537.36"
178.20.28.29 - - [06/Aug/2026:18:08:11 +0000] "GET /wp-admin/admin-ajax.php?action=rest-nonce HTTP/2" 400 7 "-" "Mozilla/5.0 (Windows NT 10.0; Win64; x64; rv:133.0) Gecko/20100101 Firefox/133.0"
192.250.235.43 - - [06/Aug/2026:18:08:30 +0000] "POST /wp-cron.php?doing_wp_cron=1786039710.7091128826141357421875 HTTP/1.1" 200 0 "-" "WordPress/7.0.2; https://shreeganeshengsol.usas.in"
192.250.235.43 - - [06/Aug/2026:18:09:36 +0000] "GET / HTTP/1.1" 200 0 "-" "-"
192.250.235.43 - - [06/Aug/2026:18:10:41 +0000] "GET / HTTP/1.1" 200 0 "-" "-"
146.19.44.198 - - [06/Aug/2026:18:12:10 +0000] "GET /wp-admin/admin-ajax.php?action=rest-nonce HTTP/2" 400 7 "-" "Mozilla/5.0 (Macintosh; Intel Mac OS X 10_15_7) AppleWebKit/605.1.15 (KHTML, like Gecko) Version/18.0 Safari/605.1.15"
45.148.234.211 - - [06/Aug/2026:18:12:38 +0000] "GET /wp-admin/admin-ajax.php?action=rest-nonce HTTP/2" 400 7 "-" "Mozilla/5.0 (Windows NT 10.0; Win64; x64; rv:133.0) Gecko/20100101 Firefox/133.0"
192.250.235.43 - - [06/Aug/2026:18:13:25 +0000] "POST /wp-cron.php?doing_wp_cron=1786040005.2804110050201416015625 HTTP/1.1" 200 0 "-" "WordPress/7.0.2; https://shreeganeshengsol.usas.in"
192.250.235.43 - - [06/Aug/2026:18:13:28 +0000] "POST /wp-cron.php?doing_wp_cron=1786040008.3577189445495605468750 HTTP/1.1" 200 0 "-" "WordPress/7.0.2; https://shreeganeshengsol.usas.in"
157.22.46.211 - - [06/Aug/2026:18:13:45 +0000] "GET /wp-login.php?wp_lang=en_US HTTP/2" 200 2560 "-" "Mozilla/5.0 (Macintosh; Intel Mac OS X 10_15_7) AppleWebKit/605.1.15 (KHTML, like Gecko) Version/18.0 Safari/605.1.15"
157.22.46.211 - - [06/Aug/2026:18:13:47 +0000] "POST /wp-login.php HTTP/2" 302 6 "https://shreeganeshengsol.usas.in/wp-login.php" "Mozilla/5.0 (Macintosh; Intel Mac OS X 10_15_7) AppleWebKit/605.1.15 (KHTML, like Gecko) Version/18.0 Safari/605.1.15"
157.22.46.211 - - [06/Aug/2026:18:13:49 +0000] "GET /wp-admin/ HTTP/2" 200 50583 "https://shreeganeshengsol.usas.in/wp-login.php" "Mozilla/5.0 (Macintosh; Intel Mac OS X 10_15_7) AppleWebKit/605.1.15 (KHTML, like Gecko) Version/18.0 Safari/605.1.15"
192.250.235.43 - - [06/Aug/2026:18:13:50 +0000] "GET / HTTP/1.1" 200 215722 "-" "-"
157.22.46.211 - - [06/Aug/2026:18:13:56 +0000] "GET /wp-admin/ HTTP/2" 200 50466 "-" "Mozilla/5.0 (Macintosh; Intel Mac OS X 10_15_7) AppleWebKit/605.1.15 (KHTML, like Gecko) Version/18.0 Safari/605.1.15"
157.22.46.211 - - [06/Aug/2026:18:13:59 +0000] "GET /wp-admin/admin-ajax.php?action=rest-nonce HTTP/2" 400 7 "-" "Mozilla/5.0 (Macintosh; Intel Mac OS X 10_15_7) AppleWebKit/605.1.15 (KHTML, like Gecko) Version/18.0 Safari/605.1.15"
157.22.46.211 - - [06/Aug/2026:18:14:03 +0000] "GET /wp-admin/plugins.php HTTP/2" 200 57600 "-" "Mozilla/5.0 (Macintosh; Intel Mac OS X 10_15_7) AppleWebKit/605.1.15 (KHTML, like Gecko) Version/18.0 Safari/605.1.15"
157.22.46.211 - - [06/Aug/2026:18:14:05 +0000] "GET /wp-admin/plugin-install.php HTTP/2" 200 39196 "-" "Mozilla/5.0 (Macintosh; Intel Mac OS X 10_15_7) AppleWebKit/605.1.15 (KHTML, like Gecko) Version/18.0 Safari/605.1.15"
157.22.46.211 - - [06/Aug/2026:18:14:09 +0000] "POST /wp-admin/update.php?action=upload-plugin HTTP/2" 403 1242 "https://shreeganeshengsol.usas.in/wp-admin/update.php?action=upload-plugin" "Mozilla/5.0 (Macintosh; Intel Mac OS X 10_15_7) AppleWebKit/605.1.15 (KHTML, like Gecko) Version/18.0 Safari/605.1.15"
157.22.46.211 - - [06/Aug/2026:18:14:11 +0000] "GET /wp-admin/themes.php HTTP/2" 200 37354 "-" "Mozilla/5.0 (Macintosh; Intel Mac OS X 10_15_7) AppleWebKit/605.1.15 (KHTML, like Gecko) Version/18.0 Safari/605.1.15"
157.22.46.211 - - [06/Aug/2026:18:14:13 +0000] "GET /wp-admin/theme-install.php?browse=popular HTTP/2" 200 36152 "-" "Mozilla/5.0 (Macintosh; Intel Mac OS X 10_15_7) AppleWebKit/605.1.15 (KHTML, like Gecko) Version/18.0 Safari/605.1.15"
157.22.46.211 - - [06/Aug/2026:18:14:15 +0000] "POST /wp-admin/update.php?action=upload-theme HTTP/2" 403 1242 "https://shreeganeshengsol.usas.in/wp-admin/update.php?action=upload-theme" "Mozilla/5.0 (Macintosh; Intel Mac OS X 10_15_7) AppleWebKit/605.1.15 (KHTML, like Gecko) Version/18.0 Safari/605.1.15"
157.22.46.211 - - [06/Aug/2026:18:14:15 +0000] "GET /wp-admin/admin.php?page=wp_file_manager HTTP/2" 403 989 "-" "Mozilla/5.0 (Macintosh; Intel Mac OS X 10_15_7) AppleWebKit/605.1.15 (KHTML, like Gecko) Version/18.0 Safari/605.1.15"
157.22.46.211 - - [06/Aug/2026:18:14:17 +0000] "GET /wp-admin/admin.php?page=wp_file_manager HTTP/2" 403 989 "-" "Mozilla/5.0 (Macintosh; Intel Mac OS X 10_15_7) AppleWebKit/605.1.15 (KHTML, like Gecko) Version/18.0 Safari/605.1.15"
157.22.46.211 - - [06/Aug/2026:18:14:18 +0000] "GET /wp-admin/admin.php?page=wp_file_manager HTTP/2" 403 989 "-" "Mozilla/5.0 (Macintosh; Intel Mac OS X 10_15_7) AppleWebKit/605.1.15 (KHTML, like Gecko) Version/18.0 Safari/605.1.15"
157.22.46.211 - - [06/Aug/2026:18:14:19 +0000] "GET /wp-admin/admin.php?page=wp_file_manager HTTP/2" 403 989 "-" "Mozilla/5.0 (Macintosh; Intel Mac OS X 10_15_7) AppleWebKit/605.1.15 (KHTML, like Gecko) Version/18.0 Safari/605.1.15"
157.22.46.211 - - [06/Aug/2026:18:14:20 +0000] "GET /wp-admin/admin.php?page=wp_file_manager HTTP/2" 403 989 "-" "Mozilla/5.0 (Macintosh; Intel Mac OS X 10_15_7) AppleWebKit/605.1.15 (KHTML, like Gecko) Version/18.0 Safari/605.1.15"
157.22.46.211 - - [06/Aug/2026:18:14:21 +0000] "GET /wp-admin/plugins.php HTTP/2" 200 57080 "-" "Mozilla/5.0 (Macintosh; Intel Mac OS X 10_15_7) AppleWebKit/605.1.15 (KHTML, like Gecko) Version/18.0 Safari/605.1.15"
157.22.46.211 - - [06/Aug/2026:18:14:23 +0000] "POST /wp-admin/admin-ajax.php HTTP/2" 200 191 "https://shreeganeshengsol.usas.in/wp-admin/admin-ajax.php" "Mozilla/5.0 (Macintosh; Intel Mac OS X 10_15_7) AppleWebKit/605.1.15 (KHTML, like Gecko) Version/18.0 Safari/605.1.15"
157.22.46.211 - - [06/Aug/2026:18:14:31 +0000] "GET /wp-admin/plugins.php?_wpnonce=a34022124f&action=activate&plugin=wp-file-manager/file_folder_manager.php HTTP/2" 302 6 "-" "Mozilla/5.0 (Macintosh; Intel Mac OS X 10_15_7) AppleWebKit/605.1.15 (KHTML, like Gecko) Version/18.0 Safari/605.1.15"
157.22.46.211 - - [06/Aug/2026:18:14:33 +0000] "GET /wp-admin/plugins.php?activate=true&plugin_status=all&paged=1&s= HTTP/2" 200 57676 "-" "Mozilla/5.0 (Macintosh; Intel Mac OS X 10_15_7) AppleWebKit/605.1.15 (KHTML, like Gecko) Version/18.0 Safari/605.1.15"
157.22.46.211 - - [06/Aug/2026:18:14:34 +0000] "GET /wp-admin/admin.php?page=wp_file_manager HTTP/2" 200 35027 "-" "Mozilla/5.0 (Macintosh; Intel Mac OS X 10_15_7) AppleWebKit/605.1.15 (KHTML, like Gecko) Version/18.0 Safari/605.1.15"
157.22.46.211 - - [06/Aug/2026:18:14:36 +0000] "GET /wp-admin/admin-ajax.php?action=mk_file_folder_manager&_wpnonce=46ab478f23&networkhref=&cmd=tree&target=l1_Lw&reqid=790de79ebc260e1ff789bb81fffd HTTP/2" 200 791 "-" "Mozilla/5.0 (Macintosh; Intel Mac OS X 10_15_7) AppleWebKit/605.1.15 (KHTML, like Gecko) Version/18.0 Safari/605.1.15"
157.22.46.211 - - [06/Aug/2026:18:14:38 +0000] "GET /wp-admin/admin-ajax.php?action=mk_file_folder_manager&_wpnonce=46ab478f23&networkhref=&cmd=tree&target=l1_LndlbGwta25vd24&reqid=0d3d0a97a9b91970faf8ca1a1ce4 HTTP/2" 200 196 "-" "Mozilla/5.0 (Macintosh; Intel Mac OS X 10_15_7) AppleWebKit/605.1.15 (KHTML, like Gecko) Version/18.0 Safari/605.1.15"
157.22.46.211 - - [06/Aug/2026:18:14:39 +0000] "GET /wp-admin/admin-ajax.php?action=mk_file_folder_manager&_wpnonce=46ab478f23&networkhref=&cmd=tree&target=l1_Y2dpLWJpbg&reqid=12a23f7aafaffd142374ac43afa0 HTTP/2" 200 164 "-" "Mozilla/5.0 (Macintosh; Intel Mac OS X 10_15_7) AppleWebKit/605.1.15 (KHTML, like Gecko) Version/18.0 Safari/605.1.15"
157.22.46.211 - - [06/Aug/2026:18:14:40 +0000] "GET /wp-admin/admin-ajax.php?action=mk_file_folder_manager&_wpnonce=46ab478f23&networkhref=&cmd=tree&target=l1_d3AtYWRtaW4&reqid=b077e957e4beec3325bdd0a77f07 HTTP/2" 200 274 "-" "Mozilla/5.0 (Macintosh; Intel Mac OS X 10_15_7) AppleWebKit/605.1.15 (KHTML, like Gecko) Version/18.0 Safari/605.1.15"
157.22.46.211 - - [06/Aug/2026:18:14:41 +0000] "GET /wp-admin/admin-ajax.php?action=mk_file_folder_manager&_wpnonce=46ab478f23&networkhref=&cmd=tree&target=l1_d3AtY29udGVudA&reqid=4f4e237b4de0be44c93b0b46e135 HTTP/2" 200 455 "-" "Mozilla/5.0 (Macintosh; Intel Mac OS X 10_15_7) AppleWebKit/605.1.15 (KHTML, like Gecko) Version/18.0 Safari/605.1.15"
157.22.46.211 - - [06/Aug/2026:18:14:42 +0000] "GET /wp-admin/admin-ajax.php?action=mk_file_folder_manager&_wpnonce=46ab478f23&networkhref=&cmd=tree&target=l1_d3AtaW5jbHVkZXM&reqid=0ac29370bcc951ed81a405de5381 HTTP/2" 200 767 "-" "Mozilla/5.0 (Macintosh; Intel Mac OS X 10_15_7) AppleWebKit/605.1.15 (KHTML, like Gecko) Version/18.0 Safari/605.1.15"
157.22.46.211 - - [06/Aug/2026:18:14:43 +0000] "GET /wp-admin/admin-ajax.php?action=mk_file_folder_manager&_wpnonce=46ab478f23&networkhref=&cmd=mkfile&name=front-page-template-1786040083.php&target=l1_d3AtY29udGVudC91cGdyYWRl&reqid=9551a724e87b5be6763b449be8e1 HTTP/2" 200 236 "-" "Mozilla/5.0 (Macintosh; Intel Mac OS X 10_15_7) AppleWebKit/605.1.15 (KHTML, like Gecko) Version/18.0 Safari/605.1.15"
157.22.46.211 - - [06/Aug/2026:18:14:45 +0000] "POST /wp-admin/admin-ajax.php HTTP/2" 403 1242 "https://shreeganeshengsol.usas.in/wp-admin/admin-ajax.php" "Mozilla/5.0 (Macintosh; Intel Mac OS X 10_15_7) AppleWebKit/605.1.15 (KHTML, like Gecko) Version/18.0 Safari/605.1.15"
157.22.46.211 - - [06/Aug/2026:18:14:45 +0000] "POST /wp-admin/admin-ajax.php HTTP/2" 403 1242 "https://shreeganeshengsol.usas.in/wp-admin/admin-ajax.php" "Mozilla/5.0 (Macintosh; Intel Mac OS X 10_15_7) AppleWebKit/605.1.15 (KHTML, like Gecko) Version/18.0 Safari/605.1.15"
157.22.46.211 - - [06/Aug/2026:18:14:46 +0000] "POST /wp-admin/admin-ajax.php HTTP/2" 403 1242 "https://shreeganeshengsol.usas.in/wp-admin/admin-ajax.php" "Mozilla/5.0 (Macintosh; Intel Mac OS X 10_15_7) AppleWebKit/605.1.15 (KHTML, like Gecko) Version/18.0 Safari/605.1.15"
146.19.44.198 - - [06/Aug/2026:18:13:34 +0000] "GET /wp-admin/admin-ajax.php?action=mk_file_folder_manager&_wpnonce=4f37e94a2e&networkhref=&cmd=mkfile&name=config.1786040014.php&target=l1_d3AtY29udGVudC9wbHVnaW5z&reqid=4cefe6b04b5e7338d54c30e7c824 HTTP/2" 200 219 "-" "Mozilla/5.0 (Macintosh; Intel Mac OS X 10_15_7) AppleWebKit/605.1.15 (KHTML, like Gecko) Version/18.0 Safari/605.1.15"
45.148.234.211 - - [06/Aug/2026:18:13:36 +0000] "POST /wp-admin/admin-ajax.php HTTP/2" 403 5137 "https://shreeganeshengsol.usas.in/wp-admin/admin-ajax.php" "Mozilla/5.0 (Windows NT 10.0; Win64; x64; rv:133.0) Gecko/20100101 Firefox/133.0"
146.19.44.198 - - [06/Aug/2026:18:13:36 +0000] "POST /wp-admin/admin-ajax.php HTTP/2" 403 1242 "https://shreeganeshengsol.usas.in/wp-admin/admin-ajax.php" "Mozilla/5.0 (Macintosh; Intel Mac OS X 10_15_7) AppleWebKit/605.1.15 (KHTML, like Gecko) Version/18.0 Safari/605.1.15"
45.148.234.211 - - [06/Aug/2026:18:13:37 +0000] "POST /wp-admin/admin-ajax.php HTTP/2" 403 5137 "https://shreeganeshengsol.usas.in/wp-admin/admin-ajax.php" "Mozilla/5.0 (Windows NT 10.0; Win64; x64; rv:133.0) Gecko/20100101 Firefox/133.0"
45.148.234.211 - - [06/Aug/2026:18:13:37 +0000] "POST /wp-admin/admin-ajax.php HTTP/2" 403 5137 "https://shreeganeshengsol.usas.in/wp-admin/admin-ajax.php" "Mozilla/5.0 (Windows NT 10.0; Win64; x64; rv:133.0) Gecko/20100101 Firefox/133.0"
146.19.44.198 - - [06/Aug/2026:18:13:37 +0000] "POST /wp-admin/admin-ajax.php HTTP/2" 403 1242 "https://shreeganeshengsol.usas.in/wp-admin/admin-ajax.php" "Mozilla/5.0 (Macintosh; Intel Mac OS X 10_15_7) AppleWebKit/605.1.15 (KHTML, like Gecko) Version/18.0 Safari/605.1.15"
146.19.44.198 - - [06/Aug/2026:18:13:37 +0000] "POST /wp-admin/admin-ajax.php HTTP/2" 403 1242 "https://shreeganeshengsol.usas.in/wp-admin/admin-ajax.php" "Mozilla/5.0 (Macintosh; Intel Mac OS X 10_15_7) AppleWebKit/605.1.15 (KHTML, like Gecko) Version/18.0 Safari/605.1.15"
45.148.234.211 - - [06/Aug/2026:18:13:38 +0000] "POST /wp-admin/admin-ajax.php HTTP/2" 403 5135 "https://shreeganeshengsol.usas.in/wp-admin/admin-ajax.php" "Mozilla/5.0 (Windows NT 10.0; Win64; x64; rv:133.0) Gecko/20100101 Firefox/133.0"
45.148.234.211 - - [06/Aug/2026:18:13:38 +0000] "POST /wp-admin/admin-ajax.php HTTP/2" 403 5135 "https://shreeganeshengsol.usas.in/wp-admin/admin-ajax.php" "Mozilla/5.0 (Windows NT 10.0; Win64; x64; rv:133.0) Gecko/20100101 Firefox/133.0"
146.19.44.198 - - [06/Aug/2026:18:13:38 +0000] "POST /wp-admin/admin-ajax.php HTTP/2" 403 1242 "https://shreeganeshengsol.usas.in/wp-admin/admin-ajax.php" "Mozilla/5.0 (Macintosh; Intel Mac OS X 10_15_7) AppleWebKit/605.1.15 (KHTML, like Gecko) Version/18.0 Safari/605.1.15"
146.19.44.198 - - [06/Aug/2026:18:13:38 +0000] "POST /wp-admin/admin-ajax.php HTTP/2" 403 1242 "https://shreeganeshengsol.usas.in/wp-admin/admin-ajax.php" "Mozilla/5.0 (Macintosh; Intel Mac OS X 10_15_7) AppleWebKit/605.1.15 (KHTML, like Gecko) Version/18.0 Safari/605.1.15"
146.19.44.198 - - [06/Aug/2026:18:13:39 +0000] "GET /wp-admin/plugins.php HTTP/2" 200 57376 "-" "Mozilla/5.0 (Macintosh; Intel Mac OS X 10_15_7) AppleWebKit/605.1.15 (KHTML, like Gecko) Version/18.0 Safari/605.1.15"
146.19.44.198 - - [06/Aug/2026:18:13:41 +0000] "POST /wp-admin/admin-ajax.php HTTP/2" 200 89 "https://shreeganeshengsol.usas.in/wp-admin/admin-ajax.php" "Mozilla/5.0 (Macintosh; Intel Mac OS X 10_15_7) AppleWebKit/605.1.15 (KHTML, like Gecko) Version/18.0 Safari/605.1.15"
192.250.235.43 - - [06/Aug/2026:18:14:30 +0000] "POST /wp-cron.php?doing_wp_cron=1786040070.8084959983825683593750 HTTP/1.1" 200 0 "-" "WordPress/7.0.2; https://shreeganeshengsol.usas.in"
192.250.235.43 - - [06/Aug/2026:18:14:50 +0000] "GET / HTTP/1.1" 200 215722 "-" "-"
192.250.235.43 - - [06/Aug/2026:18:15:55 +0000] "POST /wp-cron.php?doing_wp_cron=1786040155.2050631046295166015625 HTTP/1.1" 200 0 "-" "WordPress/7.0.2; https://shreeganeshengsol.usas.in"
192.250.235.43 - - [06/Aug/2026:18:15:51 +0000] "GET / HTTP/1.1" 200 215722 "-" "-"
157.22.46.211 - - [06/Aug/2026:18:14:47 +0000] "POST /wp-admin/admin-ajax.php HTTP/2" 403 1242 "https://shreeganeshengsol.usas.in/wp-admin/admin-ajax.php" "Mozilla/5.0 (Macintosh; Intel Mac OS X 10_15_7) AppleWebKit/605.1.15 (KHTML, like Gecko) Version/18.0 Safari/605.1.15"
157.22.46.211 - - [06/Aug/2026:18:14:47 +0000] "POST /wp-admin/admin-ajax.php HTTP/2" 403 1242 "https://shreeganeshengsol.usas.in/wp-admin/admin-ajax.php" "Mozilla/5.0 (Macintosh; Intel Mac OS X 10_15_7) AppleWebKit/605.1.15 (KHTML, like Gecko) Version/18.0 Safari/605.1.15"
157.22.46.211 - - [06/Aug/2026:18:14:48 +0000] "GET /wp-admin/plugins.php HTTP/2" 200 57813 "-" "Mozilla/5.0 (Macintosh; Intel Mac OS X 10_15_7) AppleWebKit/605.1.15 (KHTML, like Gecko) Version/18.0 Safari/605.1.15"
157.22.46.211 - - [06/Aug/2026:18:14:49 +0000] "POST /wp-admin/admin-ajax.php HTTP/2" 200 89 "https://shreeganeshengsol.usas.in/wp-admin/admin-ajax.php" "Mozilla/5.0 (Macintosh; Intel Mac OS X 10_15_7) AppleWebKit/605.1.15 (KHTML, like Gecko) Version/18.0 Safari/605.1.15"
192.250.235.43 - - [06/Aug/2026:18:15:53 +0000] "POST /wp-cron.php?doing_wp_cron=1786040152.9109160900115966796875 HTTP/1.1" 200 0 "-" "WordPress/7.0.2; https://shreeganeshengsol.usas.in"
192.250.235.43 - - [06/Aug/2026:18:17:58 +0000] "POST /wp-cron.php?doing_wp_cron=1786040278.6843509674072265625000 HTTP/1.1" 200 0 "-" "WordPress/7.0.2; https://shreeganeshengsol.usas.in"
192.250.235.43 - - [06/Aug/2026:18:18:56 +0000] "GET / HTTP/1.1" 200 215722 "-" "-"
192.250.235.43 - - [06/Aug/2026:18:16:54 +0000] "POST /wp-cron.php?doing_wp_cron=1786040214.2748401165008544921875 HTTP/1.1" 200 0 "-" "WordPress/7.0.2; https://shreeganeshengsol.usas.in"
192.250.235.43 - - [06/Aug/2026:18:16:52 +0000] "GET / HTTP/1.1" 200 215722 "-" "-"
192.250.235.43 - - [06/Aug/2026:18:17:55 +0000] "GET / HTTP/1.1" 200 215722 "-" "-"
192.250.235.43 - - [06/Aug/2026:18:18:59 +0000] "POST /wp-cron.php?doing_wp_cron=1786040338.9320690631866455078125 HTTP/1.1" 200 0 "-" "WordPress/7.0.2; https://shreeganeshengsol.usas.in"
192.250.235.43 - - [06/Aug/2026:18:20:00 +0000] "POST /wp-cron.php?doing_wp_cron=1786040400.0733199119567871093750 HTTP/1.1" 200 0 "-" "WordPress/7.0.2; https://shreeganeshengsol.usas.in"
192.250.235.43 - - [06/Aug/2026:18:19:57 +0000] "GET / HTTP/1.1" 200 215722 "-" "-"
192.250.235.43 - - [06/Aug/2026:18:24:06 +0000] "POST /wp-cron.php?doing_wp_cron=1786040646.4350540637969970703125 HTTP/1.1" 200 0 "-" "WordPress/7.0.2; https://shreeganeshengsol.usas.in"
192.250.235.43 - - [06/Aug/2026:18:28:11 +0000] "POST /wp-cron.php?doing_wp_cron=1786040891.6616449356079101562500 HTTP/1.1" 200 0 "-" "WordPress/7.0.2; https://shreeganeshengsol.usas.in"
192.250.235.43 - - [06/Aug/2026:18:29:09 +0000] "GET / HTTP/1.1" 200 215722 "-" "-"
192.250.235.43 - - [06/Aug/2026:18:30:13 +0000] "POST /wp-cron.php?doing_wp_cron=1786041012.9209070205688476562500 HTTP/1.1" 200 0 "-" "WordPress/7.0.2; https://shreeganeshengsol.usas.in"
192.250.235.43 - - [06/Aug/2026:18:31:14 +0000] "GET / HTTP/1.1" 200 212788 "-" "-"
192.250.235.43 - - [06/Aug/2026:18:32:17 +0000] "POST /wp-cron.php?doing_wp_cron=1786041137.7677929401397705078125 HTTP/1.1" 200 0 "-" "WordPress/7.0.2; https://shreeganeshengsol.usas.in"
192.250.235.43 - - [06/Aug/2026:18:33:16 +0000] "GET / HTTP/1.1" 200 212788 "-" "-"
192.250.235.43 - - [06/Aug/2026:18:34:20 +0000] "POST /wp-cron.php?doing_wp_cron=1786041259.8331940174102783203125 HTTP/1.1" 200 0 "-" "WordPress/7.0.2; https://shreeganeshengsol.usas.in"
192.250.235.43 - - [06/Aug/2026:18:35:18 +0000] "GET / HTTP/1.1" 200 212788 "-" "-"
192.250.235.43 - - [06/Aug/2026:18:21:00 +0000] "POST /wp-cron.php?doing_wp_cron=1786040460.6172559261322021484375 HTTP/1.1" 200 0 "-" "WordPress/7.0.2; https://shreeganeshengsol.usas.in"
192.250.235.43 - - [06/Aug/2026:18:20:58 +0000] "GET / HTTP/1.1" 200 215722 "-" "-"
192.250.235.43 - - [06/Aug/2026:18:22:02 +0000] "POST /wp-cron.php?doing_wp_cron=1786040521.7677810192108154296875 HTTP/1.1" 200 0 "-" "WordPress/7.0.2; https://shreeganeshengsol.usas.in"
192.250.235.43 - - [06/Aug/2026:18:21:59 +0000] "GET / HTTP/1.1" 200 215722 "-" "-"
192.250.235.43 - - [06/Aug/2026:18:23:02 +0000] "POST /wp-cron.php?doing_wp_cron=1786040582.6045649051666259765625 HTTP/1.1" 200 0 "-" "WordPress/7.0.2; https://shreeganeshengsol.usas.in"
192.250.235.43 - - [06/Aug/2026:18:23:00 +0000] "GET / HTTP/1.1" 200 215722 "-" "-"
192.250.235.43 - - [06/Aug/2026:18:24:04 +0000] "GET / HTTP/1.1" 200 215722 "-" "-"
192.250.235.43 - - [06/Aug/2026:18:25:08 +0000] "POST /wp-cron.php?doing_wp_cron=1786040707.7028160095214843750000 HTTP/1.1" 200 0 "-" "WordPress/7.0.2; https://shreeganeshengsol.usas.in"
192.250.235.43 - - [06/Aug/2026:18:25:05 +0000] "GET / HTTP/1.1" 200 215722 "-" "-"
192.250.235.43 - - [06/Aug/2026:18:26:09 +0000] "POST /wp-cron.php?doing_wp_cron=1786040768.7913269996643066406250 HTTP/1.1" 200 0 "-" "WordPress/7.0.2; https://shreeganeshengsol.usas.in"
192.250.235.43 - - [06/Aug/2026:18:26:06 +0000] "GET / HTTP/1.1" 200 215722 "-" "-"
192.250.235.43 - - [06/Aug/2026:18:27:09 +0000] "POST /wp-cron.php?doing_wp_cron=1786040829.5800700187683105468750 HTTP/1.1" 200 0 "-" "WordPress/7.0.2; https://shreeganeshengsol.usas.in"
192.250.235.43 - - [06/Aug/2026:18:27:07 +0000] "GET / HTTP/1.1" 200 215722 "-" "-"
192.250.235.43 - - [06/Aug/2026:18:28:08 +0000] "GET / HTTP/1.1" 200 215722 "-" "-"
192.250.235.43 - - [06/Aug/2026:18:29:11 +0000] "POST /wp-cron.php?doing_wp_cron=1786040951.4633541107177734375000 HTTP/1.1" 200 0 "-" "WordPress/7.0.2; https://shreeganeshengsol.usas.in"
192.250.235.43 - - [06/Aug/2026:18:30:10 +0000] "GET / HTTP/1.1" 200 212788 "-" "-"
192.250.235.43 - - [06/Aug/2026:18:31:17 +0000] "POST /wp-cron.php?doing_wp_cron=1786041077.0253009796142578125000 HTTP/1.1" 200 0 "-" "WordPress/7.0.2; https://shreeganeshengsol.usas.in"
192.250.235.43 - - [06/Aug/2026:18:32:15 +0000] "GET / HTTP/1.1" 200 212788 "-" "-"
192.250.235.43 - - [06/Aug/2026:18:33:19 +0000] "POST /wp-cron.php?doing_wp_cron=1786041198.9606420993804931640625 HTTP/1.1" 200 0 "-" "WordPress/7.0.2; https://shreeganeshengsol.usas.in"
192.250.235.43 - - [06/Aug/2026:18:34:17 +0000] "GET / HTTP/1.1" 200 212788 "-" "-"
192.250.235.43 - - [06/Aug/2026:18:35:21 +0000] "POST /wp-cron.php?doing_wp_cron=1786041321.3600618839263916015625 HTTP/1.1" 200 0 "-" "WordPress/7.0.2; https://shreeganeshengsol.usas.in"
192.250.235.43 - - [06/Aug/2026:18:36:22 +0000] "POST /wp-cron.php?doing_wp_cron=1786041382.3047690391540527343750 HTTP/1.1" 200 0 "-" "WordPress/7.0.2; https://shreeganeshengsol.usas.in"
192.250.235.43 - - [06/Aug/2026:18:36:20 +0000] "GET / HTTP/1.1" 200 212788 "-" "-"
192.250.235.43 - - [06/Aug/2026:18:37:21 +0000] "GET / HTTP/1.1" 200 212788 "-" "-"
192.250.235.43 - - [06/Aug/2026:18:38:24 +0000] "POST /wp-cron.php?doing_wp_cron=1786041504.0381100177764892578125 HTTP/1.1" 200 0 "-" "WordPress/7.0.2; https://shreeganeshengsol.usas.in"
192.250.235.43 - - [06/Aug/2026:18:38:22 +0000] "GET / HTTP/1.1" 200 212788 "-" "-"
192.250.235.43 - - [06/Aug/2026:18:39:23 +0000] "GET / HTTP/1.1" 200 212788 "-" "-"
192.250.235.43 - - [06/Aug/2026:18:40:26 +0000] "POST /wp-cron.php?doing_wp_cron=1786041626.0274240970611572265625 HTTP/1.1" 200 0 "-" "WordPress/7.0.2; https://shreeganeshengsol.usas.in"
192.250.235.43 - - [06/Aug/2026:18:40:24 +0000] "GET / HTTP/1.1" 200 212788 "-" "-"
192.250.235.43 - - [06/Aug/2026:18:41:27 +0000] "POST /wp-cron.php?doing_wp_cron=1786041687.2405478954315185546875 HTTP/1.1" 200 0 "-" "WordPress/7.0.2; https://shreeganeshengsol.usas.in"
192.250.235.43 - - [06/Aug/2026:18:41:25 +0000] "GET / HTTP/1.1" 200 212788 "-" "-"
192.250.235.43 - - [06/Aug/2026:18:42:28 +0000] "POST /wp-cron.php?doing_wp_cron=1786041748.0539419651031494140625 HTTP/1.1" 200 0 "-" "WordPress/7.0.2; https://shreeganeshengsol.usas.in"
192.250.235.43 - - [06/Aug/2026:18:42:26 +0000] "GET / HTTP/1.1" 200 212788 "-" "-"
192.250.235.43 - - [06/Aug/2026:18:43:29 +0000] "POST /wp-cron.php?doing_wp_cron=1786041809.5054590702056884765625 HTTP/1.1" 200 0 "-" "WordPress/7.0.2; https://shreeganeshengsol.usas.in"
192.250.235.43 - - [06/Aug/2026:18:43:27 +0000] "GET / HTTP/1.1" 200 212788 "-" "-"
192.250.235.43 - - [06/Aug/2026:18:45:30 +0000] "POST /wp-cron.php?doing_wp_cron=1786041930.7001550197601318359375 HTTP/1.1" 200 0 "-" "WordPress/7.0.2; https://shreeganeshengsol.usas.in"
192.250.235.43 - - [06/Aug/2026:18:45:28 +0000] "GET / HTTP/1.1" 200 212788 "-" "-"
192.250.235.43 - - [06/Aug/2026:18:46:32 +0000] "POST /wp-cron.php?doing_wp_cron=1786041991.9491200447082519531250 HTTP/1.1" 200 0 "-" "WordPress/7.0.2; https://shreeganeshengsol.usas.in"
